{"id":1883,"date":"2016-11-16T11:56:34","date_gmt":"2016-11-16T11:56:34","guid":{"rendered":"http:\/\/sites.unica.it\/video4teachers\/?page_id=1883"},"modified":"2016-11-29T11:06:43","modified_gmt":"2016-11-29T11:06:43","slug":"chi-siamo","status":"publish","type":"page","link":"https:\/\/sites.unica.it\/video4teachers\/chi-siamo\/","title":{"rendered":"Chi siamo"},"content":{"rendered":"<p>Su queste tematiche, a seguito delle attivit\u00e0 che hanno preso avvio nel giugno del 2016, si \u00e8 costituito un gruppo di ricerca internazionale con il seguente Comitato scientifico:<\/p>\n<ul>\n<li>Marguerite Altet (Universit\u00e9de Nantes, FR)<\/li>\n<li>Giovanni Bonaiuti\u00a0(Universit\u00e0 di Cagliari)<\/li>\n<li>Alberto Cattaneo (IUFFP, Istituto Universitario Federale per la Formazione Professionale, CH)<\/li>\n<li>Ettore Felisatti (Universit\u00e0 di Padova)<\/li>\n<li>Patrizia Magnoler (Universit\u00e0 di Macerata)<\/li>\n<li>Jose Mangione (INDIRE)<\/li>\n<li>Laura Menichetti (Universit\u00e0 di Firenze)<\/li>\n<li>Pier Giuseppe Rossi\u00a0(Universit\u00e0 di Macerata)<\/li>\n<li>Rossella Santagata (University of California at Irvine, USA)<\/li>\n<li>Lorenzo Sommaruga\u00a0(SUPSI,\u00a0Scuola universitaria professionale della Svizzera italiana,\u00a0CH)<\/li>\n<li>Giuseppe Tacconi (Universit\u00e0 di Verona)<\/li>\n<li>Ira Vannini (Universit\u00e0 di Bologna)<\/li>\n<li>Giuliano Vivanet (Universit\u00e0 di Cagliari)<\/li>\n<\/ul>\n","protected":false},"excerpt":{"rendered":"<p>Su queste tematiche, a seguito delle attivit\u00e0 che hanno preso avvio nel giugno del 2016, si \u00e8 costituito un gruppo di ricerca internazionale con il seguente Comitato scientifico: Marguerite Altet (Universit\u00e9de Nantes, FR) Giovanni Bonaiuti\u00a0(Universit\u00e0 di Cagliari) Alberto Cattaneo (IUFFP, Istituto Universitario Federale per la Formazione Professionale, CH) Ettore Felisatti (Universit\u00e0 di Padova) Patrizia Magnoler (Universit\u00e0 di Macerata) Jose Mangione (INDIRE) Laura Menichetti (Universit\u00e0 di Firenze) Pier Giuseppe Rossi\u00a0(Universit\u00e0 di Macerata) Rossella Santagata (University of California at Irvine, USA) Lorenzo Sommaruga\u00a0(SUPSI,\u00a0Scuola universitaria professionale della Svizzera italiana,\u00a0CH) Giuseppe Tacconi (Universit\u00e0 di Verona) Ira Vannini (Universit\u00e0 di Bologna) Giuliano Vivanet (Universit\u00e0 di <a href='https:\/\/sites.unica.it\/video4teachers\/chi-siamo\/' class='excerpt-more'>[&#8230;]<\/a><\/p>\n","protected":false},"author":481,"featured_media":0,"parent":0,"menu_order":0,"comment_status":"closed","ping_status":"closed","template":"","meta":{"footnotes":""},"class_list":["post-1883","page","type-page","status-publish","hentry","post-seq-1","post-parity-odd","meta-position-corners","fix"],"_links":{"self":[{"href":"https:\/\/sites.unica.it\/video4teachers\/wp-json\/wp\/v2\/pages\/1883","targetHints":{"allow":["GET"]}}],"collection":[{"href":"https:\/\/sites.unica.it\/video4teachers\/wp-json\/wp\/v2\/pages"}],"about":[{"href":"https:\/\/sites.unica.it\/video4teachers\/wp-json\/wp\/v2\/types\/page"}],"author":[{"embeddable":true,"href":"https:\/\/sites.unica.it\/video4teachers\/wp-json\/wp\/v2\/users\/481"}],"replies":[{"embeddable":true,"href":"https:\/\/sites.unica.it\/video4teachers\/wp-json\/wp\/v2\/comments?post=1883"}],"version-history":[{"count":13,"href":"https:\/\/sites.unica.it\/video4teachers\/wp-json\/wp\/v2\/pages\/1883\/revisions"}],"predecessor-version":[{"id":1898,"href":"https:\/\/sites.unica.it\/video4teachers\/wp-json\/wp\/v2\/pages\/1883\/revisions\/1898"}],"wp:attachment":[{"href":"https:\/\/sites.unica.it\/video4teachers\/wp-json\/wp\/v2\/media?parent=1883"}],"curies":[{"name":"wp","href":"https:\/\/api.w.org\/{rel}","templated":true}]}}