{"id":52030,"date":"2018-05-04T19:38:26","date_gmt":"2018-05-04T17:38:26","guid":{"rendered":"http:\/\/careerday.unica.it\/?page_id=52030"},"modified":"2018-05-04T19:38:26","modified_gmt":"2018-05-04T17:38:26","slug":"pwc","status":"publish","type":"page","link":"https:\/\/sites.unica.it\/unicaimprese\/pwc\/","title":{"rendered":"PWC"},"content":{"rendered":"<p>\t\t\t\t[vc_row][vc_column][vc_column_text]PwC \u00e8 un network internazionale leader nei servizi professionali alle imprese.<br \/>\nIl nostro obiettivo \u00e8 creare il valore che cercano i nostri clienti e le nostre persone attraverso la costruzione di solide relazioni basate su collaborazione, qualit\u00e0 del servizio, integrit\u00e0 e rispetto reciproco. Siamo presenti in 158 paesi, con oltre 236.000 professionisti impegnati a dare risposte innovative e di qualit\u00e0 alle problematiche complesse delle aziende con cui lavoriamo. In Italia siamo pi\u00f9 di 5.000 persone in 23 citt\u00e0.<br \/>\nPwC offre una vasta gamma di servizi in modo integrato e multidisciplinare. La grande forza del nostro network \u00e8 quella di saper abbinare la conoscenza dei mercati locali ad un\u2019organizzazione di respiro globale.<\/p>\n<p>&nbsp;<\/p>\n<p>L&#8217;azienda ricerca:<\/p>\n<p>PwC cerca persone appassionate, ricche di energia e con voglia di imparare. Sono indispensabili una spiccata attitudine al lavoro di gruppo ed una forte motivazione ad intraprendere un percorso di carriera in un contesto dinamico e sfidante. Inseriamo laureandi e neolaureati in discipline economiche, matematico-scientifiche e attuariali, in ingegneria e giurisprudenza. Sono fondamentali una solida preparazione accademica ed un buon livello di conoscenza dell\u2019inglese.<br \/>\nPer candidarsi \u00e8 possibile inviare il proprio curriculum vitae collegandosi al sito www.pwc.com\/it\/careers dove sono descritte le diverse opportunit\u00e0 di lavoro e stage.[\/vc_column_text][vc_column_text]<\/p>\n<p style=\"text-align: center\">Seleziona un modulo valido<\/p>\n<p>\u00a0[\/vc_column_text][\/vc_column][\/vc_row]\t\t<\/p>\n","protected":false},"excerpt":{"rendered":"<p>[vc_row][vc_column][vc_column_text]PwC \u00e8 un network internazionale leader nei servizi professionali alle imprese. Il nostro obiettivo \u00e8 creare il valore che cercano i nostri clienti e le nostre persone attraverso la costruzione di solide relazioni basate su collaborazione, qualit\u00e0 del servizio, integrit\u00e0 e rispetto reciproco. Siamo presenti in 158 paesi, con oltre 236.000 professionisti impegnati a dare&hellip;<\/p>\n","protected":false},"author":3029,"featured_media":0,"parent":0,"menu_order":0,"comment_status":"closed","ping_status":"closed","template":"","meta":{"footnotes":""},"class_list":["post-52030","page","type-page","status-publish","hentry","description-off"],"_links":{"self":[{"href":"https:\/\/sites.unica.it\/unicaimprese\/wp-json\/wp\/v2\/pages\/52030","targetHints":{"allow":["GET"]}}],"collection":[{"href":"https:\/\/sites.unica.it\/unicaimprese\/wp-json\/wp\/v2\/pages"}],"about":[{"href":"https:\/\/sites.unica.it\/unicaimprese\/wp-json\/wp\/v2\/types\/page"}],"author":[{"embeddable":true,"href":"https:\/\/sites.unica.it\/unicaimprese\/wp-json\/wp\/v2\/users\/3029"}],"replies":[{"embeddable":true,"href":"https:\/\/sites.unica.it\/unicaimprese\/wp-json\/wp\/v2\/comments?post=52030"}],"version-history":[{"count":0,"href":"https:\/\/sites.unica.it\/unicaimprese\/wp-json\/wp\/v2\/pages\/52030\/revisions"}],"wp:attachment":[{"href":"https:\/\/sites.unica.it\/unicaimprese\/wp-json\/wp\/v2\/media?parent=52030"}],"curies":[{"name":"wp","href":"https:\/\/api.w.org\/{rel}","templated":true}]}}