{"id":51000,"date":"2017-04-19T17:14:52","date_gmt":"2017-04-19T15:14:52","guid":{"rendered":"http:\/\/careerdaysegp.unica.it\/?page_id=51000"},"modified":"2017-04-19T17:14:52","modified_gmt":"2017-04-19T15:14:52","slug":"contattaci","status":"publish","type":"page","link":"https:\/\/sites.unica.it\/unicaimprese\/contattaci\/","title":{"rendered":"Contattaci"},"content":{"rendered":"<p>\t\t\t\t[vc_row type=&#8221;vc_default&#8221; equal_height=&#8221;yes&#8221; content_placement=&#8221;top&#8221; css_animation=&#8221;fadeIn&#8221; bg_type=&#8221;bg_color&#8221; bg_override=&#8221;ex-full&#8221; css=&#8221;.vc_custom_1522398565322{margin-top: -70px !important;padding-bottom: 40px !important;}&#8221; bg_color_value=&#8221;rgba(170,170,170,0.1)&#8221;][vc_column 0=&#8221;&#8221;]<div id=\"ultimate-heading-621569f63cae19294\" class=\"uvc-heading ult-adjust-bottom-margin ultimate-heading-621569f63cae19294 uvc-6913 accent-border-color color-title\" data-hspacer=\"line_only\"  data-halign=\"center\" style=\"text-align:center\"><div class=\"uvc-main-heading ult-responsive\"  data-ultimate-target='.uvc-heading.ultimate-heading-621569f63cae19294 h2'  data-responsive-json-new='{\"font-size\":\"desktop:30px;\",\"line-height\":\"desktop:40px;\"}' ><h2 style=\"font-weight:bold;margin-bottom:10px;\">COS'\u00c8 IL CAREER DAY?<\/h2><\/div><div class=\"uvc-heading-spacer line_only\" style=\"margin-bottom:55px;height:4px;\"><span class=\"uvc-headings-line\" style=\"border-style:solid;border-bottom-width:4px;border-color:#ccc;width:100px;\"><\/span><\/div><\/div>[\/vc_column][vc_column width=&#8221;2\/3&#8243; offset=&#8221;vc_col-lg-offset-0 vc_col-lg-6 vc_col-md-offset-0 vc_col-md-6 vc_col-sm-offset-2 vc_col-xs-12&#8243;][vc_single_image image=&#8221;51475&#8243; img_size=&#8221;medium&#8221; alignment=&#8221;center&#8221; css_animation=&#8221;fadeIn&#8221; lazy_loading=&#8221;true&#8221; css=&#8221;.vc_custom_1518621095151{margin-right: -10px !important;margin-left: -10px !important;padding-top: 10px !important;padding-bottom: 20px !important;}&#8221;][\/vc_column][vc_column width=&#8221;2\/3&#8243; offset=&#8221;vc_col-lg-offset-0 vc_col-lg-6 vc_col-md-offset-0 vc_col-md-6 vc_col-sm-offset-2 vc_col-xs-12&#8243; css=&#8221;.vc_custom_1476220031159{padding-bottom: 15px !important;}&#8221;]<div id=\"ultimate-heading-314069f63cae192bf\" class=\"uvc-heading ult-adjust-bottom-margin ultimate-heading-314069f63cae192bf uvc-4129 accent-border-color color-title\" data-hspacer=\"line_only\"  data-halign=\"center\" style=\"text-align:center\"><div class=\"uvc-main-heading ult-responsive\"  data-ultimate-target='.uvc-heading.ultimate-heading-314069f63cae192bf h2'  data-responsive-json-new='{\"font-size\":\"desktop:30px;\",\"line-height\":\"desktop:40px;\"}' ><h2 style=\"font-weight:bold;margin-bottom:10px;\">L'INCONTRO CON LE AZIENDE<\/h2><\/div><div class=\"uvc-heading-spacer line_only\" style=\"margin-bottom:55px;height:4px;\"><span class=\"uvc-headings-line\" style=\"border-style:solid;border-bottom-width:4px;border-color:#ccc;width:100px;\"><\/span><\/div><\/div>[vc_column_text 0=&#8221;&#8221;]<\/p>\n<h4>Nella giornata del 9 Maggio, gli studenti i laureandi ed i laureati dell&#8217;Universit\u00e0 degli Studi di Cagliari avranno la possibilit\u00e0 di interfacciarsi con le aziende che parteciperanno all&#8217;evento.<\/h4>\n<h4>In particolare vi saranno 3 modalit\u00e0 di contatto con le aziende:<\/h4>\n<p>[\/vc_column_text]<div class=\"standard-arrow bullet-top\"><ul>\n<li>\n<h4>Presentazioni in aula<\/h4>\n<\/li>\n<li>\n<h4>Stand espositivi<\/h4>\n<\/li>\n<li>\n<h4>Colloqui Face2Face<\/h4>\n<h4><\/h4>\n<\/li>\n<\/ul>\n<\/div>[\/vc_column][\/vc_row][vc_row 0=&#8221;&#8221;][vc_column 0=&#8221;&#8221;][vc_empty_space 0=&#8221;&#8221;]<div id=\"ultimate-heading-641469f63cae19335\" class=\"uvc-heading ult-adjust-bottom-margin ultimate-heading-641469f63cae19335 uvc-6587 accent-border-color color-title\" data-hspacer=\"line_only\"  data-halign=\"center\" style=\"text-align:center\"><div class=\"uvc-main-heading ult-responsive\"  data-ultimate-target='.uvc-heading.ultimate-heading-641469f63cae19335 h2'  data-responsive-json-new='{\"font-size\":\"desktop:30px;\",\"line-height\":\"desktop:40px;\"}' ><h2 style=\"font-weight:bold;margin-bottom:10px;\">QUALI SONO I VANTAGGI?<\/h2><\/div><div class=\"uvc-heading-spacer line_only\" style=\"margin-bottom:55px;height:4px;\"><span class=\"uvc-headings-line\" style=\"border-style:solid;border-bottom-width:4px;border-color:#ccc;width:100px;\"><\/span><\/div><\/div>[vc_column_text 0=&#8221;&#8221;]<\/p>\n<h4><b>Perch\u00e9 partecipare:<\/b><\/h4>\n<p>[\/vc_column_text][vc_row_inner 0=&#8221;&#8221;][vc_column_inner width=&#8221;1\/2&#8243;]<div class=\"standard-arrow bullet-top\"><ul>\n<li>\n<h4><u>Collaborazione con l\u2019Universit\u00e0:<\/u>\u00a0avrete la possibilit\u00e0 di instaurare un importante canale con l\u2019Ateneo, con cui programmare e valutare le linee guida future per un efficace inserimento degli studenti nel mondo del lavoro.<\/h4>\n<\/li>\n<li>\n<h4><u>Recruitment:<\/u>\u00a0potrete fare colloqui di lavoro con un target selezionato di studenti in base alle vostre esigenze, risparmiando tempo prezioso sulla primissima fase di selezione.<\/h4>\n<\/li>\n<li>\n<h4><u>Rafforzamento del Brand:<\/u>\u00a0partecipare ad un evento interamente dedicato alle carriere contribuir\u00e0 a migliorare l\u2019immagine della vostra azienda.<\/h4>\n<\/li>\n<\/ul>\n<\/div>[\/vc_column_inner][\/vc_row_inner][\/vc_column][\/vc_row][vc_row type=&#8221;vc_default&#8221; equal_height=&#8221;yes&#8221; css_animation=&#8221;fadeIn&#8221; disable_element=&#8221;yes&#8221; margin_top=&#8221;55&#8243; margin_bottom=&#8221;45&#8243; css=&#8221;.vc_custom_1492767714135{padding-top: 70px !important;padding-bottom: 20px !important;}&#8221; el_id=&#8221;testimonials&#8221;][vc_column 0=&#8221;&#8221;]<div id=\"ultimate-heading-976169f63cae1938d\" class=\"uvc-heading ult-adjust-bottom-margin ultimate-heading-976169f63cae1938d uvc-9727 accent-border-color color-title\" data-hspacer=\"line_only\"  data-halign=\"center\" style=\"text-align:center\"><div class=\"uvc-main-heading ult-responsive\"  data-ultimate-target='.uvc-heading.ultimate-heading-976169f63cae1938d h2'  data-responsive-json-new='{\"font-size\":\"desktop:30px;\",\"line-height\":\"desktop:40px;\"}' ><h2 style=\"font-weight:bold;margin-bottom:10px;\">Modalit\u00e0 di partecipazione<\/h2><\/div><div class=\"uvc-heading-spacer line_only\" style=\"margin-bottom:70px;height:4px;\"><span class=\"uvc-headings-line\" style=\"border-style:solid;border-bottom-width:4px;border-color:#ccc;width:100px;\"><\/span><\/div><\/div><div class=\"standard-arrow list-divider bullet-top\"><ul>\n<li>Formula Bronze (Stand espositivo standard)<\/li>\n<li>Formula Silver (Stand Personalizzato)<\/li>\n<li>Formula Gold (Stand Personalizzato + Colloqui)<\/li>\n<li>Formula Platinum (Stand Personalizzato + Colloqui + Presentazione\/Mail a target ricercato)<\/li>\n<\/ul>\n<\/div>[\/vc_column][vc_column width=&#8221;7\/12&#8243; css=&#8221;.vc_custom_1491466821158{padding-bottom: 50px !important;}&#8221; offset=&#8221;vc_col-lg-offset-0 vc_col-lg-6 vc_col-md-offset-0 vc_col-md-6 vc_col-sm-offset-2&#8243;][\/vc_column][vc_column width=&#8221;2\/3&#8243; css=&#8221;.vc_custom_1476220187007{margin-top: -15px !important;padding-bottom: 35px !important;}&#8221; offset=&#8221;vc_col-lg-offset-0 vc_col-lg-6 vc_col-md-offset-0 vc_col-md-6 vc_col-sm-offset-2&#8243;][\/vc_column][\/vc_row][vc_row type=&#8221;vc_default&#8221; css_animation=&#8221;fadeIn&#8221; disable_element=&#8221;yes&#8221; margin_top=&#8221;55&#8243; margin_bottom=&#8221;5&#8243; css=&#8221;.vc_custom_1490128301675{margin-bottom: 20px !important;padding-top: 70px !important;}&#8221; el_id=&#8221;aboutus&#8221;][vc_column 0=&#8221;&#8221;]<div id=\"ultimate-heading-7469f63cae193d9\" class=\"uvc-heading ult-adjust-bottom-margin ultimate-heading-7469f63cae193d9 uvc-3503 accent-border-color color-title\" data-hspacer=\"line_only\"  data-halign=\"center\" style=\"text-align:center\"><div class=\"uvc-main-heading ult-responsive\"  data-ultimate-target='.uvc-heading.ultimate-heading-7469f63cae193d9 h2'  data-responsive-json-new='{\"font-size\":\"desktop:30px;\",\"line-height\":\"desktop:40px;\"}' ><h2 style=\"font-weight:bold;margin-bottom:10px;\">Chi siamo<\/h2><\/div><div class=\"uvc-heading-spacer line_only\" style=\"margin-bottom:70px;height:4px;\"><span class=\"uvc-headings-line\" style=\"border-style:solid;border-bottom-width:4px;border-color:#ccc;width:100px;\"><\/span><\/div><\/div>[vc_row_inner equal_height=&#8221;yes&#8221; disable_element=&#8221;yes&#8221;][vc_column_inner width=&#8221;1\/2&#8243;]<div id=\"ultimate-heading-64069f63cae193f1\" class=\"uvc-heading ult-adjust-bottom-margin ultimate-heading-64069f63cae193f1 uvc-9523 \" data-hspacer=\"no_spacer\"  data-halign=\"center\" style=\"text-align:center\"><div class=\"uvc-heading-spacer no_spacer\" style=\"top\"><\/div><div class=\"uvc-main-heading ult-responsive\"  data-ultimate-target='.uvc-heading.ultimate-heading-64069f63cae193f1 h2'  data-responsive-json-new='{\"font-size\":\"desktop:26px;\",\"line-height\":\"\"}' ><h2 style=\"--font-weight:theme;\">Facolt\u00e0 di Scienze Economiche Giuridiche e Politiche<\/h2><\/div><\/div>[vc_separator 0=&#8221;&#8221;][vc_column_text css_animation=&#8221;fadeIn&#8221; css=&#8221;.vc_custom_1489762572158{padding-bottom: 15px !important;}&#8221;]L\u2019accorpamento delle tre Facolt\u00e0, di Giurisprudenza, Economia e Scienze politiche, con la fondazione della Facolt\u00e0 di Scienze economiche, Giuridiche e Politiche \u00e8 cosa recente. Attualmente conta oltre 15000 studenti e 12 Corsi di Laurea.<\/p>\n<p>Web Site: <a href=\"http:\/\/facolta.unica.it\/segp\">facolta.unica.it\/segp<\/a>[\/vc_column_text][\/vc_column_inner][\/vc_row_inner][\/vc_column][\/vc_row][vc_row 0=&#8221;&#8221;][vc_column 0=&#8221;&#8221;][vc_empty_space 0=&#8221;&#8221;]<div id=\"ultimate-heading-929069f63cae1940d\" class=\"uvc-heading ult-adjust-bottom-margin ultimate-heading-929069f63cae1940d uvc-7685 accent-border-color color-title\" data-hspacer=\"line_only\"  data-halign=\"center\" style=\"text-align:center\"><div class=\"uvc-main-heading ult-responsive\"  data-ultimate-target='.uvc-heading.ultimate-heading-929069f63cae1940d h2'  data-responsive-json-new='{\"font-size\":\"desktop:30px;\",\"line-height\":\"desktop:40px;\"}' ><h2 style=\"font-weight:bold;margin-bottom:10px;\">CONTATTACI <\/h2><\/div><div class=\"uvc-heading-spacer line_only\" style=\"margin-bottom:70px;height:4px;\"><span class=\"uvc-headings-line\" style=\"border-style:solid;border-bottom-width:4px;border-color:#ccc;width:100px;\"><\/span><\/div><\/div>[vc_column_text]Seleziona un modulo valido[\/vc_column_text][\/vc_column][\/vc_row]\t\t<\/p>\n","protected":false},"excerpt":{"rendered":"<p>[vc_row type=&#8221;vc_default&#8221; equal_height=&#8221;yes&#8221; content_placement=&#8221;top&#8221; css_animation=&#8221;fadeIn&#8221; bg_type=&#8221;bg_color&#8221; bg_override=&#8221;ex-full&#8221; css=&#8221;.vc_custom_1522398565322{margin-top: -70px !important;padding-bottom: 40px !important;}&#8221; bg_color_value=&#8221;rgba(170,170,170,0.1)&#8221;][vc_column 0=&#8221;&#8221;][\/vc_column][vc_column width=&#8221;2\/3&#8243; offset=&#8221;vc_col-lg-offset-0 vc_col-lg-6 vc_col-md-offset-0 vc_col-md-6 vc_col-sm-offset-2 vc_col-xs-12&#8243;][vc_single_image image=&#8221;51475&#8243; img_size=&#8221;medium&#8221; alignment=&#8221;center&#8221; css_animation=&#8221;fadeIn&#8221; lazy_loading=&#8221;true&#8221; css=&#8221;.vc_custom_1518621095151{margin-right: -10px !important;margin-left: -10px !important;padding-top: 10px !important;padding-bottom: 20px !important;}&#8221;][\/vc_column][vc_column width=&#8221;2\/3&#8243; offset=&#8221;vc_col-lg-offset-0 vc_col-lg-6 vc_col-md-offset-0 vc_col-md-6 vc_col-sm-offset-2 vc_col-xs-12&#8243; css=&#8221;.vc_custom_1476220031159{padding-bottom: 15px !important;}&#8221;][vc_column_text 0=&#8221;&#8221;] Nella giornata del 9 Maggio, gli studenti i laureandi&hellip;<\/p>\n","protected":false},"author":3029,"featured_media":0,"parent":0,"menu_order":0,"comment_status":"closed","ping_status":"closed","template":"","meta":{"footnotes":""},"class_list":["post-51000","page","type-page","status-publish","hentry","description-off"],"_links":{"self":[{"href":"https:\/\/sites.unica.it\/unicaimprese\/wp-json\/wp\/v2\/pages\/51000","targetHints":{"allow":["GET"]}}],"collection":[{"href":"https:\/\/sites.unica.it\/unicaimprese\/wp-json\/wp\/v2\/pages"}],"about":[{"href":"https:\/\/sites.unica.it\/unicaimprese\/wp-json\/wp\/v2\/types\/page"}],"author":[{"embeddable":true,"href":"https:\/\/sites.unica.it\/unicaimprese\/wp-json\/wp\/v2\/users\/3029"}],"replies":[{"embeddable":true,"href":"https:\/\/sites.unica.it\/unicaimprese\/wp-json\/wp\/v2\/comments?post=51000"}],"version-history":[{"count":0,"href":"https:\/\/sites.unica.it\/unicaimprese\/wp-json\/wp\/v2\/pages\/51000\/revisions"}],"wp:attachment":[{"href":"https:\/\/sites.unica.it\/unicaimprese\/wp-json\/wp\/v2\/media?parent=51000"}],"curies":[{"name":"wp","href":"https:\/\/api.w.org\/{rel}","templated":true}]}}