{"id":259,"date":"2025-01-24T13:50:58","date_gmt":"2025-01-24T12:50:58","guid":{"rendered":"https:\/\/sites.unica.it\/spoke9\/?page_id=259"},"modified":"2025-01-24T14:00:35","modified_gmt":"2025-01-24T13:00:35","slug":"wp-5-ottimizzazione-delle-infrastrutture-verdi-nei-sistemi-urbani-e-agrosilvopastorali","status":"publish","type":"page","link":"https:\/\/sites.unica.it\/spoke9\/il-progetto\/i-team-dello-spoke-9\/wp-5-ottimizzazione-delle-infrastrutture-verdi-nei-sistemi-urbani-e-agrosilvopastorali\/","title":{"rendered":"WP 5 &#8211; Ottimizzazione delle infrastrutture verdi nei sistemi urbani e agrosilvopastorali"},"content":{"rendered":"\n<p>La Sardegna \u00e8 un hot-spot di biodiversit\u00e0, caratterizzata da infrastrutture verdi e blu costiere, agro-silvo-pastorali, urbane e delle zone umide, che concorrono a erogare servizi ecosistemici cruciali per il benessere delle persone e delle comunit\u00e0, come l\u2019assorbimento della CO2 atmosferica, la prevenzione del rischio idrogeologico, la mitigazione del cambiamento climatico. <\/p>\n\n\n\n<p>Le principali linee di ricerca e applicazione del WP5 sulle infrastrutture verdi, nell\u2019ambito dello Spoke 9, si articolano su ricerca, formazione e trasferimento della conoscenza, per favorire la crescita sostenibile delle piccole-medie imprese green, per la valorizzazione dei risultati della ricerca sia nell\u2019ambito accademico sia verso gli stakeholders esterni, con particolare attenzione al community engagement ed empowerment, con il fine di agevolare il progresso tecnologico ed il trasferimento alle imprese con conseguente impatto socio-economico sul territorio. <\/p>\n\n\n\n<p>In particolare gli obiettivi e linee di azione del WP5 riguardano: <\/p>\n\n\n\n<div class=\"wp-block-group\"><div class=\"wp-block-group__inner-container is-layout-constrained wp-block-group-is-layout-constrained\">\n<ul class=\"wp-block-list\">\n<li>1) la mappatura delle infrastrutture verdi e della loro percezione da parte delle comunit\u00e0 locali in alcune aree target sarde sia urbane che agrosilvopastorali e la descrizione delle loro dinamiche evolutive tramite un approccio cartografico diacronico; <\/li>\n\n\n\n<li>2) lo studio delle componenti biotiche e abiotiche di alcune infrastrutture verdi Sarde sia urbane che agrosilvopastorali per definire i loro principali drivers ambientali e gestionali al fine di mappare i servizi ecosistemici che esse erogano, soprattutto rispetto alla mitigazione e adattamento al cambiamento climatico; <\/li>\n\n\n\n<li>3) lo sviluppo di sistemi di monitoraggio innovativi basati anche sulla citizen science e su approcci partecipativi per la conservazione, ripristino e implementazione di alcune infrastrutture verdi sarde sia urbane che agrosilvopastorali; <\/li>\n\n\n\n<li>4) lo sviluppo di sistemi digitali innovativi per il monitoraggio e l\u2019ottimizzazione della connettivit\u00e0 delle infrastrutture verdi urbane e agrosilvopastorali.&nbsp;<\/li>\n<\/ul>\n<\/div><\/div>\n\n\n\n<p><strong>Principali risultati raggiunti<\/strong><br>Tra il 2022 e il 2024, oltre a prodotti propri della ricerca scientifica, tra cui 5 pubblicazioni e numerose partecipazioni a convegni nazionali e internazionali, sono stati realizzati circa 40 eventi e iniziative di trasferimento alle imprese, supporto alla governance, condivisione delle conoscenze, comunicazione, community engagement. Di questi il 41% ha riguardato ambiti propri del Public Engagement (iniziative di coinvolgimento dei cittadini, attivit\u00e0 classiche di comunicazione, diffusione e divulgazione, attivit\u00e0 e\/o eventi finalizzati ad attivit\u00e0 di democrazia partecipativa, attivit\u00e0 di coinvolgimento e interazione con il sistema scolastico); il 15% circa delle iniziative ha riguardato rispettivamente sia l\u2019ambito delle attivit\u00e0 di formazione e apprendimento (attivit\u00e0 di erogazione\/fruizione di corsi di formazione continua o dedicate all\u2019acquisizione\/consolidamento di soft skills, produzione di lezioni o MOOC), sia quello dei sistemi di apprendimento e\/o trasferimento multi-obiettivo e multi-stakeholder (stipula di accordi, lettere di intenti, convenzioni che stabiliscono collaborazioni tra gli attori del partenariato); il 10% delle attivit\u00e0 ricade nelle iniziative di comunicazione istituzionale (prevalentemente attivit\u00e0 di comunicazione e\/o divulgazione scientifica attraverso articoli sulla stampa, su riviste tematiche, pubblicazioni online, ma anche programmi radiofonici e televisivi, etc. per la diffusione delle attivit\u00e0 del progetto), mentrel\u20198% ha riguardato attivit\u00e0 di networking (attivit\u00e0 di partecipazione istituzionale di uno o pi\u00f9 soggetti e.INS a reti o consorzi di ricerca\/innovazione per la valorizzazione dei risultati, attivit\u00e0 di networking con istituzioni e\/o altri soggetti esterni al partenariato e.INS). <\/p>\n\n\n\n<p>Infine singole attivit\u00e0 hanno riguardato produzioni culturali e artistiche (supporto alla realizzazione di uno spazio museale geologico presso il Parco Nazionale dell&#8217;Asinara); iniziative legate alla sostenibilit\u00e0 ambientale (Participatory Green Infrastructure); supporto alle policies (supporto alla redazione del progetto preliminare per la gestione sostenibile dell&#8217;infrastruttura verde urbana Duna di Maria Pia nel Comune di Alghero); attivit\u00e0 ad elevato impatto sociale (progetto &#8220;Agricoltura Sociale&#8221; negli Istituti Penitenziari Casa di Reclusione di Alghero e Casa di Reclusione di Tempio Pausania, in collaborazione con il Polo Universitario Penitenziario Uniss).<\/p>\n\n\n\n<p><\/p>\n\n\n\n<figure class=\"wp-block-gallery has-nested-images columns-default is-cropped wp-block-gallery-1 is-layout-flex wp-block-gallery-is-layout-flex\">\n<figure class=\"wp-block-image size-large\"><img loading=\"lazy\" decoding=\"async\" width=\"650\" height=\"864\" data-id=\"260\" src=\"https:\/\/sites.unica.it\/spoke9\/files\/2025\/01\/WP-5-attivita-laboratorio.jpg\" alt=\"\" class=\"wp-image-260\" srcset=\"https:\/\/sites.unica.it\/spoke9\/files\/2025\/01\/WP-5-attivita-laboratorio.jpg 650w, https:\/\/sites.unica.it\/spoke9\/files\/2025\/01\/WP-5-attivita-laboratorio-226x300.jpg 226w\" sizes=\"auto, (max-width: 650px) 100vw, 650px\" \/><\/figure>\n\n\n\n<figure class=\"wp-block-image size-large\"><img loading=\"lazy\" decoding=\"async\" width=\"684\" height=\"910\" data-id=\"263\" src=\"https:\/\/sites.unica.it\/spoke9\/files\/2025\/01\/WP-5-Monitoraggio-sul-campo.jpg\" alt=\"\" class=\"wp-image-263\" srcset=\"https:\/\/sites.unica.it\/spoke9\/files\/2025\/01\/WP-5-Monitoraggio-sul-campo.jpg 684w, https:\/\/sites.unica.it\/spoke9\/files\/2025\/01\/WP-5-Monitoraggio-sul-campo-225x300.jpg 225w\" sizes=\"auto, (max-width: 684px) 100vw, 684px\" \/><\/figure>\n\n\n\n<figure class=\"wp-block-image size-large\"><img loading=\"lazy\" decoding=\"async\" width=\"751\" height=\"950\" data-id=\"262\" src=\"https:\/\/sites.unica.it\/spoke9\/files\/2025\/01\/WP-5-set-sperimentale.jpg\" alt=\"\" class=\"wp-image-262\" srcset=\"https:\/\/sites.unica.it\/spoke9\/files\/2025\/01\/WP-5-set-sperimentale.jpg 751w, https:\/\/sites.unica.it\/spoke9\/files\/2025\/01\/WP-5-set-sperimentale-237x300.jpg 237w\" sizes=\"auto, (max-width: 751px) 100vw, 751px\" \/><\/figure>\n\n\n\n<figure class=\"wp-block-image size-large\"><img loading=\"lazy\" decoding=\"async\" width=\"760\" height=\"1014\" data-id=\"261\" src=\"https:\/\/sites.unica.it\/spoke9\/files\/2025\/01\/WP-5-workshop-divulgativo.jpg\" alt=\"\" class=\"wp-image-261\" srcset=\"https:\/\/sites.unica.it\/spoke9\/files\/2025\/01\/WP-5-workshop-divulgativo.jpg 760w, https:\/\/sites.unica.it\/spoke9\/files\/2025\/01\/WP-5-workshop-divulgativo-225x300.jpg 225w\" sizes=\"auto, (max-width: 760px) 100vw, 760px\" \/><\/figure>\n\n\n\n<figure class=\"wp-block-image size-large\"><img loading=\"lazy\" decoding=\"async\" width=\"1024\" height=\"577\" data-id=\"264\" src=\"https:\/\/sites.unica.it\/spoke9\/files\/2025\/01\/WP-5-community-mapping-1024x577.jpg\" alt=\"\" class=\"wp-image-264\" srcset=\"https:\/\/sites.unica.it\/spoke9\/files\/2025\/01\/WP-5-community-mapping-1024x577.jpg 1024w, https:\/\/sites.unica.it\/spoke9\/files\/2025\/01\/WP-5-community-mapping-300x169.jpg 300w, https:\/\/sites.unica.it\/spoke9\/files\/2025\/01\/WP-5-community-mapping-768x433.jpg 768w, https:\/\/sites.unica.it\/spoke9\/files\/2025\/01\/WP-5-community-mapping.jpg 1475w\" sizes=\"auto, (max-width: 1024px) 100vw, 1024px\" \/><\/figure>\n<\/figure>\n\n\n\n<p><\/p>\n\n\n\n<p>Ulteriori approfondimenti:<\/p>\n\n\n\n<ul class=\"wp-block-list\">\n<li>Articolo: &#8220;Effetti cambiamenti climatici: se ne parla ad Alghero&#8221;, Alguer.it 27 novembre 2024 &#8211; <a href=\"https:\/\/www.alguer.it\/notizie\/n.php?id=183094\">https:\/\/www.alguer.it\/notizie\/n.php?id=183094<\/a>&nbsp; &#8211; Emmanuele Farris<\/li>\n\n\n\n<li>Articolo: &#8220;Scoperte a Porto Conte due nuove specie erbacee molto rare&#8221;, ANSA 23ottobre 2024 &#8211; <a href=\"https:\/\/www.ansa.it\/sardegna\/notizie\/2024\/10\/23\/scoperte-a-porto-conte-due-nuove-specie-erbacee-molto-rare_e9ba56a0-ef2c-4093-9922-edf5225f54c4.html\">https:\/\/www.ansa.it\/sardegna\/notizie\/2024\/10\/23\/scoperte-a-porto-conte-due-nuove-specie-erbacee-molto-rare_e9ba56a0-ef2c-4093-9922-edf5225f54c4.html<\/a> &#8211; Alfredo Maccioni ed Emmanuele Farris<\/li>\n\n\n\n<li>Articolo: &#8220;Un insetticida naturale dall&#8217;erba gatta delle coste sarde&#8221;, ANSA 10 luglio2023 &#8211; <a href=\"https:\/\/www.ansa.it\/sardegna\/notizie\/2023\/07\/10\/un-insetticida-naturale-dallerba-gatta-delle-coste-sarde_370e0eea-df16-4b2a-a728-d137f6d99f1f.html\">https:\/\/www.ansa.it\/sardegna\/notizie\/2023\/07\/10\/un-insetticida-naturale-dallerba-gatta-delle-coste-sarde_370e0eea-df16-4b2a-a728-d137f6d99f1f.html<\/a> &#8211; Alfredo Maccioni, Silvia Macis ed Emmanuele Farris<\/li>\n\n\n\n<li>Articolo cartaceo: &#8220;Rinnovabili indispensabili per salvare il nostro ecosistema&#8221;, La Nuova Sardegna 23 settembre 2024 pag. 6 &#8211; Emmanuele Farris<\/li>\n\n\n\n<li>Articolo cartaceo e online: &#8220;Bono, il futuro passa per lo sviluppo di ecosistemi e ambiente&#8221;, La Nuova Sardegna 13 marzo 2024, <a href=\"https:\/\/www.lanuovasardegna.it\/sassari\/cronaca\/2024\/03\/13\/news\/bono-ii-futuro-passa-per-lo-sviluppo-di-ecosistemi-e-ambiente-1.100489787\">https:\/\/www.lanuovasardegna.it\/sassari\/cronaca\/2024\/03\/13\/news\/bono-ii-futuro-passa-per-lo-sviluppo-di-ecosistemi-e-ambiente-1.100489787<\/a> &#8211; Alfredo Maccioni ed Emmanuele Farris<\/li>\n<\/ul>\n","protected":false},"excerpt":{"rendered":"<p>La Sardegna \u00e8 un hot-spot di biodiversit\u00e0, caratterizzata da infrastrutture verdi e blu costiere, agro-silvo-pastorali, urbane e delle zone umide, che concorrono a erogare servizi ecosistemici cruciali per il benessere delle persone e delle comunit\u00e0, come [&hellip;]<\/p>\n","protected":false},"author":3151,"featured_media":0,"parent":96,"menu_order":5,"comment_status":"closed","ping_status":"closed","template":"","meta":{"footnotes":""},"class_list":["post-259","page","type-page","status-publish","hentry"],"_links":{"self":[{"href":"https:\/\/sites.unica.it\/spoke9\/wp-json\/wp\/v2\/pages\/259","targetHints":{"allow":["GET"]}}],"collection":[{"href":"https:\/\/sites.unica.it\/spoke9\/wp-json\/wp\/v2\/pages"}],"about":[{"href":"https:\/\/sites.unica.it\/spoke9\/wp-json\/wp\/v2\/types\/page"}],"author":[{"embeddable":true,"href":"https:\/\/sites.unica.it\/spoke9\/wp-json\/wp\/v2\/users\/3151"}],"replies":[{"embeddable":true,"href":"https:\/\/sites.unica.it\/spoke9\/wp-json\/wp\/v2\/comments?post=259"}],"version-history":[{"count":3,"href":"https:\/\/sites.unica.it\/spoke9\/wp-json\/wp\/v2\/pages\/259\/revisions"}],"predecessor-version":[{"id":269,"href":"https:\/\/sites.unica.it\/spoke9\/wp-json\/wp\/v2\/pages\/259\/revisions\/269"}],"up":[{"embeddable":true,"href":"https:\/\/sites.unica.it\/spoke9\/wp-json\/wp\/v2\/pages\/96"}],"wp:attachment":[{"href":"https:\/\/sites.unica.it\/spoke9\/wp-json\/wp\/v2\/media?parent=259"}],"curies":[{"name":"wp","href":"https:\/\/api.w.org\/{rel}","templated":true}]}}