{"id":4,"date":"2018-05-11T18:56:05","date_gmt":"2018-05-11T16:56:05","guid":{"rendered":"http:\/\/sites.unica.it\/semi\/?page_id=4"},"modified":"2021-03-18T11:04:03","modified_gmt":"2021-03-18T10:04:03","slug":"home","status":"publish","type":"page","link":"https:\/\/sites.unica.it\/semi\/","title":{"rendered":"Sistemi Efficienti ed affidabili per il Monitoraggio e la gestione Intelligente dell&#8217;energia elettrica"},"content":{"rendered":"<p><strong>SEMI<\/strong> \u00e8 un <strong>progetto\u00a0Cluster Top-Down<\/strong>\u00a0finanziato da Sardegna Ricerche con fondi <strong>POR FESR 2014\/2020 \u2013 ASSE PRIORITARIO I \u201cRICERCA SCIENTIFICA, SVILUPPO TECNOLOGICO E INNOVAZIONE\u201d<\/strong>.<\/p>\n<p><strong><span style=\"font-size: 12pt;color: #ff6600\"><a href=\"http:\/\/www.sardegnaricerche.it\/index.php?xsl=370&amp;s=358928&amp;v=2&amp;c=15067&amp;nc=1&amp;sc=&amp;qr=1&amp;qp=2&amp;fa=1&amp;o=1&amp;t=3&amp;bsc=1\" target=\"_blank\" rel=\"noopener\">www.sardegnaricerche.it\/SEMI<\/a><\/span><\/strong><\/p>\n<p><strong><a href=\"http:\/\/sites.unica.it\/semi\/files\/2018\/06\/Scheda-SEMI_ClusterTopDown_2018.pdf\" target=\"_blank\" rel=\"noopener\">Scheda SEMI_ClusterTopDown_2018<\/a><\/strong><\/p>\n<p style=\"text-align: justify\"><span style=\"font-size: 12pt\">Le nuove sfide presentate dal progresso tecnologico e dalla globalizzazione del mercato richiedono non solo una visione innovativa del futuro ma anche l\u2019acquisizione di nuove competenze e strumenti.<br \/>\nIl progetto SEMI \u00e8 finalizzato a fornire alle imprese sarde le competenze e gli strumenti per un utilizzo pi\u00f9 intelligente, efficiente e consapevole dell&#8217;energia elettrica e degli impianti.<br \/>\nLa proposta progettuale prevede quindi lo sviluppo e la diffusione di metodologie e sistemi di misura, flessibili e a basso costo, che consentano il monitoraggio affidabile delle grandezze elettriche fondamentali nonch\u00e9 l&#8217;analisi della qualit\u00e0 dell&#8217;alimentazione elettrica, la cosiddetta Power Quality.<\/span><\/p>\n<p>Il progetto \u00e8 incentrato sui seguenti <strong>Work Package (WP)<\/strong>, che rappresentano gli <strong>obiettivi generali <\/strong>del Cluster <strong>SEMI:<\/strong><\/p>\n<p><strong>WP1 \u2013 Analisi e valutazione della situazione di partenza<\/strong><\/p>\n<p style=\"text-align: justify\">Si intende procedere alla mappatura della situazione di partenza delle diverse realt\u00e0 aziendali, in termini soprattutto di esperienza, risorse e competenze disponibili, in quanto i servizi proposti possono variare in misura rilevante a seconda del tipo di impresa in termini di settore di appartenenza, dimensione, esperienza lavorativa e anche predisposizione all\u2019innovazione.<\/p>\n<p><strong>WP2 \u2013 Sviluppo del sistema di monitoraggio e valutazione della qualit\u00e0 della fornitura di energia elettrica mediante strumentazione virtuale<\/strong><\/p>\n<p style=\"text-align: justify\">Si intende sviluppare<em>, <\/em>sulla base delle tecniche della strumentazione virtuale e di hardware general-purpose, un sistema di misura multi-funzione, facilmente gestibile, integrabile e generalizzabile, per il monitoraggio puntuale delle grandezze elettriche fondamentali, tensione e corrente alla fornitura, e delle principali grandezze derivate, la potenza e la conseguente energia assorbite, e per l&#8217;analisi puntuale della PQ.<\/p>\n<p><strong>WP3 \u2013 Studio affidabilistico dei sistemi aziendali di partenza e del sistema di monitoraggio<\/strong><\/p>\n<p style=\"text-align: justify\">Si intende applicare, sulla base dei dati acquisiti dai sopralluoghi nelle aziende aderenti, l\u2019insieme delle procedure che permettono di analizzare il sistema di partenza e il sistema di monitoraggio, identificandone punti deboli e criticit\u00e0 e stimando la probabilit\u00e0 di eventi critici. La valutazione in termini di previsione affidabilistica dei sistemi di interesse permetter\u00e0 inoltre di ottimizzare le tempistiche delle manutenzioni, gestendole anche sulla base dei dati ottenuti dagli strumenti di monitoraggio.<\/p>\n<p><strong>WP4 \u2013 Trasferimento tecnologico per la gestione efficiente delle risorse aziendali<\/strong><\/p>\n<p style=\"text-align: justify\">Si intende fornire le informazioni, le competenze e i mezzi per utilizzare, gestire e innovare nel lungo periodo il sistema aziendale. In particolare, un&#8217;intensa attivit\u00e0 di formazione consentir\u00e0 di gestire in completa autonomia il sistema di monitoraggio sviluppato. La fase di formazione terr\u00e0 conto delle diverse possibili basi di competenza e avr\u00e0 tempistiche opportunamente concordate con le aziende.<\/p>\n<p><strong>WP5 \u2013 Promozione delle attivit\u00e0 del Cluster SEMI e analisi dei risultati<\/strong><\/p>\n<p style=\"text-align: justify\">Si intende presentare, alla platea pi\u00f9 ampia possibile, le metodologie, i servizi offerti, le potenzialit\u00e0 e i risultati del Cluster. Questo si otterr\u00e0 innanzi tutto mediante una piattaforma web che raccolga documenti ed eventi e abbia un\u2019interfaccia facilmente accessibile alle aziende. Eventi e workshop consentiranno inoltre l\u2019interazione con addetti ed esperti del settore.<\/p>","protected":false},"excerpt":{"rendered":"<p>SEMI \u00e8 un progetto\u00a0Cluster Top-Down\u00a0finanziato da Sardegna Ricerche con fondi POR FESR 2014\/2020 \u2013 ASSE PRIORITARIO I \u201cRICERCA SCIENTIFICA, SVILUPPO TECNOLOGICO E INNOVAZIONE\u201d. www.sardegnaricerche.it\/SEMI Scheda SEMI_ClusterTopDown_2018 Le nuove sfide presentate dal progresso tecnologico e dalla globalizzazione del mercato richiedono non solo una visione innovativa del futuro ma anche l\u2019acquisizione di nuove competenze e strumenti. Il progetto SEMI \u00e8 finalizzato a &#8230; <a href=\"https:\/\/sites.unica.it\/semi\/\" class=\"more-link\">Read More<\/a><\/p>\n","protected":false},"author":643,"featured_media":0,"parent":0,"menu_order":0,"comment_status":"closed","ping_status":"closed","template":"","meta":{"footnotes":""},"class_list":["post-4","page","type-page","status-publish","hentry","no-post-thumbnail"],"_links":{"self":[{"href":"https:\/\/sites.unica.it\/semi\/wp-json\/wp\/v2\/pages\/4","targetHints":{"allow":["GET"]}}],"collection":[{"href":"https:\/\/sites.unica.it\/semi\/wp-json\/wp\/v2\/pages"}],"about":[{"href":"https:\/\/sites.unica.it\/semi\/wp-json\/wp\/v2\/types\/page"}],"author":[{"embeddable":true,"href":"https:\/\/sites.unica.it\/semi\/wp-json\/wp\/v2\/users\/643"}],"replies":[{"embeddable":true,"href":"https:\/\/sites.unica.it\/semi\/wp-json\/wp\/v2\/comments?post=4"}],"version-history":[{"count":13,"href":"https:\/\/sites.unica.it\/semi\/wp-json\/wp\/v2\/pages\/4\/revisions"}],"predecessor-version":[{"id":274,"href":"https:\/\/sites.unica.it\/semi\/wp-json\/wp\/v2\/pages\/4\/revisions\/274"}],"wp:attachment":[{"href":"https:\/\/sites.unica.it\/semi\/wp-json\/wp\/v2\/media?parent=4"}],"curies":[{"name":"wp","href":"https:\/\/api.w.org\/{rel}","templated":true}]}}