{"id":359,"date":"2013-05-31T13:35:54","date_gmt":"2013-05-31T13:35:54","guid":{"rendered":"http:\/\/www.sandrodemuro.it\/?page_id=359"},"modified":"2017-12-19T10:43:11","modified_gmt":"2017-12-19T09:43:11","slug":"359-2","status":"publish","type":"page","link":"https:\/\/sites.unica.it\/sandrodemuro\/359-2\/","title":{"rendered":"O.C.E.A.N.S."},"content":{"rendered":"<h2><img loading=\"lazy\" decoding=\"async\" class=\"aligncenter  wp-image-1064\" style=\"border: 0px\" title=\"oceans\" src=\"http:\/\/sites.unica.it\/coastalandmarinegeologygroup\/files\/2013\/05\/oceans.jpg\" alt=\"\" width=\"1114\" height=\"269\" \/><\/h2>\n<h2>Convenzione quadro tra Universit\u00e0 degli Studi di Cagliari, Universit\u00e0 degli Studi di Trieste, Comune di Palau, Provincia di Olbia-Tempio per la creazione e gestione dell\u2019Osservatorio Coste E Ambiente Naturale Sottomarino (O.C.E.A.N.S.)<\/h2>\n<p>Strumento finanziario: <strong>Convenzione con Comune di Palau e Provincia di Olbia Tempio \u00a0<\/strong><\/p>\n<p>Responsabile Scientifico\u00a0<strong>Prof. Sandro De Muro<\/strong><\/p>\n<p><strong>Il Progetto<\/strong><\/p>\n<p>L\u2019Osservatorio Coste E Ambiente Naturale Sottomarino (<strong>O.C.E.A.N.S.<\/strong>) , \u00e8 un centro costituito attraverso una Convenzione quadro tra l\u2019Universit\u00e0 degli Studi di Cagliari, l\u2019Universit\u00e0 degli Studi di Trieste e il Comune di Palau, a questa convenzione si \u00e8 poi aggiunta la Provincia di Olbia-Tempio.<\/p>\n<p>La struttura \u00e8 ospitata presso il Faro della Marina Militare Italiana di Punta Sardegna a Palau (OT). Il Faro \u00e8 dotato di tre laboratori: sedimentologia, cartografia e GIS, geologia e geofisica marina e pu\u00f2 ospitare fino a dodici ricercatori.<\/p>\n<p>L\u2019<strong>O.C.E.A.N.S.<\/strong>\u00a0si avvale delle pi\u00f9 moderne tecnologie per lo studio delle coste e dei fondali marini utilizzando attrezzature scientifiche delle Universit\u00e0 che gli hanno dato vita (Cagliari e Trieste).<br \/>\nLa struttura, attualmente, oltre a fungere da base logistica per le attivit\u00e0 didattiche e di ricerca del Coastal and Marine Geomorphology Group (coordinate dal Prof. Sandro De Muro), \u00e8 aperta a tutti i ricercatori che si occupano di Scienze del Mare.<\/p>\n<p>Le principali tematiche di ricerca affrontate nella struttura sono volte a:<br \/>\n&#8211; Studi sull\u2019evoluzione e dinamica dei litorali (avanzamento, arretramento e stabilit\u00e0)<br \/>\n&#8211; Sedimentologia, geologia marina e cartografia delle coste e dei fondali<br \/>\n&#8211; Assistenza alla pianificazione e gestione delle coste<br \/>\n&#8211; Indirizzo sulle opzioni di adattamento alla variazione climatica<br \/>\n&#8211; Alta formazione ed educazione ambientale<\/p>\n<p>Tra gli obiettivi primari che l\u2019Osservatorio intende valorizzare vi \u00e8 l\u2019aspetto divulgativo dell\u2019informazione scientifica in accordo con le politiche del Ministero dell\u2019Istruzione e dell\u2019Universit\u00e0. A tal fine, \u00e8 disponibile a tutte le forme di cooperazione e interazione possibili con Scuole, Enti, Associazioni di cittadini che sulle coste e sul mare hanno, oltre che competenza istituzionale, volont\u00e0 di salvaguardarle e valorizzarle.<\/p>\n<h2>Progetto in corso<\/h2>\n<p><strong>Risultati:<\/strong><\/p>\n<p>Le attivit\u00e0 del Coastal and Marine Geomorphology Group, svolte con il coordinamento del Prof. Sandro DeMuro \u2013 Universit\u00e0 di Cagliari, hanno permesso di attivare e garantire il funzionamento presso il faro di Punta Sardegna dell\u2019Osservatorio Coste E Ambiente Naturale Sottomarino (O.C.E.A.N.S.) che oggi, grazie al Progetto Res-Mar \u00e8 anche la sede sarda del \u201cCentro Transfrontaliero per lo Studio della Dinamica dei Litorali\u201d.<\/p>\n<p>I numerosi progetti di ricerca svolti a partire dal 2000, hanno permesso di creare una rete di studio e monitoraggio su 35 spiagge della Sardegna. Le ricerche svolte hanno portato inoltre alla realizzazione della banca dati dell\u2019OCEANS basata su: raccolta, catalogazione, archiviazione e analisi di dati aerofotogrammetrici, satellitari, cartografici, topografico-batimetrici, sedimentologici, climatici, di moto ondoso e idrodinamica, relativi ai sistemi di spiaggia studiati dal \u201cCoastal and Marine Geomorphology Group\u201d dell\u2019Universit\u00e0 di Cagliari.<\/p>\n<p>I dati raccolti, catalogati, archiviati ed analizzati sono stati pubblicati, oltre che nei consueti canali scientifici, anche mediante una piattaforma webgis ospitata nel sito dell\u2019Osservatorio Coste E Ambiente Sottomarino (www.osservatoriocostesardegna.eu) e residente presso un Server, appositamente costruito e ospitato nel Dipartimento di Scienze Chimiche e Geologiche dell\u2019Universit\u00e0 di Cagliari.<\/p>\n<p>La metodologia, il sistema di banca dati e la pubblicazione mediante webgis forniscono, per numerose spiagge della Sardegna (rete di 35 spiagge), informazioni utili per indirizzi gestionali e di progettazione di interventi per la conservazione, accessibili ad un ampio pubblico di potenziali utenti.<\/p>\n<p><strong>Prodotti scientifici:<\/strong><\/p>\n<p><strong>Batzella T., Pusceddu N., Kalb C., Ferraro F., Ibba A., DeMuro S. (2011)<\/strong> \u2013 &#8220;Bars and troughs dynamic and evolution trend of La Cinta beach (San Teodoro OT) &#8211; NE Sardinia&#8221;, Rend. Online Soc. Geol. It., Vol. 17 (2011), 17-23 (DOI 10.3301\/ROL.2011.13)<\/p>\n<p><strong>Batzella T., Pusceddu N., Kalb C., Ibba A, Ferraro F., DeMuro S. (2011)<\/strong> \u2013 \u00a0&#8220;Bars and troughs dynamic and short-term evolution of two beaches on NE Sardinia: La Cinta (San Teodoro, OT) and Budoni (OT)&#8221;, in: Abstract 28th IAS Meeting of Sedimentology, Zaragoza, Spain &#8211; July 5-8th 2011 (Eds. B. B\u00e0denas, M. Aurell and A.M. Alonso-Zarza), p.145. ISBN 978-84-615-1755-8.<\/p>\n<p><strong>De Falco G., Simeone S., Batzella T., Cancemi G., Cancemi M, DeMuro S. (2008)<\/strong> \u2013 &#8220;Arretramento della linea di riva e rimozione della banquette di Posidonia oceanica nella spiaggia di Paragan (Corsica meridionale)&#8221;, Atti del \u201c84\u00b0 Congresso Nazionale della Societ\u00e0 Geologica Italiana\u201d 15-17 Settembre 2008, Sassari &#8211; Rend.online Soc. Geol. It., 3 (2008), 296-297. ISSN 2035-8008<\/p>\n<p><strong>De Falco G., Simeone S., DeMuro S. (2010)<\/strong> &#8211; &#8220;Analisi della dinamica deposizionale delle banquette di Posidonia oceanica nella spiaggia di Cala di Trana (Palau) mediante video-monitoraggio&#8221;, in De Muro S. e De Falco G. (A cura di) &#8211; &#8220;Manuale per la gestione delle spiagge &#8211; Studi, indagini ed esperienze sulle spiagge Sarde e Corse&#8221;, University press \u2013 Scienze Costiere e Marine, CUEC (2010), 136-150. ISBN 978-88-8467-629-0<\/p>\n<p><strong>De Falco G., Simeone S., Solinas G., Batzella T., Cancemi G., Cancemi M., DeMuro S. (2010)<\/strong> \u2013 &#8220;Relazione tra arretramento della linea di riva e rimozione delle banquette di Posidonia oceanica nella spiaggia di Paragan (Corsica meridionale)&#8221;, in De Muro S. e De Falco G. (A cura di) &#8211; &#8220;Manuale per la gestione delle spiagge &#8211; Studi, indagini ed esperienze sulle spiagge Sarde e Corse&#8221;, University press \u2013 Scienze Costiere e Marine, CUEC (2010), 151-163. ISBN 978-88-8467-629-0<\/p>\n<p><strong>De Muro S., Ibba A., Ferraro F., Ferrara C., Batzella T., Pusceddu N., Kalb, C. (2012)<\/strong> &#8211; &#8220;Morpho-sedimentological map of Chia beaches &#8211; SCI ITB042230 \u201cPorto Campana\u201d (SW Sardinia, Mediterranean Sea &#8211; Italy)&#8221;, Atti del \u201c29th IAS Meeting of Sedimentology Schladming, Austria 10th-13th September 2012, p.243<\/p>\n<p><strong>DeMuro S.,\u00a0 De Falco G.<\/strong> (a cura di) <strong>(2010)<\/strong> \u2013<a href=\"http:\/\/webgis.osservatoriocostesardegna.com\/oceans\/?page_id=1169\"> &#8220;Manuale per la gestione delle spiagge &#8211; Studi, indagini ed esperienze sulle spiagge sarde e corse&#8221;<\/a>, University press \u2013 Scienze Costiere e Marine, CUEC. ISBN 978-88-8467-629-0 (2010), pp. 368.<\/p>\n<p><strong>DeMuro S., Batzella T., Kalb C., Pusceddu N. (2008)<\/strong> \u2013 \u00a0&#8220;Processi sedimentari, idrodinamica e modellizzazione delle spiagge di Santa Margherita, Solanas, Cala di Trana e La Sciumara (Sardegna \u2013 Italia)&#8221;, Atti del \u201c84\u00b0 Congresso Nazionale della Societ\u00e0 Geologica Italiana\u201d 15-17 Settembre 2008, Sassari &#8211; Rend.online Soc. Geol. It., 3 (2008), 308-309. ISSN 2035-8008<\/p>\n<p><strong>DeMuro S., Kalb C. (2010)<\/strong> \u2013 &#8220;Distribuzione sedimentaria, moto ondoso e monitoraggio della spiaggia di Solanas (Sinnai &#8211; Sardegna Sud-Orientale)&#8221;, in De Muro S., De Falco G. (A cura di) &#8211; Manuale per la gestione delle spiagge &#8211; Studi, indagini ed esperienze sulle spiagge Sarde e Corse, University press \u2013 Scienze Costiere e Marine, CUEC (2010), 260-288. ISBN 978-88-8467-629-0<\/p>\n<p><strong>DeMuro S., Kalb C., Batzella T., Pusceddu N. (2010)<\/strong> &#8211; &#8220;Morfologia, idrodinamica e sedimentologia dei sistemi di spiaggia di Cala di Trana, La Sciumara e Venalonga (Palau &#8211; Sardegna Nord Orientale)&#8221;, in De Muro S., De Falco G. (A cura di)\u00a0 &#8211; Manuale per la gestione delle spiagge &#8211; Studi, indagini ed esperienze sulle spiagge Sarde e Corse, University press \u2013 Scienze Costiere e Marine, CUEC (2010), 103-135. ISBN 978-88-8467-629-0<\/p>\n<p><strong>DeMuro S., Kalb C., Ferraro F., Batzella T., Pusceddu N., Ferrara C., Ibba A. (2012)<\/strong> \u2013 &#8220;Sedimentary and morphodynamic processes of microtidal wave dominated mediterranean beaches (Villasimius &#8211; SE Sardinia)&#8221;, Riassunti del \u201cQuarto Simposio Internazionale &#8211; Il monitoraggio costiero Mediterraneo: problematiche e tecniche di misura\u201d Livorno 12-13-14 Giugno 2012, pp. 107-108<\/p>\n<p><strong>DeMuro S., Kalb C., Ferraro F., Batzella T., Pusceddu N., Ferrara C., Ibba A. (2012)\u00a0<\/strong>\u2013 &#8220;Development of monitoring network and methodology for the study of sedimentary and morpho-dynamics processes of microtidal wave dominated mediterranean beaches (Sardinia)&#8221;, Atti del \u201cQuarto Simposio Internazionale &#8211; Il monitoraggio costiero Mediterraneo: problematiche e tecniche di misura\u201d Livorno 12-13-14 Giugno 2012, pp. 229-236. ISBN 978-88-95597-13-3<\/p>\n<p><strong>DeMuro S., Kalb C., Ferraro F., Batzella T., Pusceddu N., Ibba A. (2012)<\/strong> \u2013 &#8220;Attivit\u00e0 dell\u2019Osservatorio Coste E Ambiente Naturale Sottomarino (O.C.E.A.N.S.) e implemento della rete di monitoraggio e delle metodologie per lo studio dei processi sedimentari e morfo-dinamici di spiagge mediterranee microtidali dominate da moto ondoso (Sardegna)&#8221;. Atti della Giornata di Studio \u201cLa tutela del mare dagli inquinamenti di tipo accidentale\u201d 18\/05\/2012 \u2013 Scuola Sottufficiali Marina Militare \u201cMOVM Domenico Bastianini\u201d &#8211; Litografia Mariscuola La Maddalena \u2013 pp. 31-55<\/p>\n<p><strong>DeMuro S., Kalb C., Ibba A., Batzella T., Pusceddu N., Ferrara C., Ferraro F. (2011)<\/strong> \u2013 &#8220;Coastal dunes vulnerability. GAVAM checklist method used at three mediterranean microtidal wave dominated beaches (Gulf of Cagliari)&#8221;, Rend. Online Soc. Geol. It., Vol. 17 (2011), 77-82 (DOI: 10.3301\/ROL.2011.26)<\/p>\n<p><strong>DeMuro S., Kalb C., Ibba A., Ferraro F., Ferrara C. (2010)<\/strong> \u2013 &#8220;Sedimentary processes, morphodynamics and sedimentological map of Porto Giunco-Simius-Is Traias beaches (Villasimius &#8211; SE Sardinia)&#8221;, Atti del Convegno GeoSed 2010, Torino, 25-26<\/p>\n<p><strong>DeMuro S., Kalb C., Ibba A., Ferraro F., Ferrara C. (2010)<\/strong> \u2013 &#8220;Sedimentary processes, morphodynamics and sedimentological map of\u00a0 \u201cPorto Campana\u201d SCI beaches (Domus de Maria &#8211; SW Sardinia)&#8221;, Rend.online Soc. Geol. It., 11(2010), 756-757. ISSN 2035-8008<\/p>\n<p><strong>DeMuro S., Kalb C., Pusceddu N., Ibba A. (2013)<\/strong> \u2013 &#8220;The activity of \u201cOsservatorio Coste E Ambiente Naturale Sottomarino\u201d (OCEANS) and the implementation of a monitoring network and study methodology for sedimentological and morphodynamic processes of Mediterranean microtidal wave-dominated beaches (Sardinia)&#8221;. In <strong>Cipriani L.E.<\/strong> (Eds.)(2013) &#8211; Coastal erosion monitoring. A network of regional observatories \u2013 Regione Toscana. PP. 95-109<\/p>\n<p><strong>DeMuro S., Lai A., Pusceddu N., Kalb C. (2010)<\/strong> &#8211; &#8220;Relazione tra idrodinamica e processi di sedimentazione nella spiaggia di Santa Margherita di Pula (Golfo di Cagliari \u2013 Sardegna Sud-Occidentale)&#8221;, in DeMuro S., De Falco G. (A cura di) &#8211; &#8220;Manuale per la gestione delle spiagge &#8211; Studi, indagini ed esperienze sulle spiagge Sarde e Corse&#8221;, University press \u2013 Scienze Costiere e Marine, CUEC (2010), 225-259. ISBN 978-88-8467-629-0<\/p>\n<p><strong>DeMuro S., Pusceddu N.<\/strong> (A cura di) <strong>(2012)<\/strong> &#8211; <a href=\"http:\/\/webgis.osservatoriocostesardegna.com\/oceans\/?page_id=1179\">&#8220;Atlante delle spiagge della Gallura \u2013 evoluzione recente, regime, assetti, tendenza e criticit\u00e0 di dieci sistemi di spiaggia campione&#8221;<\/a>, University press \u2013 Scienze Costiere e Marine, CUEC (2012), p. 237. ISBN 978-88-8467-732-7 (in press)<\/p>\n<p><strong>DeMuro S., Pusceddu N., Batzella T., Ibba A., Ferraro F., Kalb C. (2009)<\/strong> \u2013 &#8220;Evolution trend of La Cinta beach (San Teodoro) after the flooding on 24th September 2009&#8221;, Atti del Convegno GeoSed 2010, Torino, 27<\/p>\n<p><strong>Ferrara C., Ibba A, Usai A., Onnis A., Kalb C., DeMuro S. (2010)<\/strong> &#8211; &#8220;Dati preliminari sulla dinamica di due sistemi costieri sardi: Is Arenas di Narbolia (sardegna Centro-occidentale) e Villasimius (Sardegna Sud Orientale)&#8221;, in DeMuro S. e De Falco G. (A cura di) &#8211; &#8220;Manuale per la gestione delle spiagge &#8211; Studi, indagini ed esperienze sulle spiagge Sarde e Corse&#8221;, University press \u2013 Scienze Costiere e Marine, CUEC (2010), 289-323. ISBN 978-88-8467-629-0<\/p>\n<p><strong>Pusceddu N., Batzella T., Kalb C., Ferraro F., Ibba A., DeMuro S. (2011)<\/strong> \u2013 &#8220;Short-term evolution of Budoni beach on NE Sardinia&#8221;, Rend. Online Soc. Geol. It., Vol. 17 (2011), 155-159 (DOI: 10.3301\/ROL.2011.45)<\/p>\n<p><strong>Pusceddu N., Batzella T., Kalb C., Ferraro F., Ibba A., DeMuro S. (2012)<\/strong> \u2013 &#8220;Medium and short-term evolution of two beaches on NE Sardina: La Cinta (San Teodoro, OT) and Budoni (OT)&#8221;, Proceedings of the \u201c34th International Geological Congress 2012\u201d, Brisbane, Australia, 5\u201310 August 2012, p.1319 ISBN 978-0-646-57800-2<\/p>\n<p style=\"text-align: left\"><strong>Prodotti divulgativi:<\/strong><\/p>\n<p style=\"text-align: left\"><a href=\"http:\/\/webgis.osservatoriocostesardegna.com\/oceans\/?page_id=695\">&#8220;Decalogo per la gestione delle Spiagge Sarde&#8221; &#8211; Come salvaguardare e conservare questo bene ambientale<\/a>. A cura di Sandro De Muro, Gianni De Falco e Maurizio Costa<\/p>\n<p style=\"text-align: left\"><a href=\"http:\/\/webgis.osservatoriocostesardegna.com\/oceans\/?page_id=1089\">\u00a0&#8220;Dove inizia il mare&#8221; &#8211; Buone pratiche per lo studio, la salvaguardia e la gestione delle spiagge sarde<\/a>. Video-Documentario a cura di Sandro De Muro e Giampiero Dore. Atti scientifici e divulgativi del Progetto Interreg IIIA GERER \u201cGestion int\u00e8gr\u00e8e de l\u2019environnement \u00e0 haute risque d\u2019\u00e8rosion\u201d (2008), Universit\u00e0 degli Studi di Cagliari.<\/p>\n<p style=\"text-align: left\"><a href=\"http:\/\/webgis.osservatoriocostesardegna.com\/oceans\/?page_id=1219\">\u201cRicerche geologico-marine nelle Bocche di Bonifacio\u201d<\/a><span style=\"color: #333333;font-style: normal;line-height: 24px\">&#8211; Lavoro svolto nell\u2019ambito dell\u2019attivit\u00e0 della Scuola di Geologia Ambientale Subacquea diretta dal Prof. Sandro De Muro. Video-Documentario a cura di: Elio Susini<\/span><\/p>\n<p style=\"text-align: left\"><a href=\"http:\/\/webgis.osservatoriocostesardegna.com\/oceans\/?page_id=1120\">\u201cTra Patagonia e Tierra del Fuego\u201d<\/a>\u00a0Video-Documentario a cura di Sandro DeMuro e Giampiero Dore<\/p>\n<p style=\"text-align: left\"><a href=\"http:\/\/webgis.osservatoriocostesardegna.com\/oceans\/?page_id=1174\">\u201cProgetto Life+ Providune\u201d &#8211; Trailer<\/a>. Video-Documentario cura di: DeMuro S., Ibba A. , Ferraro F., Kalb C., Batzella T., Pusceddu N., Serra S., Serra P.<\/p>\n<p style=\"text-align: left\"><a href=\"http:\/\/webgis.osservatoriocostesardegna.com\/oceans\/?page_id=692\">Cartellonistica<\/a><\/p>\n","protected":false},"excerpt":{"rendered":"<p>Convenzione quadro tra Universit\u00e0 degli Studi di Cagliari, Universit\u00e0 degli Studi di Trieste, Comune di Palau, Provincia di Olbia-Tempio per la creazione e gestione dell\u2019Osservatorio Coste E Ambiente Naturale Sottomarino (O.C.E.A.N.S.) Strumento finanziario: Convenzione con Comune di Palau e Provincia &hellip; <a href=\"https:\/\/sites.unica.it\/sandrodemuro\/359-2\/\">Continua a leggere<span class=\"meta-nav\">&rarr;<\/span><\/a><\/p>\n","protected":false},"author":2003,"featured_media":0,"parent":0,"menu_order":0,"comment_status":"closed","ping_status":"open","template":"","meta":{"ngg_post_thumbnail":0,"footnotes":""},"class_list":["post-359","page","type-page","status-publish","hentry"],"_links":{"self":[{"href":"https:\/\/sites.unica.it\/sandrodemuro\/wp-json\/wp\/v2\/pages\/359","targetHints":{"allow":["GET"]}}],"collection":[{"href":"https:\/\/sites.unica.it\/sandrodemuro\/wp-json\/wp\/v2\/pages"}],"about":[{"href":"https:\/\/sites.unica.it\/sandrodemuro\/wp-json\/wp\/v2\/types\/page"}],"author":[{"embeddable":true,"href":"https:\/\/sites.unica.it\/sandrodemuro\/wp-json\/wp\/v2\/users\/2003"}],"replies":[{"embeddable":true,"href":"https:\/\/sites.unica.it\/sandrodemuro\/wp-json\/wp\/v2\/comments?post=359"}],"version-history":[{"count":1,"href":"https:\/\/sites.unica.it\/sandrodemuro\/wp-json\/wp\/v2\/pages\/359\/revisions"}],"predecessor-version":[{"id":1339,"href":"https:\/\/sites.unica.it\/sandrodemuro\/wp-json\/wp\/v2\/pages\/359\/revisions\/1339"}],"wp:attachment":[{"href":"https:\/\/sites.unica.it\/sandrodemuro\/wp-json\/wp\/v2\/media?parent=359"}],"curies":[{"name":"wp","href":"https:\/\/api.w.org\/{rel}","templated":true}]}}