{"id":25,"date":"2025-04-01T11:12:27","date_gmt":"2025-04-01T09:12:27","guid":{"rendered":"https:\/\/sites.unica.it\/revi\/?page_id=25"},"modified":"2025-04-01T11:12:27","modified_gmt":"2025-04-01T09:12:27","slug":"reuse-and-valorise-by-innovating-revi-2nd-edition","status":"publish","type":"page","link":"https:\/\/sites.unica.it\/revi\/reuse-and-valorise-by-innovating-revi-2nd-edition\/","title":{"rendered":"Reuse and valorise by innovating (REVI), 2nd edition"},"content":{"rendered":"\n<p>Erasmus+ Blended Intensive Programme (BIP) <\/p>\n\n\n\n<h2 class=\"wp-block-heading\"><strong>The REVI Project: Mission, Collaboration, and Educational Impact<\/strong><\/h2>\n\n\n\n<p>With a strong commitment to sustainability, REVI aims to provide knowledge on <strong>transforming by-products into opportunities<\/strong>, benefiting local economies, global health, and environmental preservation.<\/p>\n\n\n\n<p>Thanks to its consortium, which includes the <strong>University of Cagliari (Italy)<\/strong> and the <strong>Universities of Castilla-La Mancha (Spain)<\/strong>, <strong>Iasi (Romania)<\/strong>, <strong>Murcia (Spain)<\/strong>, and <strong>Porto (Portugal)<\/strong>, REVI benefits from diverse perspectives that enrich the project and strengthen its commitment to ecological balance and future-oriented solutions.<\/p>\n\n\n\n<p>Participants will engage in <strong>theoretical lessons and laboratory sessions<\/strong>, designed to provide in-depth training with the aim of encouraging international study opportunities, doctoral research, and the independent development of eco-sustainable projects that contribute to economic and social progress.<\/p>\n\n\n\n<h2 class=\"wp-block-heading\">Course Details: Format, Schedule, Registration, and ECTS Credits<\/h2>\n\n\n\n<p>REVI is held in a <strong>blended format<\/strong>, combining both <strong>virtual<\/strong> and <strong>in-person<\/strong> lessons and laboratories.<\/p>\n\n\n\n<p>The <strong>virtual component<\/strong> will take place on <strong>May 7<sup>th<\/sup><\/strong>.<\/p>\n\n\n\n<p>The <strong>in-person component<\/strong> will take place <strong>from June 3<sup>rd<\/sup> to 7<sup>th<\/sup><\/strong>. Participants will be hosted <strong>at the University of Cagliari facilities<\/strong>.<\/p>\n\n\n\n<p>REVI is open to <strong>students (1<sup>st<\/sup>, 2<sup>nd<\/sup>, and 3<sup>rd<\/sup> cycle)<\/strong> enrolled in the <strong>Pharmacy and Biotechnology degree programs<\/strong>.<\/p>\n\n\n\n<p><strong>Registrations will close at the<\/strong> <strong>end of April<\/strong>.<\/p>\n\n\n\n<p><strong>Participants will earn 3 ECTS<\/strong> upon successful completion of the course.<\/p>\n\n\n\n<h2 class=\"wp-block-heading\">Learning outcomes<\/h2>\n\n\n\n<p>At the end of the course, participants will be able to:<\/p>\n\n\n\n<ul class=\"wp-block-list\">\n<li>Identify agri-food streams with the highest environmental impact<\/li>\n\n\n\n<li>Select the waste with the greatest market potential<\/li>\n\n\n\n<li>Design eco-sustainable processes<\/li>\n\n\n\n<li>Choose the right delivery system or dosage form for cosmetics and nutraceuticals<\/li>\n\n\n\n<li>Characterize the final product for quality, safety, and efficacy<\/li>\n\n\n\n<li>Scale up production<\/li>\n\n\n\n<li>Create innovative market-ready products that appeal to customers and improve health<\/li>\n<\/ul>\n\n\n\n<h2 class=\"wp-block-heading\">Contact details<\/h2>\n\n\n\n<p><strong>University of Cagliari (UniCA)<\/strong>: Dr. Matteo Aroffu, <a href=\"mailto:matteo.aroffu@unica.it\">matteo.aroffu@unica.it<\/a><\/p>\n\n\n\n<p><strong>University of Castilla-La Mancha (UCLM)<\/strong>: Prof. Mar\u00eda Elena Ala\u00f1\u00f3n Pardo, <a href=\"mailto:Mariaelena.Alanon@uclm.es\">Mariaelena.Alanon@uclm.es<\/a><\/p>\n\n\n\n<p><strong>Gheorghe Asachi Technical University of Ia\u015fi (TUIASI)<\/strong>: Prof. Catalina Anisoara Peptu, <a href=\"mailto:catalina-anisoara.peptu@academic.tuiasi.ro\">catalina-anisoara.peptu@academic.tuiasi.ro<\/a><\/p>\n\n\n\n<p><strong>University of Murcia (UMU)<\/strong>: Prof. Francisco Jos\u00e9 Gomez Garcia, <a href=\"mailto:fjgomez@um.es\">fjgomez@um.es<\/a><\/p>\n\n\n\n<p><strong>University of Porto (UP)<\/strong>: Prof. Paulo Costa, <a href=\"mailto:pccosta@ff.up.pt\">pccosta@ff.up.pt<\/a><\/p>\n","protected":false},"excerpt":{"rendered":"<p>Erasmus+ Blended Intensive Programme (BIP) The REVI Project: Mission, Collaboration, and Educational Impact With a strong commitment to sustainability, REVI aims to provide knowledge on transforming by-products into opportunities, benefiting local economies, global health, and environmental [&hellip;]<\/p>\n","protected":false},"author":10272,"featured_media":27,"parent":0,"menu_order":0,"comment_status":"closed","ping_status":"closed","template":"","meta":{"footnotes":""},"class_list":["post-25","page","type-page","status-publish","has-post-thumbnail","hentry"],"_links":{"self":[{"href":"https:\/\/sites.unica.it\/revi\/wp-json\/wp\/v2\/pages\/25","targetHints":{"allow":["GET"]}}],"collection":[{"href":"https:\/\/sites.unica.it\/revi\/wp-json\/wp\/v2\/pages"}],"about":[{"href":"https:\/\/sites.unica.it\/revi\/wp-json\/wp\/v2\/types\/page"}],"author":[{"embeddable":true,"href":"https:\/\/sites.unica.it\/revi\/wp-json\/wp\/v2\/users\/10272"}],"replies":[{"embeddable":true,"href":"https:\/\/sites.unica.it\/revi\/wp-json\/wp\/v2\/comments?post=25"}],"version-history":[{"count":1,"href":"https:\/\/sites.unica.it\/revi\/wp-json\/wp\/v2\/pages\/25\/revisions"}],"predecessor-version":[{"id":28,"href":"https:\/\/sites.unica.it\/revi\/wp-json\/wp\/v2\/pages\/25\/revisions\/28"}],"wp:featuredmedia":[{"embeddable":true,"href":"https:\/\/sites.unica.it\/revi\/wp-json\/wp\/v2\/media\/27"}],"wp:attachment":[{"href":"https:\/\/sites.unica.it\/revi\/wp-json\/wp\/v2\/media?parent=25"}],"curies":[{"name":"wp","href":"https:\/\/api.w.org\/{rel}","templated":true}]}}