{"id":8987,"date":"2025-08-07T13:38:00","date_gmt":"2025-08-07T11:38:00","guid":{"rendered":"https:\/\/sites.unica.it\/psicologiasalute\/?page_id=8987"},"modified":"2025-11-21T20:06:15","modified_gmt":"2025-11-21T19:06:15","slug":"andrea_fracci","status":"publish","type":"page","link":"https:\/\/sites.unica.it\/psicologiasalute\/organizzazione\/specializzand-1-anno\/andrea_fracci\/","title":{"rendered":"Andrea Fracci"},"content":{"rendered":"\n<div style=\"height:25px\" aria-hidden=\"true\" class=\"wp-block-spacer\"><\/div>\n\n\n\n<p>Psicologo iscritto all\u2019Ordine degli Psicologi e delle Psicologhe della Sardegna (n.4055), attualmente specializzando in Psicologia della Salute.<br>Ho conseguito la laurea triennale in Scienze e Tecniche Psicologiche con una tesi sulla natura intersoggettiva della mente basata sul passaggio dalle teorie monopersonali a quelle relazionali. Ho poi ultimato gli studi universitari in Psicologia Clinica nel 2023 con una tesi centrata sull\u2019analisi dei fenomeni digitali in chiave psicodinamica, un lavoro in cui ho posto i social media e l\u2019intelligenza artificiale sotto le lenti della psicologia del profondo. In seguito, ho svolto il tirocinio post-lauream presso il Centro per la Cura dei Disturbi Alimentari \u201cAnanke\u201d di Cagliari, dove, insieme a un\u2019\u00e9quipe multidisciplinare, ho collaborato alla progettazione di diverse linee di intervento mirate alla cura dei Disturbi della Nutrizione e dell\u2019Alimentazione. Tuttora collaboro con il Centro Ananke spinto dal desiderio di studiare e lavorare con le \u201cnuove forme del sintomo\u201d, tra cui Anoressia e Bulimia.<br>Non solo clinica: attualmente sono coinvolto in attivit\u00e0 di ricerca-azione nell\u2019ambito del progetto di ateneo \u201cPro-ben MoEBIUS\u201d volto alla promozione del benessere accademico e alla prevenzione di comportamenti maladattivi in ambito digitale.<br>Ho scelto di specializzarmi in Psicologia della Salute, convinto che la psiche non risieda esclusivamente \u201cdentro\u201d: anche i territori hanno una psiche. Pertanto, tutte le condizioni psicologiche devono essere indagate rispetto al contesto simbolico-culturale in cui attecchiscono, senza mai slegarle dal corpo e dalla profonda unicit\u00e0 del soggetto.<br>Accanto alla mia attivit\u00e0 professionale coltivo una forte passione per la scrittura e, pi\u00f9 in generale, per le arti letterarie e audiovisive: da qui nasce il mio interesse per i processi di espressione creativa e narrativa come funzioni psichiche fondamentali.<\/p>\n\n\n\n<p>PEC: <a href=\"mailto:a.fracci@psypec.it\">a.fracci@psypec.it<\/a>\u00a0<br>E-mail: <a href=\"mailto:fracci.andrea@gmail.com\">fracci.andrea@gmail.com<\/a><\/p>\n","protected":false},"excerpt":{"rendered":"<p>Psicologo iscritto all\u2019Ordine degli Psicologi e delle Psicologhe della Sardegna (n.4055), attualmente specializzando in Psicologia della Salute.Ho conseguito la laurea triennale in Scienze e Tecniche Psicologiche con una tesi sulla natura intersoggettiva della mente basata sul [&hellip;]<\/p>\n","protected":false},"author":9406,"featured_media":0,"parent":7485,"menu_order":0,"comment_status":"closed","ping_status":"closed","template":"","meta":{"footnotes":""},"class_list":["post-8987","page","type-page","status-publish","hentry"],"_links":{"self":[{"href":"https:\/\/sites.unica.it\/psicologiasalute\/wp-json\/wp\/v2\/pages\/8987","targetHints":{"allow":["GET"]}}],"collection":[{"href":"https:\/\/sites.unica.it\/psicologiasalute\/wp-json\/wp\/v2\/pages"}],"about":[{"href":"https:\/\/sites.unica.it\/psicologiasalute\/wp-json\/wp\/v2\/types\/page"}],"author":[{"embeddable":true,"href":"https:\/\/sites.unica.it\/psicologiasalute\/wp-json\/wp\/v2\/users\/9406"}],"replies":[{"embeddable":true,"href":"https:\/\/sites.unica.it\/psicologiasalute\/wp-json\/wp\/v2\/comments?post=8987"}],"version-history":[{"count":3,"href":"https:\/\/sites.unica.it\/psicologiasalute\/wp-json\/wp\/v2\/pages\/8987\/revisions"}],"predecessor-version":[{"id":9788,"href":"https:\/\/sites.unica.it\/psicologiasalute\/wp-json\/wp\/v2\/pages\/8987\/revisions\/9788"}],"up":[{"embeddable":true,"href":"https:\/\/sites.unica.it\/psicologiasalute\/wp-json\/wp\/v2\/pages\/7485"}],"wp:attachment":[{"href":"https:\/\/sites.unica.it\/psicologiasalute\/wp-json\/wp\/v2\/media?parent=8987"}],"curies":[{"name":"wp","href":"https:\/\/api.w.org\/{rel}","templated":true}]}}

<div style="height:25px" aria-hidden="true" class="wp-block-spacer"></div>



<p>Psicologo iscritto all’Ordine degli Psicologi e delle Psicologhe della Sardegna (n.4055), attualmente specializzando in Psicologia della Salute.<br>Ho conseguito la laurea triennale in Scienze e Tecniche Psicologiche con una tesi sulla natura intersoggettiva della mente basata sul passaggio dalle teorie monopersonali a quelle relazionali. Ho poi ultimato gli studi universitari in Psicologia Clinica nel 2023 con una tesi centrata sull’analisi dei fenomeni digitali in chiave psicodinamica, un lavoro in cui ho posto i social media e l’intelligenza artificiale sotto le lenti della psicologia del profondo. In seguito, ho svolto il tirocinio post-lauream presso il Centro per la Cura dei Disturbi Alimentari “Ananke” di Cagliari, dove, insieme a un’équipe multidisciplinare, ho collaborato alla progettazione di diverse linee di intervento mirate alla cura dei Disturbi della Nutrizione e dell’Alimentazione. Tuttora collaboro con il Centro Ananke spinto dal desiderio di studiare e lavorare con le “nuove forme del sintomo”, tra cui Anoressia e Bulimia.<br>Non solo clinica: attualmente sono coinvolto in attività di ricerca-azione nell’ambito del progetto di ateneo “Pro-ben MoEBIUS” volto alla promozione del benessere accademico e alla prevenzione di comportamenti maladattivi in ambito digitale.<br>Ho scelto di specializzarmi in Psicologia della Salute, convinto che la psiche non risieda esclusivamente “dentro”: anche i territori hanno una psiche. Pertanto, tutte le condizioni psicologiche devono essere indagate rispetto al contesto simbolico-culturale in cui attecchiscono, senza mai slegarle dal corpo e dalla profonda unicità del soggetto.<br>Accanto alla mia attività professionale coltivo una forte passione per la scrittura e, più in generale, per le arti letterarie e audiovisive: da qui nasce il mio interesse per i processi di espressione creativa e narrativa come funzioni psichiche fondamentali.</p>



<p>PEC: <a href="mailto:a.fracci@psypec.it">a.fracci@psypec.it</a> <br>E-mail: <a href="mailto:fracci.andrea@gmail.com">fracci.andrea@gmail.com</a></p>
