{"id":7686,"date":"2025-04-17T14:07:21","date_gmt":"2025-04-17T12:07:21","guid":{"rendered":"https:\/\/sites.unica.it\/psicologiasalute\/?page_id=7686"},"modified":"2025-11-21T20:06:45","modified_gmt":"2025-11-21T19:06:45","slug":"carla_cossu","status":"publish","type":"page","link":"https:\/\/sites.unica.it\/psicologiasalute\/organizzazione\/specializzand-2-anno\/carla_cossu\/","title":{"rendered":"Carla Cossu"},"content":{"rendered":"\n<div style=\"height:25px\" aria-hidden=\"true\" class=\"wp-block-spacer\"><\/div>\n\n\n\n<p>Psicologa iscritta all\u2019Ordine degli Psicologi e delle Psicologhe della Sardegna (n. 3230). Si \u00e8 laureata con lode presso la facolt\u00e0 di Cagliari in Psicologia dello Sviluppo e dei Processi Lavorativi, con indirizzo Sviluppo. Ha collaborato ad attivit\u00e0 di ricerca e clinica durante il tirocinio post lauream occupandosi in particolar modo di Linguaggio, della diagnosi del Disturbo dello Spettro dell\u2019Autismo e della diagnosi e trattamento del Disturbo da Deficit di Attenzione e Iperattivit\u00e0 presso il servizio di Neuropsichiatria Infantile e dell\u2019Adolescenza dell\u2019Ospedale Pediatrico Microcitemico \u201cAntonio Cao\u201d (ARNAS Brotzu). Successivamente ha approfondito lo studio delle traiettorie di sviluppo frequentando il Master di secondo livello in Psicopatologia dell\u2019apprendimento presso l\u2019Universit\u00e0 di Cagliari con la tesi \u201cLa valutazione cognitiva nei disturbi specifici dell\u2019apprendimento: analisi di un campione clinico\u201d. Durante il tirocinio del Master si \u00e8 formata in ambito psicodiagnostico presso il servizio dell\u2019UOC-NPIA (Unit\u00e0 Operativa Complessa-Neuropsichiatria Infantile e dell\u2019Adolescenza) della ASL di Cagliari situato nella Cittadella della Salute, focalizzandosi in particolar modo sui Disturbi Specifici dell\u2019Apprendimento. Ha proseguito la sua formazione con un Master Universitario biennale di primo livello in Counselling Socio-Educativo presso l\u2019Universit\u00e0 Pontificia Salesiana partecipando come tirocinante a un progetto educativo rivolto a persone con disturbi psichiatrici, e che ha coinvolto anche i genitori delle stesse in una terapia di gruppo guidata da psicoterapeuti. Ha approfondito la sua formazione frequentando il Corso di Perfezionamento in Disturbi dello Sviluppo Cognitivo, del Linguaggio, Difficolt\u00e0 di Apprendimento e Disturbi Neuropsicologici dell\u2019Apsia (Associazione Psicoterapia Infanzia e Adolescenza) e ha consolidato le sue competenze in ambito diagnostico presso l\u2019Unit\u00e0 Operativa di Neuropsichiatria dell\u2019Infanzia e dell\u2019Adolescenza del P.O. S. Barbara di Iglesias della ASL Sulcis, e nell\u2019ambito del trattamento e del potenziamento delle abilit\u00e0 neuropsicologiche nei disturbi del neurosviluppo presso il centro Logos Gesti e Parole di Monserrato, dove ha successivamente lavorato. Interessata ai valori dell\u2019inclusione, ha deciso di arricchire la sua formazione frequentando il Corso di Specializzazione per le attivit\u00e0 di sostegno, divenendo una docente specializzata. Ha approfondito le sue competenze nel settore scolastico dei Bisogni Educativi Speciali tramite ulteriori corsi e, inoltre, ha frequentato il Corso di Perfezionamento per diventare Tutor dell\u2019apprendimento presso l\u2019Universit\u00e0 di Padova. Al momento, oltre all\u2019attivit\u00e0 di docenza, svolge la professione di psicologa scolastica attuando i percorsi di orientamento e mentoring nelle scuole e di psicologa dell\u2019apprendimento effettuando servizi di consulenza, valutazione, trattamento e supporto allo studio dando rilievo al benessere psicologico dei bambini e dei ragazzi attraverso la costruzione di percorsi calibrati sulle loro caratteristiche individuali. Attualmente frequenta la Scuola di Specializzazione in Psicologia della Salute.<\/p>\n","protected":false},"excerpt":{"rendered":"<p>Psicologa iscritta all\u2019Ordine degli Psicologi e delle Psicologhe della Sardegna (n. 3230). Si \u00e8 laureata con lode presso la facolt\u00e0 di Cagliari in Psicologia dello Sviluppo e dei Processi Lavorativi, con indirizzo Sviluppo. Ha collaborato ad [&hellip;]<\/p>\n","protected":false},"author":9406,"featured_media":0,"parent":7483,"menu_order":0,"comment_status":"closed","ping_status":"closed","template":"","meta":{"footnotes":""},"class_list":["post-7686","page","type-page","status-publish","hentry"],"_links":{"self":[{"href":"https:\/\/sites.unica.it\/psicologiasalute\/wp-json\/wp\/v2\/pages\/7686","targetHints":{"allow":["GET"]}}],"collection":[{"href":"https:\/\/sites.unica.it\/psicologiasalute\/wp-json\/wp\/v2\/pages"}],"about":[{"href":"https:\/\/sites.unica.it\/psicologiasalute\/wp-json\/wp\/v2\/types\/page"}],"author":[{"embeddable":true,"href":"https:\/\/sites.unica.it\/psicologiasalute\/wp-json\/wp\/v2\/users\/9406"}],"replies":[{"embeddable":true,"href":"https:\/\/sites.unica.it\/psicologiasalute\/wp-json\/wp\/v2\/comments?post=7686"}],"version-history":[{"count":2,"href":"https:\/\/sites.unica.it\/psicologiasalute\/wp-json\/wp\/v2\/pages\/7686\/revisions"}],"predecessor-version":[{"id":9749,"href":"https:\/\/sites.unica.it\/psicologiasalute\/wp-json\/wp\/v2\/pages\/7686\/revisions\/9749"}],"up":[{"embeddable":true,"href":"https:\/\/sites.unica.it\/psicologiasalute\/wp-json\/wp\/v2\/pages\/7483"}],"wp:attachment":[{"href":"https:\/\/sites.unica.it\/psicologiasalute\/wp-json\/wp\/v2\/media?parent=7686"}],"curies":[{"name":"wp","href":"https:\/\/api.w.org\/{rel}","templated":true}]}}

<div style="height:25px" aria-hidden="true" class="wp-block-spacer"></div>



<p>Psicologa iscritta all’Ordine degli Psicologi e delle Psicologhe della Sardegna (n. 3230). Si è laureata con lode presso la facoltà di Cagliari in Psicologia dello Sviluppo e dei Processi Lavorativi, con indirizzo Sviluppo. Ha collaborato ad attività di ricerca e clinica durante il tirocinio post lauream occupandosi in particolar modo di Linguaggio, della diagnosi del Disturbo dello Spettro dell’Autismo e della diagnosi e trattamento del Disturbo da Deficit di Attenzione e Iperattività presso il servizio di Neuropsichiatria Infantile e dell’Adolescenza dell’Ospedale Pediatrico Microcitemico “Antonio Cao” (ARNAS Brotzu). Successivamente ha approfondito lo studio delle traiettorie di sviluppo frequentando il Master di secondo livello in Psicopatologia dell’apprendimento presso l’Università di Cagliari con la tesi “La valutazione cognitiva nei disturbi specifici dell’apprendimento: analisi di un campione clinico”. Durante il tirocinio del Master si è formata in ambito psicodiagnostico presso il servizio dell’UOC-NPIA (Unità Operativa Complessa-Neuropsichiatria Infantile e dell’Adolescenza) della ASL di Cagliari situato nella Cittadella della Salute, focalizzandosi in particolar modo sui Disturbi Specifici dell’Apprendimento. Ha proseguito la sua formazione con un Master Universitario biennale di primo livello in Counselling Socio-Educativo presso l’Università Pontificia Salesiana partecipando come tirocinante a un progetto educativo rivolto a persone con disturbi psichiatrici, e che ha coinvolto anche i genitori delle stesse in una terapia di gruppo guidata da psicoterapeuti. Ha approfondito la sua formazione frequentando il Corso di Perfezionamento in Disturbi dello Sviluppo Cognitivo, del Linguaggio, Difficoltà di Apprendimento e Disturbi Neuropsicologici dell’Apsia (Associazione Psicoterapia Infanzia e Adolescenza) e ha consolidato le sue competenze in ambito diagnostico presso l’Unità Operativa di Neuropsichiatria dell’Infanzia e dell’Adolescenza del P.O. S. Barbara di Iglesias della ASL Sulcis, e nell’ambito del trattamento e del potenziamento delle abilità neuropsicologiche nei disturbi del neurosviluppo presso il centro Logos Gesti e Parole di Monserrato, dove ha successivamente lavorato. Interessata ai valori dell’inclusione, ha deciso di arricchire la sua formazione frequentando il Corso di Specializzazione per le attività di sostegno, divenendo una docente specializzata. Ha approfondito le sue competenze nel settore scolastico dei Bisogni Educativi Speciali tramite ulteriori corsi e, inoltre, ha frequentato il Corso di Perfezionamento per diventare Tutor dell’apprendimento presso l’Università di Padova. Al momento, oltre all’attività di docenza, svolge la professione di psicologa scolastica attuando i percorsi di orientamento e mentoring nelle scuole e di psicologa dell’apprendimento effettuando servizi di consulenza, valutazione, trattamento e supporto allo studio dando rilievo al benessere psicologico dei bambini e dei ragazzi attraverso la costruzione di percorsi calibrati sulle loro caratteristiche individuali. Attualmente frequenta la Scuola di Specializzazione in Psicologia della Salute.</p>

<p>Psicologa iscritta all’Ordine degli Psicologi e delle Psicologhe della Sardegna (n. 3230). Si è laureata con lode presso la facoltà di Cagliari in Psicologia dello Sviluppo e dei Processi Lavorativi, con indirizzo Sviluppo. Ha collaborato ad [&hellip;]</p>
