{"id":7564,"date":"2025-04-16T14:47:49","date_gmt":"2025-04-16T12:47:49","guid":{"rendered":"https:\/\/sites.unica.it\/psicologiasalute\/?page_id=7564"},"modified":"2025-11-21T20:07:12","modified_gmt":"2025-11-21T19:07:12","slug":"cristel_pisano","status":"publish","type":"page","link":"https:\/\/sites.unica.it\/psicologiasalute\/organizzazione\/alumni\/cristel_pisano\/","title":{"rendered":"Cristel Pisano"},"content":{"rendered":"\n<div style=\"height:25px\" aria-hidden=\"true\" class=\"wp-block-spacer\"><\/div>\n\n\n\n<p>Laureata nel 2015 in Psicologia dello sviluppo e dei processi socio-lavorativi presso l\u2019Universit\u00e0 degli Studi di Cagliari. Ha svolto il tirocinio post-lauream presso il Dipartimento di Neuropsichiatria Infantile e dell\u2019Adolescenza nella asl di Via Romagna a Cagliari. Ha lavorato come Psicologa Sociale presso il comune di Cagliari per l\u2019aggiornamento del piano comunale di protezione civile con specifiche misure nei confronti di persone con disabilit\u00e0. In particolare, si \u00e8 occupata della rilevazione e dello studio del profilo psicologico delle persone con disabilit\u00e0 oggetto dell&#8217;iniziativa e della loro rete familiare e\/o affettiva, della rilevazione delle criticit\u00e0 presenti, dell\u2019elaborazione di schede individuali e della loro ottimizzazione ai fini del caricamento informatico. Attualmente sta svolgendo un tirocinio formativo nel Dipartimento di Prevenzione presso la Asl di Via Romagna a Cagliari, dove si occupa di promozione della salute e di progetti per attuare interventi di comunit\u00e0. Attualmente in formazione presso la Scuola di Specializzazione in Psicologia della Salute.<\/p>\n\n\n\n<p>Iscritta all\u2019Ordine degli Psicologi, matr. 2982.<\/p>\n","protected":false},"excerpt":{"rendered":"<p>Laureata nel 2015 in Psicologia dello sviluppo e dei processi socio-lavorativi presso l\u2019Universit\u00e0 degli Studi di Cagliari. Ha svolto il tirocinio post-lauream presso il Dipartimento di Neuropsichiatria Infantile e dell\u2019Adolescenza nella asl di Via Romagna a [&hellip;]<\/p>\n","protected":false},"author":9406,"featured_media":0,"parent":7698,"menu_order":0,"comment_status":"closed","ping_status":"closed","template":"","meta":{"footnotes":""},"class_list":["post-7564","page","type-page","status-publish","hentry"],"_links":{"self":[{"href":"https:\/\/sites.unica.it\/psicologiasalute\/wp-json\/wp\/v2\/pages\/7564","targetHints":{"allow":["GET"]}}],"collection":[{"href":"https:\/\/sites.unica.it\/psicologiasalute\/wp-json\/wp\/v2\/pages"}],"about":[{"href":"https:\/\/sites.unica.it\/psicologiasalute\/wp-json\/wp\/v2\/types\/page"}],"author":[{"embeddable":true,"href":"https:\/\/sites.unica.it\/psicologiasalute\/wp-json\/wp\/v2\/users\/9406"}],"replies":[{"embeddable":true,"href":"https:\/\/sites.unica.it\/psicologiasalute\/wp-json\/wp\/v2\/comments?post=7564"}],"version-history":[{"count":3,"href":"https:\/\/sites.unica.it\/psicologiasalute\/wp-json\/wp\/v2\/pages\/7564\/revisions"}],"predecessor-version":[{"id":9611,"href":"https:\/\/sites.unica.it\/psicologiasalute\/wp-json\/wp\/v2\/pages\/7564\/revisions\/9611"}],"up":[{"embeddable":true,"href":"https:\/\/sites.unica.it\/psicologiasalute\/wp-json\/wp\/v2\/pages\/7698"}],"wp:attachment":[{"href":"https:\/\/sites.unica.it\/psicologiasalute\/wp-json\/wp\/v2\/media?parent=7564"}],"curies":[{"name":"wp","href":"https:\/\/api.w.org\/{rel}","templated":true}]}}

<div style="height:25px" aria-hidden="true" class="wp-block-spacer"></div>



<p>Laureata nel 2015 in Psicologia dello sviluppo e dei processi socio-lavorativi presso l’Università degli Studi di Cagliari. Ha svolto il tirocinio post-lauream presso il Dipartimento di Neuropsichiatria Infantile e dell’Adolescenza nella asl di Via Romagna a Cagliari. Ha lavorato come Psicologa Sociale presso il comune di Cagliari per l’aggiornamento del piano comunale di protezione civile con specifiche misure nei confronti di persone con disabilità. In particolare, si è occupata della rilevazione e dello studio del profilo psicologico delle persone con disabilità oggetto dell&#8217;iniziativa e della loro rete familiare e/o affettiva, della rilevazione delle criticità presenti, dell’elaborazione di schede individuali e della loro ottimizzazione ai fini del caricamento informatico. Attualmente sta svolgendo un tirocinio formativo nel Dipartimento di Prevenzione presso la Asl di Via Romagna a Cagliari, dove si occupa di promozione della salute e di progetti per attuare interventi di comunità. Attualmente in formazione presso la Scuola di Specializzazione in Psicologia della Salute.</p>



<p>Iscritta all’Ordine degli Psicologi, matr. 2982.</p>

<p>Laureata nel 2015 in Psicologia dello sviluppo e dei processi socio-lavorativi presso l’Università degli Studi di Cagliari. Ha svolto il tirocinio post-lauream presso il Dipartimento di Neuropsichiatria Infantile e dell’Adolescenza nella asl di Via Romagna a [&hellip;]</p>
