{"id":7451,"date":"2025-04-16T12:08:56","date_gmt":"2025-04-16T10:08:56","guid":{"rendered":"https:\/\/sites.unica.it\/psicologiasalute\/?page_id=7451"},"modified":"2025-11-21T20:07:49","modified_gmt":"2025-11-21T19:07:49","slug":"dipartimento-di-salute-mentale-e-dipendenze","status":"publish","type":"page","link":"https:\/\/sites.unica.it\/psicologiasalute\/offerta-formativa\/rete-formativa\/dipartimento-di-salute-mentale-e-dipendenze\/","title":{"rendered":"Dipartimento di salute mentale e dipendenze"},"content":{"rendered":"\n<p><em>Centri di Salute Mentale<\/em><\/p>\n\n\n\n<p>Il Centro di Salute Mentale (CSM) \u00e8 il centro di primo riferimento per i cittadini con disagio psichico. Coordina nell\u2019ambito territoriale tutti gli interventi di prevenzione, cura, riabilitazione dei cittadini che presentano patologie psichiatriche.<br>Al Centro fa capo un\u2019\u00e9quipe multiprofessionale costituita almeno da uno psichiatra, uno psicologo, un assistente sociale e un infermiere professionale.<br>Il CSM assicura i seguenti interventi:<\/p>\n\n\n\n<ul class=\"wp-block-list\">\n<li>trattamenti psichiatrici e psicoterapie, interventi sociali, inserimenti dei pazienti in Centri diurni Day hospital strutture residenziali, ricoveri<\/li>\n\n\n\n<li>attivit\u00e0 diagnostiche con visite psichiatriche, colloqui psicologici per la definizione di appropriati programmi terapeutico-riabilitativi e socio-riabilitativi nell\u2019ottica dell\u2019approccio integrato, con interventi ambulatoriali, domiciliari, di rete e residenziali nella strategia della continuit\u00e0 terapeutica<\/li>\n\n\n\n<li>attivit\u00e0 di raccordo con i medici di medicina generale, per fornire consulenza psichiatrica e per condurre, in collaborazione, progetti terapeutici e attivit\u00e0 formativa. In alcuni \u00a0CSM \u00e8 attiva anche una linea telefonica dedicata ai medici di famiglia per counselling, durante l\u2019orario di apertura<\/li>\n\n\n\n<li>consulenza specialistica per i servizi \u201cdi confine\u201d (alcolismo, tossicodipendenze ecc.), nonch\u00e9 per le strutture residenziali per anziani e per disabili<\/li>\n\n\n\n<li>attivit\u00e0 di filtro ai ricoveri e di controllo della degenza nelle case di cura neuropsichiatriche private accreditate, al fine di assicurare la continuit\u00e0 terapeutica<\/li>\n\n\n\n<li>valutazione ai fini del miglioramento continuo della qualit\u00e0 delle pratiche e delle procedure adottate<\/li>\n\n\n\n<li>intese e accordi di programma con i Comuni per, tra l\u2019altro, inserimenti lavorativi degli utenti psichiatrici, affido etero-familiare ed assistenza domiciliare<\/li>\n\n\n\n<li>collaborazione con Associazioni di volontariato, scuole, cooperative sociali e tutte le agenzie della rete territoriale.<\/li>\n<\/ul>\n\n\n\n<p>\u00c8 previsto che il CSM sia attivo, per interventi ambulatoriali e\/o domiciliari, almeno 12 ore al giorno, per 6 giorni alla settimana.<\/p>\n\n\n\n<p><em>Servizio di Riabilitazione Psichiatrica<\/em><\/p>\n\n\n\n<p>Il Servizio di Riabilitazione Psichiatrica, integrato nel DSM, promuove e coordina i percorsi e interventi su versante riabilitativo, formativo e di reinserimento sociale in collaborazione con il sistema dei servizi dipartimentali, le cooperative sociali accreditate e le associazioni del volontariato.<br>La Riabilitazione Psichiatrica svolge la funzione di assicurare i programmi riabilitativi finalizzati all\u2019acquisizione e al mantenimento di abilit\u00e0 e competenze atte a favorire le autonomie.<br>Servizio di Riabilitazione R\/S<br>-servizio di sostegno domiciliare<br>Percorsi di sostegno alla domiciliarit\u00e0 e alla autonomia abitativa, in alternativa al ricorso improprio alla residenzialit\u00e0 sociosanitaria, in collaborazione con enti del privato sociale che operano nel settore<br>-servizio di formazione e inserimento lavorativo<br>Percorsi di inserimento lavorativo di tipo riabilitativo<br>-vita indipendente e abitare condiviso<br>percorsi di riabilitazione intensiva finalizzati all\u2019autonomia abitativa.<br>-direzione esecuzione contratti negli inserimenti residenziali SRPAI con partner privato<\/p>\n\n\n\n<p><em>SPDC<\/em><\/p>\n\n\n\n<p>Servizio Psichiatrico di Diagnosi e Cura (SPDC) \u00e8&nbsp;un servizio ospedaliero dove vengono attuati trattamenti psichiatrici volontari ed obbligatori in condizioni di ricovero Esplica, inoltre, attivit\u00e0 di consulenza agli altri servizi ospedalieri.<br>E&#8217;&nbsp;ubicato all&#8217;interno delle strutture ospedaliere (Aziende ospedaliere, Presidi ospedalieri di Aziende sanitarie, Policlinici universitari).<br>E&#8217; parte integrante del Dipartimento di Salute Mentale, anche quando l&#8217;ospedale in cui \u00e8 ubicato non sia amministrato dalla stessa Azienda sanitaria. In tal caso i rapporti tra le due Aziende sanitarie sono regolati da convenzioni obbligatorie, secondo le indicazioni della Regione.<br>Il numero complessivo dei posti letto \u00e8 individuato tendenzialmente nella misura di uno ogni 10.000 abitanti. Ciascun SPDC contiene non pi\u00f9 di 16 posti letto ed \u00e8 dotato di adeguati spazi per le attivit\u00e0 comuni.<\/p>\n\n\n\n<p><em>Centro Disturbi Psichiatrici Correlati ad Alcool e Gioco d\u2019Azzardo<\/em><\/p>\n\n\n\n<p>Il Centro per il Trattamento dei Disturbi Psichiatrici Correlati ad Alcol e Gioco d\u2019Azzardo del DSMD propone un Programma di cura integrato di farmacoterapia e supporti psicoterapici e psico-sociali individuali e di gruppo, compresi quelli familiari.<br>Il Centro eroga trattamenti appropriati, ad alta intensit\u00e0 assistenziale e di lunga durata (18 mesi) per utenti affetti da Disturbi Psichiatrici Correlati ad Alcol e Gioco d\u2019Azzardo, anche in Doppia Diagnosi, in rete con gli altri Servizi presenti sul territorio.<br>Secondo il programma terapeutico il paziente \u00e8 invitato a lavorare sulla condivisione dell\u2019iter terapeutico, sulla motivazione, sull\u2019aderenza ad eventuali terapie farmacologiche, coinvolgendo anche i familiari. Esso tiene conto, inoltre, della complessit\u00e0 dei Disturbi da Uso di Alcol e da Gioco d\u2019azzardo e della multiformit\u00e0 dei fattori psicologici, psicopatologici, biologici, comportamentali, esistenziali e sociali ad essi correlati.<br>Le fasi di intervento (programma stadiale), utilizzate nel Centro, prevedono:<br>\u2022 Accesso preliminare e Valutazione della domanda<br>\u2022 Eventuale invio per Stabilizzazione o Disintossicazione (ambulatoriale, Day Hospital o ricovero ospedaliero)<br>\u2022 Accesso formalizzato che comprende l\u2019Indagine psicologica, psichiatrica, motivazionale (mediante test psicodiagnostici) per il paziente e il familiare \u201caccompagnatore\u201d.<br>\u2022 Itinerario Terapeutico Riabilitativo Integrato (farmacologico, psicologico e sociale) comprendente:<br>1. Colloqui individuali<br>2. Eventuale terapia psico-farmacologica<br>3. Colloqui familiari e\/o di coppia<br>4. Terapia di gruppo a cadenza settimanale con coinvolgimento dei familiari<br>5. Conclusione del Programma terapeutico (gestito in accordo con il paziente, la famiglia, eventuale Servizio inviante)<br>6. Follow-up (protocollo di rivalutazione periodica)<br>Per quanto concerne il Disturbo da Gioco d\u2019Azzardo \u00e8 previsto un intervento di riabilitazione monetaria.<br>Il Centro promuove, inoltre, attivit\u00e0 di formazione e prevenzione rivolte alla popolazione generale e a target pi\u00f9 specifici, come ad esempio studenti universitari e delle scuole dell\u2019obbligo, donne in gravidanza, anziani, lavoratori e autori di reato.<\/p>\n\n\n\n<p><em>Neuropsichiatria infantile e dell\u2019adolescenza<\/em><\/p>\n\n\n\n<p>Il servizio territoriale di NPIA si occupa di prevenzione, diagnosi, cura e riabilitazione dei<br>disturbi neurologici, psichiatrici, psicologici e neuropsicologici dell&#8217;et\u00e0 evolutiva (0-17 anni), e<br>dei disordini dello sviluppo del bambino e dell&#8217;adolescente che riguardano le diverse aree di<br>sviluppo (psicomotoria, linguistica, cognitiva, intellettiva, affettiva, relazionale, sociale).<br>Il personale opera in equipe composte da NeuropsichiatriInfantili, Psicologi, Terapisti della<br>riabilitazione, Logopedisti.<br>Al servizio afferiscono utenti che presentano patologie neuromotorie, neurosensoriali, disturbi<br>dello sviluppo quali autismo o disabilit\u00e0 intellettiva anche su base genetica, disturbi<br>comportamentali, disturbi di umore e psicosi, disturbi del comportamento alimentare, nonch\u00e9<br>disturbi evolutivi, quali difficolt\u00e0 del linguaggio e di apprendimento (dislessia, discalculia,<br>disortografia, disgrafia),disturbi emotivi quali fobie e disturbi d\u2019ansia.<br>La cura complessiva del minore e la presa in carico nel suo percorso di sviluppo, si articola<br>attraverso:<br>&#8211; l\u2019approfondimento diagnostico funzionale;<br>&#8211; il trattamento delle patologie diagnosticate;<br>&#8211; la progettazione e programmazione degli interventi in ambito riabilitativo e in ambito<br>familiare, scolastico e sociale.<br>Per garantire questo il Servizio NPIA eroga le seguenti prestazioni:<br>&#8211; accoglienza<br>&#8211; consulenze e visite neuropsichiatriche;<br>&#8211; consulenze e colloqui psicologici;<br>&#8211; psicoterapia individuale e\/o familiare, sostegno psicologico individuale e di gruppo;<br>&#8211; interventi di supporto alla famiglia;<br>&#8211; trattamenti di riabilitazione neuro e psicomotoria ,trattamenti di tipo cognitivo e<br>comportamentale, trattamenti di tipo logopedico;<br>&#8211; interventi finalizzati all&#8217;integrazione scolastica di alunni con disabilit\u00e0 ai sensi della L.104\/92;<br>&#8211; certificazioni e interventi a favore degli alunni che rientrano nella normativa<br>L.170\/2010 o con Bisogni Educativi Speciali (B.E.S. del 2012)<br>&#8211; coordinamento ed integrazione con PLS e MMG,i servizi sanitari territoriali e<br>ospedalieri;<br>&#8211; attivit\u00e0 di rete con Enti Locali ed Organizzazioni del 3\u00b0 settore che a vario titolo si<br>occupano di minori;<br>&#8211; adempimenti nell\u2019 ambito dei rapporti con il sistema giudiziario.<br>Le strategie terapeutiche e riabilitative prevedono la strutturazione di un progetto<br>individualizzato e vengono discusse e affrontate con la famiglia che pu\u00f2 trovare negli Operatori<br>del Servizio NPI un valido supporto nel difficile processo evolutivo.<br>Le attivit\u00e0 vengono calendarizzate, programmate e condivise con la famiglia.<\/p>\n\n\n\n<p><em>Servizi per le Dipendenze<\/em><\/p>\n\n\n\n<p>I SerD (Servizi per le Dipendenze) ricomprendono le funzioni e l&#8217;organizzazione stabiliti per i vecchi Sert (Servizi per le Tossicodipendenze), ma estendono i loro interventi agli ambiti relativi alle sostanze d&#8217;abuso legali ed a quelli delle dipendenze comportamentali.<br>I SerD garantiscono l&#8217;assistenza per i problemi di uso, abuso e dipendenza da sostanze stupefacenti. \u00c8 possibile rivolgersi a queste strutture anche per la dipendenza da sostanze legali (alcolismo per esempio), per le dipendenze comportamentali (come il gioco d&#8217;azzardo) e per i problemi sanitari e sociali associati.<br>I SerD si occupano di prevenzione, cura e riabilitazione e forniscono risposte ed interventi ai singoli, alle famiglie, alle istituzioni. I percorsi terapeutici e riabilitativi sono articolati ed integrati sulla base delle necessit\u00e0 e dei bisogni. Essi possono includere trattamenti farmacologici, psicologici e riabilitativi, erogati nell&#8217;ambito delle strutture delle Asl o in strutture accreditate (comunit\u00e0 terapeutiche).<br>Attivit\u00e0:<br>\u2022 interventi di informazione, orientamento, prevenzione e di educazione sanitaria rivolti agli utenti, familiari e istituzioni scolastiche;<br>\u2022 valutazioni diagnostiche, terapie farmacologiche, psicologiche, psicoterapiche, consulenze e interventi sociali ed educazionali;<br>\u2022 inserimento presso Comunit\u00e0 Terapeutiche;<br>\u2022 assistenza ai detenuti con problemi di tossicodipendenza e\/o alcoldipendenza presso le strutture carcerarie;<br>\u2022 programmi terapeutico-riabilitativi rivolti a pazienti in regime di sospensione dell&#8217;esecuzione della pena o a soggetti segnalati dalla Prefettura;<br>\u2022 accertamenti tossicologici richiesti per l&#8217;affido e l&#8217;adozione dei minori, per il rilascio, revisione, rinnovo della patente di guida e rilascio di porto d&#8217;armi;<br>\u2022 accertamenti tossicologici richiesti da Aziende ed Enti per assunzioni e\/o controllo di categorie di lavoratori addetti a mansioni che comportano rischi per terzi.<\/p>\n","protected":false},"excerpt":{"rendered":"<p>Centri di Salute Mentale Il Centro di Salute Mentale (CSM) \u00e8 il centro di primo riferimento per i cittadini con disagio psichico. Coordina nell\u2019ambito territoriale tutti gli interventi di prevenzione, cura, riabilitazione dei cittadini che presentano [&hellip;]<\/p>\n","protected":false},"author":9406,"featured_media":0,"parent":7332,"menu_order":0,"comment_status":"closed","ping_status":"closed","template":"","meta":{"footnotes":""},"class_list":["post-7451","page","type-page","status-publish","hentry"],"_links":{"self":[{"href":"https:\/\/sites.unica.it\/psicologiasalute\/wp-json\/wp\/v2\/pages\/7451","targetHints":{"allow":["GET"]}}],"collection":[{"href":"https:\/\/sites.unica.it\/psicologiasalute\/wp-json\/wp\/v2\/pages"}],"about":[{"href":"https:\/\/sites.unica.it\/psicologiasalute\/wp-json\/wp\/v2\/types\/page"}],"author":[{"embeddable":true,"href":"https:\/\/sites.unica.it\/psicologiasalute\/wp-json\/wp\/v2\/users\/9406"}],"replies":[{"embeddable":true,"href":"https:\/\/sites.unica.it\/psicologiasalute\/wp-json\/wp\/v2\/comments?post=7451"}],"version-history":[{"count":1,"href":"https:\/\/sites.unica.it\/psicologiasalute\/wp-json\/wp\/v2\/pages\/7451\/revisions"}],"predecessor-version":[{"id":7452,"href":"https:\/\/sites.unica.it\/psicologiasalute\/wp-json\/wp\/v2\/pages\/7451\/revisions\/7452"}],"up":[{"embeddable":true,"href":"https:\/\/sites.unica.it\/psicologiasalute\/wp-json\/wp\/v2\/pages\/7332"}],"wp:attachment":[{"href":"https:\/\/sites.unica.it\/psicologiasalute\/wp-json\/wp\/v2\/media?parent=7451"}],"curies":[{"name":"wp","href":"https:\/\/api.w.org\/{rel}","templated":true}]}}