{"id":102,"date":"2012-04-12T12:03:39","date_gmt":"2012-04-12T12:03:39","guid":{"rendered":"http:\/\/people.unica.it\/basecds\/?page_id=102"},"modified":"2019-03-04T12:04:53","modified_gmt":"2019-03-04T12:04:53","slug":"home","status":"publish","type":"page","link":"https:\/\/sites.unica.it\/progettokenterbas\/","title":{"rendered":"Home"},"content":{"rendered":"<p><strong>\u00a0<a href=\"http:\/\/sites.unica.it\/progettokenterbas\/files\/2019\/02\/logo-unica-dip.png\"><img decoding=\"async\" class=\"size-full wp-image-1701 alignnone\" src=\"http:\/\/sites.unica.it\/progettokenterbas\/files\/2019\/02\/logo-unica-dip.png\" alt=\"\" width=\"283\" height=\"100\" \/><\/a> <\/strong><a href=\"http:\/\/sites.unica.it\/progettokenterbas\/files\/2019\/02\/logo-agris.png\"><img decoding=\"async\" class=\"size-full wp-image-1698 alignright\" src=\"http:\/\/sites.unica.it\/progettokenterbas\/files\/2019\/02\/logo-agris.png\" alt=\"\" width=\"193\" height=\"75\" \/><\/a><a href=\"http:\/\/sites.unica.it\/progettokenterbas\/files\/2019\/02\/logo-kenterbas.png\"><img decoding=\"async\" class=\"size-medium wp-image-1696 aligncenter\" src=\"http:\/\/sites.unica.it\/progettokenterbas\/files\/2019\/02\/logo-kenterbas-300x139.png\" alt=\"\" width=\"300\" height=\"139\" srcset=\"https:\/\/sites.unica.it\/progettokenterbas\/files\/2019\/02\/logo-kenterbas-300x139.png 300w, https:\/\/sites.unica.it\/progettokenterbas\/files\/2019\/02\/logo-kenterbas.png 474w\" sizes=\"(max-width: 300px) 100vw, 300px\" \/><\/a><\/p>\n<p><strong>Continuano gli incontri del progetto \u201cKent\u2019Erbas\u201d. <\/strong><\/p>\n<p><strong>A Birori il secondo incontro di animazione<\/strong><\/p>\n<p><u>Luned\u00ec 11 marzo alle ore 11.00\u00a0<\/u>presso l\u2019Aula Consiliare del Comune di Birori si terr\u00e0 il secondo incontro di animazione dell\u2019aggregazione di progetto <strong>\u201cKENT\u2019ERBAS \u2013 Qualit\u00e0 aromatica e nutrizionale di latte, formaggio e carne del Marghine e loro influenza sulla salute umana\u201d<\/strong><\/p>\n<p>L\u2019aggregazione nasce nell\u2019ambito dell\u2019intervento GAL \u201cCercare i parametri di qualit\u00e0 dei prodotti zootecnici\u201d ottenuti da animali alimentati prevalentemente al pascolo naturale. Obiettivo di \u201cKENT\u2019ERBAS\u201d \u00e8 quello di individuare indicatori e parametri di qualit\u00e0, facilmente riconoscibili anche dai consumatori, in grado di marcare la specificit\u00e0 delle produzioni zootecniche latte\/formaggi e carni ottenute da animali alimentati prevalentemente al pascolo naturale.<\/p>\n<p>Dell\u2019aggregazione, guidata dall\u2019Universit\u00e0 degli studi di Cagliari \u2013 Dipartimento di Scienze Biomediche, attualmente fanno parte l\u2019Agenzia AGRIS, 18 aziende zootecniche con terreni nei comuni di Birori, Bolotana, Borore, Bortigali, Lei, Macomer, Noragugume, Silanus e Sindia e altre aziende del Marghine che hanno manifestato interesse ad aderire.<\/p>\n<p>L\u2019appuntamento dell\u201911 marzo <strong>sar\u00e0 dedicato, oltre che alla raccolta di ulteriori nuove adesioni, principalmente alla\u00a0<\/strong><strong>condivisione e approvazione del Progetto con i componenti dell\u2019aggregazione e le nuove imprese aderenti, con descrizione degli impegni previsti per tutta la durata del progetto e ruolo dei singoli partner.<\/strong><\/p>\n<p>Sono pertanto invitate a partecipare le aziende agricole zootecniche e le MICROIMPRESE e PMI di trasformazione e\/o commercializzazione dei prodotti lattiero caseari e delle carni bovine dei comuni del Marghine interessate ad aderire all\u2019aggregazione per dare attuazione alla strategia del GAL<strong>.<\/strong><\/p>\n<p>&nbsp;<\/p>\n<p><a href=\"http:\/\/sites.unica.it\/progettokenterbas\/files\/2019\/02\/logo-GAL.png\"><img decoding=\"async\" class=\"aligncenter size-full wp-image-1700\" src=\"http:\/\/sites.unica.it\/progettokenterbas\/files\/2019\/02\/logo-GAL.png\" alt=\"\" width=\"156\" height=\"64\" \/><\/a><a href=\"http:\/\/sites.unica.it\/progettokenterbas\/files\/2019\/02\/logo-psr.png\"><img decoding=\"async\" class=\" wp-image-1702 alignright\" src=\"http:\/\/sites.unica.it\/progettokenterbas\/files\/2019\/02\/logo-psr.png\" alt=\"\" width=\"203\" height=\"65\" \/><\/a><a href=\"http:\/\/sites.unica.it\/progettokenterbas\/files\/2019\/02\/logo-eu.png\"><br \/>\n<img decoding=\"async\" class=\"size-full wp-image-1699 alignleft\" src=\"http:\/\/sites.unica.it\/progettokenterbas\/files\/2019\/02\/logo-eu.png\" alt=\"\" width=\"239\" height=\"64\" \/><\/a><\/p>\n<p><a href=\"http:\/\/sites.unica.it\/progettokenterbas\/files\/2019\/02\/RAS.png\"><img decoding=\"async\" class=\" wp-image-1706 alignleft\" src=\"http:\/\/sites.unica.it\/progettokenterbas\/files\/2019\/02\/RAS.png\" alt=\"\" width=\"110\" height=\"46\" \/><\/a><a href=\"http:\/\/sites.unica.it\/progettokenterbas\/files\/2019\/02\/leader.png\"><img decoding=\"async\" class=\"wp-image-1705 alignnone\" src=\"http:\/\/sites.unica.it\/progettokenterbas\/files\/2019\/02\/leader.png\" alt=\"\" width=\"48\" height=\"48\" srcset=\"https:\/\/sites.unica.it\/progettokenterbas\/files\/2019\/02\/leader.png 64w, https:\/\/sites.unica.it\/progettokenterbas\/files\/2019\/02\/leader-24x24.png 24w, https:\/\/sites.unica.it\/progettokenterbas\/files\/2019\/02\/leader-36x36.png 36w, https:\/\/sites.unica.it\/progettokenterbas\/files\/2019\/02\/leader-48x48.png 48w\" sizes=\"(max-width: 48px) 100vw, 48px\" \/><\/a><\/p>","protected":false},"excerpt":{"rendered":"<p>\u00a0 Continuano gli incontri del progetto \u201cKent\u2019Erbas\u201d. A Birori il secondo incontro di animazione Luned\u00ec 11 marzo alle ore 11.00\u00a0presso l\u2019Aula Consiliare del Comune di Birori si terr\u00e0 il secondo incontro di animazione dell\u2019aggregazione di progetto \u201cKENT\u2019ERBAS \u2013 Qualit\u00e0 aromatica e nutrizionale di latte, formaggio e carne del Marghine e loro influenza sulla salute umana\u201d L\u2019aggregazione nasce nell\u2019ambito dell\u2019intervento GAL \u201cCercare i parametri di qualit\u00e0 dei prodotti zootecnici\u201d ottenuti da animali alimentati prevalentemente al pascolo naturale. Obiettivo di \u201cKENT\u2019ERBAS\u201d \u00e8 quello di individuare indicatori e parametri di qualit\u00e0, facilmente riconoscibili anche dai consumatori, in grado di marcare la specificit\u00e0 delle <a href='https:\/\/sites.unica.it\/progettokenterbas\/' class='excerpt-more'>[&#8230;]<\/a><\/p>\n","protected":false},"author":643,"featured_media":0,"parent":0,"menu_order":0,"comment_status":"closed","ping_status":"closed","template":"magazine.php","meta":{"footnotes":""},"class_list":["post-102","page","type-page","status-publish","hentry","post-seq-1","post-parity-odd","meta-position-corners","fix"],"_links":{"self":[{"href":"https:\/\/sites.unica.it\/progettokenterbas\/wp-json\/wp\/v2\/pages\/102","targetHints":{"allow":["GET"]}}],"collection":[{"href":"https:\/\/sites.unica.it\/progettokenterbas\/wp-json\/wp\/v2\/pages"}],"about":[{"href":"https:\/\/sites.unica.it\/progettokenterbas\/wp-json\/wp\/v2\/types\/page"}],"author":[{"embeddable":true,"href":"https:\/\/sites.unica.it\/progettokenterbas\/wp-json\/wp\/v2\/users\/643"}],"replies":[{"embeddable":true,"href":"https:\/\/sites.unica.it\/progettokenterbas\/wp-json\/wp\/v2\/comments?post=102"}],"version-history":[{"count":13,"href":"https:\/\/sites.unica.it\/progettokenterbas\/wp-json\/wp\/v2\/pages\/102\/revisions"}],"predecessor-version":[{"id":1712,"href":"https:\/\/sites.unica.it\/progettokenterbas\/wp-json\/wp\/v2\/pages\/102\/revisions\/1712"}],"wp:attachment":[{"href":"https:\/\/sites.unica.it\/progettokenterbas\/wp-json\/wp\/v2\/media?parent=102"}],"curies":[{"name":"wp","href":"https:\/\/api.w.org\/{rel}","templated":true}]}}