{"id":956,"date":"2025-10-18T10:56:26","date_gmt":"2025-10-18T08:56:26","guid":{"rendered":"https:\/\/sites.unica.it\/porteaperteinpiazzadarmi\/home\/"},"modified":"2025-11-01T10:46:11","modified_gmt":"2025-11-01T09:46:11","slug":"home","status":"publish","type":"page","link":"https:\/\/sites.unica.it\/porteaperteinpiazzadarmi\/","title":{"rendered":"Home"},"content":{"rendered":"\n<p>Quest\u2019anno&nbsp;<strong>\u201cPorte Aperte a Ingegneria e Architettura\u201d<\/strong>&nbsp;si articoler\u00e0 in una serie di appuntamenti che saranno inaugurati dal consueto&nbsp;<strong>Open Day di Facolt\u00e0 presso il nostro Campus di via Marengo 2, a Cagliari<\/strong>, per poi proseguire con&nbsp;<strong>tre eventi satellite<\/strong>&nbsp;che si terranno presso le strutture di alcune Scuole ospitanti di Olbia, Alghero e Nuoro, secondo il seguente calendario:<\/p>\n\n\n\n<ul class=\"wp-block-list\">\n<li><strong>Venerd\u00ec 14 novembre<\/strong>, Open Day Facolt\u00e0 di Ingegneria e Architettura, Piazza d\u2019Armi,&nbsp;<strong>Cagliari<\/strong><\/li>\n\n\n\n<li><strong>Venerd\u00ec 28 novembre<\/strong>, Liceo Scientifico e Linguistico Statale \u201cEnrico Fermi\u201d,&nbsp;<strong>Nuoro<\/strong><\/li>\n\n\n\n<li><strong>Marted\u00ec 2 dicembre<\/strong>, I.S.S. \u201cEnrico Fermi\u201d, <strong>Alghero<\/strong><\/li>\n\n\n\n<li><strong>Mercoled\u00ec 3 dicembre<\/strong>, Liceo Scientifico &#8220;Lorenzo Mossa&#8221;,&nbsp;<strong>Olbia<\/strong><\/li>\n<\/ul>\n\n\n\n<p>L\u2019obiettivo di un evento cos\u00ec strutturato \u00e8 quello di coinvolgere gli studenti e le studentesse di tutte le zone della Sardegna, consentendo di superare anche le difficolt\u00e0 logistiche che molti\/e ancora incontrano per raggiungere il nostro Campus di Cagliari in occasione dell\u2019Open Day di Facolt\u00e0.<\/p>\n\n\n\n<p>Venite a trovarci quindi anche questo anno, selezionando l\u2019evento di presentazione pi\u00f9 adatto per conoscere le novit\u00e0 dei nostri corsi di studio, le discipline e i percorsi formativi.<\/p>\n\n\n\n<p>Se verrete a Cagliari sar\u00e0 un\u2019occasione per entrare nel campus e informarvi direttamente da docenti, ricercatori e studenti su cosa significa studiare Ingegneria e Architettura e quali sono gli sbocchi professionali.<\/p>\n\n\n\n<p>Se parteciperete ad uno degli incontri pi\u00f9 vicini al vostro territorio sar\u00e0&nbsp; comunque un\u2019occasione per incontrarci con un evento pi\u00f9 piccolo ma&nbsp; speriamo sempre interessante.<\/p>\n\n\n\n<p>\u00a0<\/p>\n<p>Questo anno \u00e8 previsto un evento speciale limitato all&#8217;orientamento per la laurea in Ingegneria Elettronica, Informatica e delle Telecomunicazioni che si terr\u00e0 in Aula Magna, ore 10:30, durante l&#8217;evento di Cagliari (14 novembre). Trattandosi di un&#8217;attivit\u00e0 specifica in Aula Magna, \u00e8 necessario iscriversi appositamente per potere partecipare perch\u00e9 i posti sono limitati dalla capienza dell&#8217;aula. Durante la fase di iscrizione (sia individuale che per classi) sar\u00e0 possibile spuntare una voce specifica per la richiesta di iscrizione all&#8217;evento.<\/p>\n<p>L&#8217;evento si intitola &#8220;Connetti il domani, disegna il futuro \u2013 Il roadshow di RESTART&#8221;, \u00e8 un roadshow organizzato nell&#8217;ambito del progetto RESTART. Per maggiori informazioni \u00e8 possibile visitare questo sito:<\/p>\n<p><a href=\"https:\/\/fondazione-restart.it\/it\/2025\/02\/17\/connetti-il-domani-disegna-il-futuro-il-roadshow-di-restart-per-orientare-la-scelta-del-percorso-universitario\/\" target=\"_blank\" rel=\"noopener\">https:\/\/fondazione-restart.it\/it\/2025\/02\/17\/connetti-il-domani-disegna-il-futuro-il-roadshow-di-restart-per-orientare-la-scelta-del-percorso-universitario\/<\/a><\/p>\n<p>Se intendete partecipare a questo specifico evento, spuntate la casella apposita nel modulo di registrazione e indicate anche quanti degli studenti o studentesse che porterete parteciperanno anche al Roadshow. Poich\u00e9 i posti sono limitati, riceverete conferma in una e-mail successiva a quella della conferma di iscrizione all&#8217;Open Day.<\/p>\n<p><span style=\"color: #ff0000\"><strong>E&#8217; stata raggiunta la capienza massima dell&#8217;aula, eventuali nuove iscrizione al Roadshow saranno messe in lista di attesa.<\/strong><\/span><\/p>\n\n\n\n<p>\u00a0<\/p>\n<p>\u00a0<\/p>\n","protected":false},"excerpt":{"rendered":"<p>Quest\u2019anno&nbsp;\u201cPorte Aperte a Ingegneria e Architettura\u201d&nbsp;si articoler\u00e0 in una serie di appuntamenti che saranno inaugurati dal consueto&nbsp;Open Day di Facolt\u00e0 presso il nostro Campus di via Marengo 2, a Cagliari, per poi proseguire con&nbsp;tre eventi satellite&nbsp;che [&hellip;]<\/p>\n","protected":false},"author":1,"featured_media":966,"parent":0,"menu_order":0,"comment_status":"closed","ping_status":"closed","template":"page-templates\/senza-sidebar.php","meta":{"footnotes":""},"class_list":["post-956","page","type-page","status-publish","has-post-thumbnail","hentry"],"_links":{"self":[{"href":"https:\/\/sites.unica.it\/porteaperteinpiazzadarmi\/wp-json\/wp\/v2\/pages\/956","targetHints":{"allow":["GET"]}}],"collection":[{"href":"https:\/\/sites.unica.it\/porteaperteinpiazzadarmi\/wp-json\/wp\/v2\/pages"}],"about":[{"href":"https:\/\/sites.unica.it\/porteaperteinpiazzadarmi\/wp-json\/wp\/v2\/types\/page"}],"author":[{"embeddable":true,"href":"https:\/\/sites.unica.it\/porteaperteinpiazzadarmi\/wp-json\/wp\/v2\/users\/1"}],"replies":[{"embeddable":true,"href":"https:\/\/sites.unica.it\/porteaperteinpiazzadarmi\/wp-json\/wp\/v2\/comments?post=956"}],"version-history":[{"count":7,"href":"https:\/\/sites.unica.it\/porteaperteinpiazzadarmi\/wp-json\/wp\/v2\/pages\/956\/revisions"}],"predecessor-version":[{"id":987,"href":"https:\/\/sites.unica.it\/porteaperteinpiazzadarmi\/wp-json\/wp\/v2\/pages\/956\/revisions\/987"}],"wp:featuredmedia":[{"embeddable":true,"href":"https:\/\/sites.unica.it\/porteaperteinpiazzadarmi\/wp-json\/wp\/v2\/media\/966"}],"wp:attachment":[{"href":"https:\/\/sites.unica.it\/porteaperteinpiazzadarmi\/wp-json\/wp\/v2\/media?parent=956"}],"curies":[{"name":"wp","href":"https:\/\/api.w.org\/{rel}","templated":true}]}}