{"id":212,"date":"2020-02-11T11:49:38","date_gmt":"2020-02-11T10:49:38","guid":{"rendered":"http:\/\/sites.unica.it\/plsunica\/?page_id=212"},"modified":"2026-02-10T17:56:30","modified_gmt":"2026-02-10T16:56:30","slug":"programma-chimica","status":"publish","type":"page","link":"https:\/\/sites.unica.it\/plsunica\/programma-chimica\/","title":{"rendered":"Masterclass Chimica 2026"},"content":{"rendered":"<p>Il <strong>Corso di Laurea in Chimica<\/strong> del Dipartimento di Scienze Chimiche e Geologiche ha proposto per il 2025 una serie di attivit\u00e0 nei laboratori di ricerca. L\u2019evento si \u00e8 svolger\u00e0 <strong>mercoled\u00ec 11 febbraio 2026<\/strong>\u00a0presso la cittadella universitaria di Monserrato. Dopo un\u2019accoglienza iniziale, le ragazze ed i ragazzi saranno divisi in piccoli gruppi e, guidati da giovani ricercatrici e ricercatori, potevano conoscere i temi di ricerca nel campo della Chimica e partecipare attivamente agli esperimenti di chimica.<\/p>\n<p>Quest&#8217;anno si sono prenotati <strong>115 studentesse e studenti di 17 scuole<\/strong> di tutta la Sardegna per la masterclass Chimica.\u00a0<\/p>\n<p><strong>Programma Woman and Girls in Science Chimica<\/strong>\u00a0per il giorno <strong>11 febbraio 2026<\/strong><\/p>\n<table style=\"width: 100%;height: 134px\">\n<tbody>\n<tr style=\"height: 19px\">\n<td style=\"width: 22.3127%;height: 19px\">08.45 &#8211; 09.15<\/td>\n<td style=\"width: 77.6873%;height: 19px\"><strong>Accoglienza<\/strong> (Aula Magna Boscolo)<\/td>\n<\/tr>\n<tr style=\"height: 19px\">\n<td style=\"width: 22.3127%;height: 19px\">09.15 &#8211; 10.00<\/td>\n<td style=\"width: 77.6873%;height: 19px\"><strong>Saluti istituzionali<\/strong><\/td>\n<\/tr>\n<tr style=\"height: 39px\">\n<td style=\"width: 22.3127%;height: 39px\">10.00 &#8211; 10.30<\/td>\n<td style=\"width: 77.6873%;height: 39px\"><strong>Registrazione e Accoglienza<\/strong> delle studentesse e degli studenti partecipanti alle masterclass chimica<\/td>\n<\/tr>\n<tr style=\"height: 19px\">\n<td style=\"width: 22.3127%;height: 19px\">10.30 &#8211; 13.00<\/td>\n<td style=\"width: 77.6873%;height: 19px\"><strong>Masterclass Chimica\u00a0 <\/strong>attivit\u00e0 sperimentali\u00a0<\/td>\n<\/tr>\n<tr style=\"height: 19px\">\n<td style=\"width: 22.3127%;height: 19px\">13.00 &#8211; 14.00<\/td>\n<td style=\"width: 77.6873%;height: 19px\">Pausa pranzo<\/td>\n<\/tr>\n<tr style=\"height: 19px\">\n<td style=\"width: 22.3127%;height: 19px\">14.15 &#8211; 16.00<\/td>\n<td style=\"width: 77.6873%;height: 19px\"><strong>Masterclass Chimica\u00a0<\/strong> Gioco &#8220;La tavola periodica&#8221;\u00a0 Aula 109 Blocco A<\/td>\n<\/tr>\n<\/tbody>\n<\/table>\n<p><strong>Le Tematiche della Masterclass in Chimica si trovano <\/strong>sul <a href=\"https:\/\/sites.unica.it\/plschimica\/programma\/\" target=\"_blank\" rel=\"noopener\"><strong>sito dedicato PNLS Chimica<\/strong><\/a>.<\/p>\n\n","protected":false},"excerpt":{"rendered":"<p>Il Corso di Laurea in Chimica del Dipartimento di Scienze Chimiche e Geologiche ha proposto per il 2025 una serie di attivit\u00e0 nei laboratori di ricerca. L\u2019evento si \u00e8 svolger\u00e0 mercoled\u00ec 11 febbraio 2026\u00a0presso la cittadella universitaria di Monserrato. Dopo &hellip; <a href=\"https:\/\/sites.unica.it\/plsunica\/programma-chimica\/\">Continua a leggere<span class=\"meta-nav\">&rarr;<\/span><\/a><\/p>\n","protected":false},"author":335,"featured_media":0,"parent":0,"menu_order":0,"comment_status":"closed","ping_status":"closed","template":"","meta":{"footnotes":""},"class_list":["post-212","page","type-page","status-publish","hentry"],"_links":{"self":[{"href":"https:\/\/sites.unica.it\/plsunica\/wp-json\/wp\/v2\/pages\/212","targetHints":{"allow":["GET"]}}],"collection":[{"href":"https:\/\/sites.unica.it\/plsunica\/wp-json\/wp\/v2\/pages"}],"about":[{"href":"https:\/\/sites.unica.it\/plsunica\/wp-json\/wp\/v2\/types\/page"}],"author":[{"embeddable":true,"href":"https:\/\/sites.unica.it\/plsunica\/wp-json\/wp\/v2\/users\/335"}],"replies":[{"embeddable":true,"href":"https:\/\/sites.unica.it\/plsunica\/wp-json\/wp\/v2\/comments?post=212"}],"version-history":[{"count":170,"href":"https:\/\/sites.unica.it\/plsunica\/wp-json\/wp\/v2\/pages\/212\/revisions"}],"predecessor-version":[{"id":1612,"href":"https:\/\/sites.unica.it\/plsunica\/wp-json\/wp\/v2\/pages\/212\/revisions\/1612"}],"wp:attachment":[{"href":"https:\/\/sites.unica.it\/plsunica\/wp-json\/wp\/v2\/media?parent=212"}],"curies":[{"name":"wp","href":"https:\/\/api.w.org\/{rel}","templated":true}]}}