{"id":102,"date":"2012-04-12T12:03:39","date_gmt":"2012-04-12T12:03:39","guid":{"rendered":"http:\/\/people.unica.it\/basecds\/?page_id=102"},"modified":"2022-01-27T09:55:29","modified_gmt":"2022-01-27T09:55:29","slug":"home","status":"publish","type":"page","link":"https:\/\/sites.unica.it\/plsscienzeambientalienaturali\/","title":{"rendered":"Home"},"content":{"rendered":"<h1 style=\"text-align: center\" align=\"left\"><span style=\"font-size: small\"><a href=\"https:\/\/www.pianolaureescientifiche.it\/scienze-naturali-e-ambientali\/\"><img decoding=\"async\" src=\"https:\/\/www.pianolaureescientifiche.it\/pls2018\/wp-content\/uploads\/2018\/05\/cropped-pls_logo.png\" alt=\"\" \/><\/a><\/span><\/h1>\n<p style=\"text-align: center\"><span style=\"font-size: 18pt;color: #ff0000\"><strong>IL SITO E&#8217; MIGRATO SU NUOVA PIATTAFORMA<\/strong><\/span><\/p>\n<p style=\"text-align: center\"><span style=\"font-size: 18pt;color: #ff0000\"><strong><a style=\"color: #ff0000\" href=\"https:\/\/www.unica.it\/unica\/it\/crs_60_75_68.page\">LINK AL NUOVO SITO<\/a><\/strong><\/span><\/p>\n<p>&nbsp;<\/p>\n<p><big><big><big><small><small>Il <strong><big>Piano Lauree Sc<\/big><\/strong><\/small><\/small><\/big><\/big><\/big><big><big><big><small><small><strong><big>ientifiche (PLS)<\/big><\/strong><\/small><small>, gi\u00e0 Progetto di Lauree Scientifiche, \u00e8 stato istituito nel 2004 come iniziativa nazionale del Ministero dell&#8217;Istruzione e dell&#8217; Universit\u00e0 e della Ricerca (MIUR) in accordo con le Universit\u00e0 Italiane, le Direzioni Scolastiche Regionali e le Associazioni delle imprese, per attuare azioni specifiche volte a stimolare l&#8217;interesse dei giovani per lo studio delle materie scientifiche, fornire una pi\u00f9 adeguata preparazione nelle materie scientifiche di base e potenziare l&#8217;interazione tra Universit\u00e0 ed Impresa al fine di favorire l&#8217;inserimento degli studenti nel mercato dell&#8217; alta tecnologia.\u00a0<\/small><\/small><\/big><\/big><\/big><\/p>\n<p><big><big><big><small><small>Oltre l&#8217;orientamento e la formazione degli studenti, il PLS ha come finalit\u00e0 anche la formazione degli insegnanti, con specifico riguardo alla sperimentazione di una didattica innovativa.<br \/>\n<\/small><\/small><\/big><\/big><\/big><\/p>\n<p><big><big><big><small><small>All&#8217; Universit\u00e0 di Cagliari il PLS \u00e8 attivo dal 2004, nei primi anni partecipavano Chimica, Fisica, Matematica e Scienza dei Materiali. Visto il successo dell&#8217; iniziativa dal 2014 in poi il progetto \u00e8 stato esteso anche a Biologia e Geologia. <strong>Dal 2018<\/strong> sono state incluse le classi di Informatica e di <strong>Scienze Ambientali e Naturali <\/strong>(<a href=\"https:\/\/www.pianolaureescientifiche.it\/scienze-naturali-e-ambientali\/\">link alla pagina del sito nazionale<\/a>).<\/small><\/small><\/big><\/big><\/big><\/p>\n<p>&nbsp;<\/p>\n<div id=\"attachment_1728\" style=\"width: 462px\" class=\"wp-caption aligncenter\"><a href=\"http:\/\/sites.unica.it\/plsscienzeambientalienaturali\/files\/2019\/01\/4ddd2421-2ccf-43b1-9a78-deb1629478b7.jpg\"><img decoding=\"async\" aria-describedby=\"caption-attachment-1728\" class=\" wp-image-1728\" src=\"http:\/\/sites.unica.it\/plsscienzeambientalienaturali\/files\/2019\/01\/4ddd2421-2ccf-43b1-9a78-deb1629478b7-300x169.jpg\" alt=\"\" width=\"452\" height=\"254\" srcset=\"https:\/\/sites.unica.it\/plsscienzeambientalienaturali\/files\/2019\/01\/4ddd2421-2ccf-43b1-9a78-deb1629478b7-300x169.jpg 300w, https:\/\/sites.unica.it\/plsscienzeambientalienaturali\/files\/2019\/01\/4ddd2421-2ccf-43b1-9a78-deb1629478b7-768x432.jpg 768w, https:\/\/sites.unica.it\/plsscienzeambientalienaturali\/files\/2019\/01\/4ddd2421-2ccf-43b1-9a78-deb1629478b7-1024x576.jpg 1024w, https:\/\/sites.unica.it\/plsscienzeambientalienaturali\/files\/2019\/01\/4ddd2421-2ccf-43b1-9a78-deb1629478b7.jpg 1600w\" sizes=\"(max-width: 452px) 100vw, 452px\" \/><\/a><p id=\"caption-attachment-1728\" class=\"wp-caption-text\">Gli ultimi compiti degli studenti di Scienze Ambientali e Naturali prima della conclusione di una lunga giornata di lavoro al Campo Naturalistico.<\/p><\/div>\n","protected":false},"excerpt":{"rendered":"<p>IL SITO E&#8217; MIGRATO SU NUOVA PIATTAFORMA LINK AL NUOVO SITO &nbsp; Il Piano Lauree Scientifiche (PLS), gi\u00e0 Progetto di Lauree Scientifiche, \u00e8 stato istituito nel 2004 come iniziativa nazionale del Ministero dell&#8217;Istruzione e dell&#8217; Universit\u00e0 e della Ricerca (MIUR) in accordo con le Universit\u00e0 Italiane, le Direzioni Scolastiche Regionali e le Associazioni delle imprese, per attuare azioni specifiche volte a stimolare l&#8217;interesse dei giovani per lo studio delle materie scientifiche, fornire una pi\u00f9 adeguata preparazione nelle materie scientifiche di base e potenziare l&#8217;interazione tra Universit\u00e0 ed Impresa al fine di favorire l&#8217;inserimento degli studenti nel mercato dell&#8217; alta tecnologia.\u00a0 <a href='https:\/\/sites.unica.it\/plsscienzeambientalienaturali\/' class='excerpt-more'>[&#8230;]<\/a><\/p>\n","protected":false},"author":643,"featured_media":0,"parent":0,"menu_order":0,"comment_status":"closed","ping_status":"closed","template":"magazine.php","meta":{"footnotes":""},"class_list":["post-102","page","type-page","status-publish","hentry","post-seq-1","post-parity-odd","meta-position-corners","fix"],"_links":{"self":[{"href":"https:\/\/sites.unica.it\/plsscienzeambientalienaturali\/wp-json\/wp\/v2\/pages\/102","targetHints":{"allow":["GET"]}}],"collection":[{"href":"https:\/\/sites.unica.it\/plsscienzeambientalienaturali\/wp-json\/wp\/v2\/pages"}],"about":[{"href":"https:\/\/sites.unica.it\/plsscienzeambientalienaturali\/wp-json\/wp\/v2\/types\/page"}],"author":[{"embeddable":true,"href":"https:\/\/sites.unica.it\/plsscienzeambientalienaturali\/wp-json\/wp\/v2\/users\/643"}],"replies":[{"embeddable":true,"href":"https:\/\/sites.unica.it\/plsscienzeambientalienaturali\/wp-json\/wp\/v2\/comments?post=102"}],"version-history":[{"count":15,"href":"https:\/\/sites.unica.it\/plsscienzeambientalienaturali\/wp-json\/wp\/v2\/pages\/102\/revisions"}],"predecessor-version":[{"id":2096,"href":"https:\/\/sites.unica.it\/plsscienzeambientalienaturali\/wp-json\/wp\/v2\/pages\/102\/revisions\/2096"}],"wp:attachment":[{"href":"https:\/\/sites.unica.it\/plsscienzeambientalienaturali\/wp-json\/wp\/v2\/media?parent=102"}],"curies":[{"name":"wp","href":"https:\/\/api.w.org\/{rel}","templated":true}]}}