{"id":2818,"date":"2025-12-31T15:28:26","date_gmt":"2025-12-31T15:28:26","guid":{"rendered":"https:\/\/sites.unica.it\/plschimica\/?page_id=2818"},"modified":"2026-01-01T18:00:18","modified_gmt":"2026-01-01T18:00:18","slug":"rilevazione-del-piombo-nelle-acque","status":"publish","type":"page","link":"https:\/\/sites.unica.it\/plschimica\/rilevazione-del-piombo-nelle-acque\/","title":{"rendered":"Rilevazione del piombo nelle acque"},"content":{"rendered":"\n<p><strong>Esperimenti di chimica: il piombo nelle acque<\/strong><\/p>\n\n\n\n<p>La storia mineraria della <em>Sardegna<\/em> ha fornito enormi ricchezze (in termini di minerali) alla societ\u00e0. Di contro, fu inquinato l\u2019ambiente, con il rilascio a valle di elementi tossici come il <strong>piombo<\/strong>. Per sapere se \u00e8 presente piombo nel terreno o nelle acque serve un metodo di rilevazione semplice.<\/p>\n\n\n\n<p><strong>Come si pu\u00f2 rilevare la presenza di ioni di piombo nelle acque ?<\/strong><\/p>\n\n\n\n<table style=\"width: 100%\">\n<tbody>\n<tr>\n<td style=\"width: 29.762%\"><a href=\"https:\/\/sites.unica.it\/plschimica\/files\/2024\/02\/Provette.jpg\"><img decoding=\"async\" class=\"alignnone wp-image-2383\" src=\"https:\/\/sites.unica.it\/plschimica\/files\/2024\/02\/Provette.jpg\" alt=\"\" width=\"242\" height=\"208\" srcset=\"https:\/\/sites.unica.it\/plschimica\/files\/2024\/02\/Provette.jpg 1511w, https:\/\/sites.unica.it\/plschimica\/files\/2024\/02\/Provette-300x258.jpg 300w, https:\/\/sites.unica.it\/plschimica\/files\/2024\/02\/Provette-1024x881.jpg 1024w, https:\/\/sites.unica.it\/plschimica\/files\/2024\/02\/Provette-768x661.jpg 768w\" sizes=\"(max-width: 242px) 100vw, 242px\" \/><\/a><\/td>\n<td style=\"width: 69.2856%\">Nel nostro esperimento, le provette contengono una piccola quantit\u00e0 di soluzione di nitrato di piombo (Pb(NO<sub>3<\/sub>)<sub>2<\/sub>. Vengono aggiunte goccie di cloruro di potassio (KCl), di bromuro di potassio (KBr) e di ioduro di potassio (KI). Che cosa si osserva ?<\/td>\n<\/tr>\n<\/tbody>\n<\/table>\n\n\n\n<table>\n<tbody>\n<tr>\n<td><a href=\"https:\/\/sites.unica.it\/plschimica\/files\/2024\/02\/Foto_Ioduro.jpg\"><img decoding=\"async\" class=\"alignnone size-full wp-image-2385\" src=\"https:\/\/sites.unica.it\/plschimica\/files\/2024\/02\/Foto_Ioduro.jpg\" alt=\"\" width=\"1294\" height=\"1288\" srcset=\"https:\/\/sites.unica.it\/plschimica\/files\/2024\/02\/Foto_Ioduro.jpg 1294w, https:\/\/sites.unica.it\/plschimica\/files\/2024\/02\/Foto_Ioduro-300x300.jpg 300w, https:\/\/sites.unica.it\/plschimica\/files\/2024\/02\/Foto_Ioduro-1024x1019.jpg 1024w, https:\/\/sites.unica.it\/plschimica\/files\/2024\/02\/Foto_Ioduro-150x150.jpg 150w, https:\/\/sites.unica.it\/plschimica\/files\/2024\/02\/Foto_Ioduro-768x764.jpg 768w, https:\/\/sites.unica.it\/plschimica\/files\/2024\/02\/Foto_Ioduro-96x96.jpg 96w, https:\/\/sites.unica.it\/plschimica\/files\/2024\/02\/Foto_Ioduro-24x24.jpg 24w, https:\/\/sites.unica.it\/plschimica\/files\/2024\/02\/Foto_Ioduro-36x36.jpg 36w, https:\/\/sites.unica.it\/plschimica\/files\/2024\/02\/Foto_Ioduro-48x48.jpg 48w, https:\/\/sites.unica.it\/plschimica\/files\/2024\/02\/Foto_Ioduro-64x64.jpg 64w\" sizes=\"(max-width: 1294px) 100vw, 1294px\" \/><\/a><\/td>\n<td>L\u2019esperimento dimostrativo di laboratorio fa vedere che la soluzione di piombo Pb<sup>2+<\/sup> reagendo con qualche goccia di ioduro di potassio (KI) forma un precipitato di colore giallo intenso. Aggiungendo cloruro di potassio (KCl) la soluzione rimane limpida, con il bromuro di potassio (KBr) diventa leggermente opaca.<\/td>\n<\/tr>\n<\/tbody>\n<\/table>\n\n\n\n<p><strong>Come si possono rimuovere gli ioni di piombo dalle acque contaminate ?<\/strong><\/p>\n\n\n\n<p>Il valore limite per il piombo nell\u2019acqua potabile \u00e8 fissato a 10 \u00b5g\/L. In questo esperimento mettiamo l\u2019acqua contaminata con piombo in contatto con polvere di carbonato di calcio.<\/p>\n\n\n\n<table style=\"width: 100%\">\n<tbody>\n<tr>\n<td style=\"width: 31.7857%\"><a href=\"https:\/\/sites.unica.it\/plschimica\/files\/2024\/02\/Polvere_calcio.jpg\"><img decoding=\"async\" class=\"alignnone wp-image-2441\" src=\"https:\/\/sites.unica.it\/plschimica\/files\/2024\/02\/Polvere_calcio.jpg\" alt=\"\" width=\"264\" height=\"169\" srcset=\"https:\/\/sites.unica.it\/plschimica\/files\/2024\/02\/Polvere_calcio.jpg 655w, https:\/\/sites.unica.it\/plschimica\/files\/2024\/02\/Polvere_calcio-300x192.jpg 300w\" sizes=\"(max-width: 264px) 100vw, 264px\" \/><\/a><\/td>\n<td style=\"width: 29.4048%\">Fotografie SEM della polvere di calcio. Immagine EDX \u2013 rosso presenza del piombo.<\/td>\n<td style=\"width: 37.6191%\"><a href=\"https:\/\/sites.unica.it\/plschimica\/files\/2024\/02\/SEM_polvere.jpg\"><img decoding=\"async\" class=\"alignnone size-full wp-image-2442\" src=\"https:\/\/sites.unica.it\/plschimica\/files\/2024\/02\/SEM_polvere.jpg\" alt=\"\" width=\"575\" height=\"434\" srcset=\"https:\/\/sites.unica.it\/plschimica\/files\/2024\/02\/SEM_polvere.jpg 575w, https:\/\/sites.unica.it\/plschimica\/files\/2024\/02\/SEM_polvere-300x226.jpg 300w\" sizes=\"(max-width: 575px) 100vw, 575px\" \/><\/a><\/td>\n<\/tr>\n<\/tbody>\n<\/table>\n\n\n\n<p>Gli ioni piombo Pb<sup>2+<\/sup> precipitano come carbonato di piombo sui granuli di carbonato di calcio. Ripetiamo l&#8217;esperimento e verifichiamo l\u2019assenza del piombo nell\u2019acqua con la prova dello ioduro di potassio (KI).<\/p>\n","protected":false},"excerpt":{"rendered":"<p>Esperimenti di chimica: il piombo nelle acque La storia mineraria della Sardegna ha fornito enormi ricchezze (in termini di minerali) alla societ\u00e0. Di contro, fu inquinato l\u2019ambiente, con il rilascio a valle di elementi tossici come il piombo. Per sapere se \u00e8 presente piombo nel terreno o nelle acque serve un metodo di rilevazione semplice. Come si pu\u00f2 rilevare la presenza di ioni di piombo nelle acque ? Nel nostro esperimento, le provette contengono una piccola quantit\u00e0 di soluzione di nitrato di piombo (Pb(NO3)2. Vengono aggiunte goccie di cloruro di potassio (KCl), di bromuro di potassio (KBr) e di ioduro <a href='https:\/\/sites.unica.it\/plschimica\/rilevazione-del-piombo-nelle-acque\/' class='excerpt-more'>[&#8230;]<\/a><\/p>\n","protected":false},"author":335,"featured_media":0,"parent":0,"menu_order":0,"comment_status":"closed","ping_status":"closed","template":"","meta":{"footnotes":""},"class_list":["post-2818","page","type-page","status-publish","hentry","post-seq-1","post-parity-odd","meta-position-corners","fix"],"_links":{"self":[{"href":"https:\/\/sites.unica.it\/plschimica\/wp-json\/wp\/v2\/pages\/2818","targetHints":{"allow":["GET"]}}],"collection":[{"href":"https:\/\/sites.unica.it\/plschimica\/wp-json\/wp\/v2\/pages"}],"about":[{"href":"https:\/\/sites.unica.it\/plschimica\/wp-json\/wp\/v2\/types\/page"}],"author":[{"embeddable":true,"href":"https:\/\/sites.unica.it\/plschimica\/wp-json\/wp\/v2\/users\/335"}],"replies":[{"embeddable":true,"href":"https:\/\/sites.unica.it\/plschimica\/wp-json\/wp\/v2\/comments?post=2818"}],"version-history":[{"count":4,"href":"https:\/\/sites.unica.it\/plschimica\/wp-json\/wp\/v2\/pages\/2818\/revisions"}],"predecessor-version":[{"id":2850,"href":"https:\/\/sites.unica.it\/plschimica\/wp-json\/wp\/v2\/pages\/2818\/revisions\/2850"}],"wp:attachment":[{"href":"https:\/\/sites.unica.it\/plschimica\/wp-json\/wp\/v2\/media?parent=2818"}],"curies":[{"name":"wp","href":"https:\/\/api.w.org\/{rel}","templated":true}]}}