{"id":1916,"date":"2022-01-22T17:56:14","date_gmt":"2022-01-22T17:56:14","guid":{"rendered":"https:\/\/sites.unica.it\/plschimica\/?page_id=1916"},"modified":"2022-01-22T17:56:14","modified_gmt":"2022-01-22T17:56:14","slug":"attivita-2021","status":"publish","type":"page","link":"https:\/\/sites.unica.it\/plschimica\/attivita-2021\/","title":{"rendered":"Attivita 2021"},"content":{"rendered":"<p><span style=\"font-family: arial, helvetica, sans-serif\">Il <strong>Corso di Laurea in Chimica<\/strong> del Dipartimento di Scienze Chimiche e Geologiche propone per il 2021 un\u2019edizione speciale, che si svolger\u00e0 interamente on line, a cui saranno ammessi a partecipare anche i ragazzi, in una percentuale massima del 40% delle iscrizioni.<\/span><\/p>\n<p><span style=\"font-family: arial, helvetica, sans-serif\">Quest\u2019anno, per rendere ancora pi\u00f9 protagonisti le studentesse e gli studenti partecipanti alle attivit\u00e0, l\u2019evento si svolger\u00e0 in due o tre fasi: una preparatoria e una di presentazione e condivisione delle attivit\u00e0 sperimentali realizzate.<\/span><\/p>\n<p><span style=\"font-family: arial, helvetica, sans-serif\">I ragazzi e le ragazze lavoreranno in piccoli gruppi di massimo 5 studenti guidati da un team di ricerca che proporr\u00e0 loro attivit\u00e0 a distanza. L\u2019impegno previsto per le studentesse e gli studenti dell\u2019ultimo triennio \u00e8 di massimo 8-10 ore di attivit\u00e0 con i ricercatori, pi\u00f9 l\u2019attivit\u00e0 individuale.<\/span><\/p>\n<p><span style=\"font-family: arial, helvetica, sans-serif\">I lavori in gruppi hanno iniziato il 1 febbraio; al termine dei lavori ogni gruppo avr\u00e0 a disposizione 10 minuti circa per presentare il proprio elaborato <span class=\"style-scope yt-formatted-string\" dir=\"auto\">in occasione della <em>Giornata Internazionale delle Donne e Ragazze nella Scienza <\/em>del 11 febbraio in <\/span><span class=\"style-scope yt-formatted-string\" dir=\"auto\"><strong><a href=\"https:\/\/www.youtube.com\/watch?v=skkObklUwN0&amp;t=18s\">diretta streaming<\/a>. <\/strong>Partecipano all&#8217;evento 90 tra studentesse e studenti di 18 Istituti Superiori della Sardegna.<\/span><\/span><\/p>\n<p><span style=\"font-family: arial, helvetica, sans-serif\"><strong>Programma della giornata<\/strong> del 11 febbraio 2021<\/span><\/p>\n<table>\n<tbody>\n<tr>\n<td><span style=\"font-family: arial, helvetica, sans-serif\">09.00<\/span><\/td>\n<td><span style=\"font-family: arial, helvetica, sans-serif\">Saluti e benvenuto<\/span><\/td>\n<\/tr>\n<tr>\n<td><span style=\"font-family: arial, helvetica, sans-serif\">09.15<\/span><\/td>\n<td><span style=\"font-family: arial, helvetica, sans-serif\">Intervento del Magnifico Rettore Prof.ssa Maria Del Zompo<\/span><\/td>\n<\/tr>\n<tr>\n<td><span style=\"font-family: arial, helvetica, sans-serif\">09.25<\/span><\/td>\n<td><span style=\"font-family: arial, helvetica, sans-serif\">Lezione plenaria della Prof.ssa Micaela Morelli<\/span><\/td>\n<\/tr>\n<tr>\n<td><\/td>\n<td><span style=\"font-family: arial, helvetica, sans-serif\">Pausa<\/span><\/td>\n<\/tr>\n<tr>\n<td><span style=\"font-family: arial, helvetica, sans-serif\">10.15<\/span><\/td>\n<td><span style=\"font-family: arial, helvetica, sans-serif\">Intervento del coordinatore del CDS Prof.ssa M.C. Aragoni<\/span><\/td>\n<\/tr>\n<tr>\n<td><span style=\"font-family: arial, helvetica, sans-serif\">10.20<\/span><\/td>\n<td><span style=\"font-family: arial, helvetica, sans-serif\">Programma masterclass parte I\u00a0 (vedi programma dettagliato)<strong><br \/>\n<\/strong><\/span><\/td>\n<\/tr>\n<tr>\n<td><span style=\"font-family: arial, helvetica, sans-serif\">11.45<\/span><\/td>\n<td><span style=\"font-family: arial, helvetica, sans-serif\">Pausa<\/span><\/td>\n<\/tr>\n<tr>\n<td><span style=\"font-family: arial, helvetica, sans-serif\">12.00<\/span><\/td>\n<td><span style=\"font-family: arial, helvetica, sans-serif\">Programma masterclass parte II\u00a0 (vedi programma dettagliato)<\/span><\/td>\n<\/tr>\n<tr>\n<td><span style=\"font-family: arial, helvetica, sans-serif\">13.30<\/span><\/td>\n<td><span style=\"font-family: arial, helvetica, sans-serif\">Discussione finale e consegna virtuale degli attestati di partecipazione<\/span><\/td>\n<\/tr>\n<\/tbody>\n<\/table>\n<p>&nbsp;<\/p>\n<p><span style=\"font-family: arial, helvetica, sans-serif\"><strong>Scuole partecipanti<\/strong><\/span><\/p>\n<table style=\"border-collapse: collapse;width: 100%\">\n<tbody>\n<tr>\n<td style=\"width: 50%\"><span style=\"font-family: arial, helvetica, sans-serif\">Si sono iscritti 90 studentesse e studenti provenienti da 18 <a href=\"http:\/\/sites.unica.it\/plsunica\/files\/2021\/01\/Scuole_Chimica.pdf\">Scuole<\/a> della Sardegna.<\/span><\/p>\n<p><span style=\"font-family: arial, helvetica, sans-serif\"><img decoding=\"async\" class=\"alignnone size-medium wp-image-426\" src=\"http:\/\/sites.unica.it\/plsunica\/files\/2021\/01\/Map_sardinia_2021-259x300.jpg\" alt=\"\" width=\"259\" height=\"300\" \/><\/span><\/td>\n<td style=\"width: 50%\"><span style=\"font-family: arial, helvetica, sans-serif\">I.I.S. De Sanctis-Deledda, Cagliari; Liceo Classico \u201cE. Piga\u201d, Villacidro; I.T.I.S. Othoca, Oristano; I.T.T. Tonara &#8211; F.lli Costa Azara, Sorgono; Liceo Convitto \u201cVittorio Emanuele II\u201d, Cagliari; Liceo Scientifico \u201cMarconi Lussu\u201d, San Gavino Monreale; Liceo Scientifico \u201cGiordano Bruno\u201d, Muravera; Liceo Scientifico \u201cMichelangelo\u201d, Cagliari; I.G. Sant\u2019Antioco, Sant\u2019 Antioco (SU); I.I.S. \u201cG.A. Pischedda\u201d, Bosa (OR); I.I.S. \u201cLuigi Einaudi\u201d, Senorb\u00ec; Liceo Scientifico &#8220;L. B. Alberti&#8221;, Cagliari; I.I.S. \u201cLeonardo da Vinci\u201d, Lanusei; I.I.S. Gramsci Amaldi, Carbonia; Liceo Scientifico \u201cA.Pacinotti\u201d, Cagliari; Istituto Magistrale &#8220;B. Croce&#8221;, Oristano; I.I.S. &#8220;G. Brotzu&#8221;, Quartu Sant&#8217;Elena (CA); I.I.S.S. \u201cMichele Giua\u201d, Cagliari<\/span><\/td>\n<\/tr>\n<\/tbody>\n<\/table>\n<p><span style=\"font-family: arial, helvetica, sans-serif\"><strong>Attivit\u00e0 dal 1 al 10 febbraio 2021<\/strong><\/span><\/p>\n<p><span style=\"font-family: arial, helvetica, sans-serif\">I 90 studenti sono stati suddivisi in gruppi secondo la loro scelta della tematica. In ognuno dei <strong>18 gruppi<\/strong> lavorano 5 studenti (ragazze, massimo due ragazzi) con un team di ricercatrici e ricercatori. Le modalit\u00e0 dello svolgimento dei lavori di ciascun gruppo sono descritti nelle schede del progetto della tematica (vedi sotto).<\/span><\/p>\n<p><span style=\"font-family: arial, helvetica, sans-serif\">I ricercatori e ricercatrici del dipartimento di chimica propongono queste<strong><a href=\"http:\/\/sites.unica.it\/plsunica\/files\/2021\/01\/Tematiche_Chimica_def.pdf\">Tematiche<\/a><\/strong>:<\/span><\/p>\n<ol>\n<li><span style=\"font-family: arial, helvetica, sans-serif\"><span style=\"color: #ff0000\">Nuovi materiali molecolari utilizzati in medicina <\/span>(<a href=\"http:\/\/sites.unica.it\/plsunica\/files\/2021\/01\/Progetto-1.pdf\">Scheda progetto 1<\/a>), 4 gruppi,\u00a0\u00a0\u00a0\u00a0 <em>Maria Laura Mercuri, Noemi Monni, Mariangela Oggianu<\/em><\/span><\/li>\n<li><span style=\"font-family: arial, helvetica, sans-serif\"><span style=\"color: #ff0000\">Spettroscopia IR e effetto serra<\/span> (<a href=\"http:\/\/sites.unica.it\/plsunica\/files\/2021\/01\/Progetto-2.pdf\">Scheda progetto 2<\/a>), <em>Flaminia Cesare Marincola<\/em><\/span><\/li>\n<li><span style=\"font-family: arial, helvetica, sans-serif\"><span style=\"color: #ff0000\">La pubblicit\u00e0 ingannevole \u2013 conoscere la chimica per essere consumatori consapevoli <\/span>(<a href=\"http:\/\/sites.unica.it\/plsunica\/files\/2021\/01\/Progetto-3.pdf\">Scheda progetto 3<\/a>), 2 gruppi,\u00a0 <em>Marzia Fantauzzi<\/em><\/span><\/li>\n<li><span style=\"font-family: arial, helvetica, sans-serif\"><span style=\"color: #ff0000\">Risonanza Magnetica Nucleare in Chimica: strutture molecolari e interazioni a livello atomico <\/span>(<a href=\"http:\/\/sites.unica.it\/plsunica\/files\/2021\/01\/Progetto-4.pdf\">Scheda progetto 4<\/a>), 2 gruppi, <em>Paola Carta<\/em> e <em>Mariano Andrea Scorciapino<br \/>\n<\/em><\/span><\/li>\n<li><span style=\"font-family: arial, helvetica, sans-serif\"><span style=\"color: #ff0000\">Vedere a raggi X: i superpoteri di chimici e fisici per la comprensione della natura delle cose <\/span>(<a href=\"http:\/\/sites.unica.it\/plsunica\/files\/2021\/01\/Progetto-5.pdf\">Scheda progetto 5<\/a>), 2 gruppi, <em>Valentina Mameli e Marco Sanna Angotzi<\/em><\/span><\/li>\n<li><span style=\"font-family: arial, helvetica, sans-serif\"><span style=\"color: #ff0000\">Sensori molecolari ottici per il riconoscimento di ioni metallici e anioni: dalla progettazione all&#8217; applicazione <\/span><a href=\"http:\/\/sites.unica.it\/plsunica\/files\/2021\/01\/Progetto-6.pdf\">(<\/a><a href=\"http:\/\/sites.unica.it\/plsunica\/files\/2021\/01\/Progetto-6.pdf\">Scheda progetto 6<\/a><a href=\"http:\/\/sites.unica.it\/plsunica\/files\/2021\/01\/Progetto-6.pdf\">)<\/a> <em>Claudia Caltagirone e Alessandra Garau<\/em><\/span><\/li>\n<li><span style=\"font-family: arial, helvetica, sans-serif\"><span style=\"color: #ff0000\">Il lavoro del chimico nella tutela ambientale <\/span>(<a href=\"http:\/\/sites.unica.it\/plsunica\/files\/2021\/01\/Progetto-7.pdf\">Scheda progetto 7<\/a>), <em>Tiziana Pivetta e Silvia Porcedda<br \/>\n<\/em><\/span><\/li>\n<li><span style=\"font-family: arial, helvetica, sans-serif\"><span style=\"color: #ff0000\">La tentazione del cioccolato &#8211; mangiamo quello giusto <\/span><span style=\"color: #ff0000\">? <\/span><span style=\"color: #ff0000\"><a href=\"http:\/\/sites.unica.it\/plsunica\/files\/2021\/01\/Progetto-8.pdf\">(Scheda progetto 8)<\/a>, <\/span>2 gruppi, <em>Viiktoria Velichko<\/em> e <em>Francesco Secci<br \/>\n<\/em><\/span><\/li>\n<li><span style=\"font-family: arial, helvetica, sans-serif\"><span style=\"color: #ff0000\">La chimica del pulito &#8211; prepariamo il nostro sapone <\/span>(<a href=\"http:\/\/sites.unica.it\/plsunica\/files\/2021\/01\/Progetto-9.pdf\">Scheda progetto 9<\/a>), <em>Chiara Cabua<\/em> e <em>Francesco Secci<br \/>\n<\/em><\/span><\/li>\n<li><span style=\"font-family: arial, helvetica, sans-serif\"><span style=\"color: #ff0000\">Il contributo delle donne alla conoscenza in Chimica<\/span> (<a href=\"http:\/\/sites.unica.it\/plsunica\/files\/2021\/01\/Progetto-10.pdf\">Scheda progetto 10<\/a>), 2 gruppi, <em>Antonella Rossi<\/em><\/span><\/li>\n<\/ol>\n<p>&nbsp;<\/p>\n<p><span style=\"font-family: arial, helvetica, sans-serif\"><img decoding=\"async\" class=\"alignnone size-full wp-image-436\" src=\"http:\/\/sites.unica.it\/plsunica\/files\/2021\/01\/Lavori_gruppi.jpg\" alt=\"\" width=\"995\" height=\"1016\" \/><\/span><\/p>\n<p><span style=\"font-family: arial, helvetica, sans-serif\">Al termine dei lavori ogni gruppo avr\u00e0 a disposizione 10 minuti circa per presentare il proprio elaborato durante la giornata &#8220;Women and Girls in Science&#8221; dell\u201911 Febbraio. L&#8217;evento verr\u00e0 <strong>trasmesso in diretta streaming<\/strong> su Youtube iniziando alle ore 9.<\/span><\/p>\n<p>&nbsp;<\/p>\n<p><span style=\"font-family: arial, helvetica, sans-serif\"><strong>Per ulteriori informazioni <\/strong>al riguardo della masterclass &#8220;Woman and Girls in Science&#8221; di Chimica si rivolge per posta elettronica a rossi@unica.it<\/span><\/p>\n<p><span style=\"font-family: arial, helvetica, sans-serif\"><strong><a href=\"https:\/\/www.youtube.com\/watch?v=skkObklUwN0&amp;t=18s\">Diretta streaming<\/a><\/strong> Women and Girls in Science del 11 febbraio 2021<\/span><\/p>\n<p><span style=\"font-family: arial, helvetica, sans-serif\"><strong><a href=\"https:\/\/unica.it\/unica\/page\/it\/la_festa_della_scienza_con_e_per_le_donne\">Evento<\/a><\/strong> sul portale dell&#8217; Universit\u00e0 di Cagliari unica.it<\/span><\/p>\n<p><span style=\"font-family: arial, helvetica, sans-serif\"><strong><a href=\"http:\/\/sites.unica.it\/plsunica\/files\/2021\/02\/LOCANDINA_Chimica_2021.pdf\">Locandina Chimica<\/a> <\/strong>del 11 febbraio 2021<\/span><\/p>\n<p><span style=\"font-family: arial, helvetica, sans-serif\">Elenco delle <strong><a href=\"http:\/\/sites.unica.it\/plsunica\/files\/2021\/01\/Tematiche_Chimica_def.pdf\">Tematiche<\/a> <\/strong><\/span><\/p>\n<p><span style=\"font-family: arial, helvetica, sans-serif\">Elenco delle <strong><a href=\"http:\/\/sites.unica.it\/plsunica\/files\/2021\/01\/Scuole_Chimica.pdf\">Scuole partecipanti<\/a><\/strong><\/span><\/p>\n<p><span style=\"font-family: arial, helvetica, sans-serif\"><a href=\"https:\/\/sites.unica.it\/plschimica\/\"><strong>Pagina web<\/strong><\/a> del PLS Chimica dell&#8217; Universit\u00e0 di Cagliari<\/span><\/p>\n<p>&nbsp;<\/p>","protected":false},"excerpt":{"rendered":"<p>Il Corso di Laurea in Chimica del Dipartimento di Scienze Chimiche e Geologiche propone per il 2021 un\u2019edizione speciale, che si svolger\u00e0 interamente on line, a cui saranno ammessi a partecipare anche i ragazzi, in una percentuale massima del 40% delle iscrizioni. Quest\u2019anno, per rendere ancora pi\u00f9 protagonisti le studentesse e gli studenti partecipanti alle attivit\u00e0, l\u2019evento si svolger\u00e0 in due o tre fasi: una preparatoria e una di presentazione e condivisione delle attivit\u00e0 sperimentali realizzate. I ragazzi e le ragazze lavoreranno in piccoli gruppi di massimo 5 studenti guidati da un team di ricerca che proporr\u00e0 loro attivit\u00e0 a <a href='https:\/\/sites.unica.it\/plschimica\/attivita-2021\/' class='excerpt-more'>[&#8230;]<\/a><\/p>\n","protected":false},"author":335,"featured_media":0,"parent":0,"menu_order":0,"comment_status":"closed","ping_status":"closed","template":"","meta":{"footnotes":""},"class_list":["post-1916","page","type-page","status-publish","hentry","post-seq-1","post-parity-odd","meta-position-corners","fix"],"_links":{"self":[{"href":"https:\/\/sites.unica.it\/plschimica\/wp-json\/wp\/v2\/pages\/1916","targetHints":{"allow":["GET"]}}],"collection":[{"href":"https:\/\/sites.unica.it\/plschimica\/wp-json\/wp\/v2\/pages"}],"about":[{"href":"https:\/\/sites.unica.it\/plschimica\/wp-json\/wp\/v2\/types\/page"}],"author":[{"embeddable":true,"href":"https:\/\/sites.unica.it\/plschimica\/wp-json\/wp\/v2\/users\/335"}],"replies":[{"embeddable":true,"href":"https:\/\/sites.unica.it\/plschimica\/wp-json\/wp\/v2\/comments?post=1916"}],"version-history":[{"count":1,"href":"https:\/\/sites.unica.it\/plschimica\/wp-json\/wp\/v2\/pages\/1916\/revisions"}],"predecessor-version":[{"id":1917,"href":"https:\/\/sites.unica.it\/plschimica\/wp-json\/wp\/v2\/pages\/1916\/revisions\/1917"}],"wp:attachment":[{"href":"https:\/\/sites.unica.it\/plschimica\/wp-json\/wp\/v2\/media?parent=1916"}],"curies":[{"name":"wp","href":"https:\/\/api.w.org\/{rel}","templated":true}]}}