{"id":102,"date":"2012-04-12T12:03:39","date_gmt":"2012-04-12T12:03:39","guid":{"rendered":"http:\/\/people.unica.it\/basecds\/?page_id=102"},"modified":"2026-02-19T13:07:57","modified_gmt":"2026-02-19T13:07:57","slug":"home","status":"publish","type":"page","link":"https:\/\/sites.unica.it\/plschimica\/","title":{"rendered":"Home"},"content":{"rendered":"<p><strong><span style=\"font-family: helvetica,arial,sans-serif;font-size: 14pt\"> <a href=\"http:\/\/sites.unica.it\/plschimica\/files\/2020\/01\/Logo_PL_new.jpg\"><img decoding=\"async\" class=\"alignright wp-image-1677 size-medium\" src=\"http:\/\/sites.unica.it\/plschimica\/files\/2020\/01\/Logo_PL_new-300x158.jpg\" alt=\"\" width=\"300\" height=\"158\" srcset=\"https:\/\/sites.unica.it\/plschimica\/files\/2020\/01\/Logo_PL_new-300x158.jpg 300w, https:\/\/sites.unica.it\/plschimica\/files\/2020\/01\/Logo_PL_new.jpg 402w\" sizes=\"(max-width: 300px) 100vw, 300px\" \/><\/a>Piano Nazionale Lauree Scientifiche Chimica<\/span><\/strong><\/p>\n<p><span style=\"font-family: helvetica,arial,sans-serif\">Il Piano Nazionale Lauree Scientifiche (anche Progetto Lauree Scientifiche) \u00e8 attivo all&#8217; Universit\u00e0 degli Studi di Cagliari dal 2005. Il PNLS \u00e8 uno sforzo coordinato per rilanciare le Scienze. Oggi partecipano alle attivit\u00e0 del PNLS oltre al CdS di Chimica anche Fisica, Geologia, Matematica, Informatica, Biologia e Biotecnologie e Scienze Ambientali e Naturali.<br \/><\/span><\/p>\n<p><span style=\"font-family: helvetica,arial,sans-serif\">Referenti PNLS del CdS di Chimica:\u00a0 <span style=\"color: #3366ff\"><a style=\"color: #3366ff\" href=\"https:\/\/web.unica.it\/unica\/page\/it\/marzia_fantauzzi\" target=\"_blank\" rel=\"noopener\">Prof.ssa Marzia Fantauzzi<\/a><\/span> e\u00a0 <a href=\"https:\/\/people.unica.it\/antonellarossi\/\">Prof.ssa Antonella Rossi<\/a><\/span><\/p>\n\n\n<p><\/p>","protected":false},"excerpt":{"rendered":"<p>Piano Nazionale Lauree Scientifiche Chimica Il Piano Nazionale Lauree Scientifiche (anche Progetto Lauree Scientifiche) \u00e8 attivo all&#8217; Universit\u00e0 degli Studi di Cagliari dal 2005. Il PNLS \u00e8 uno sforzo coordinato per rilanciare le Scienze. Oggi partecipano alle attivit\u00e0 del PNLS oltre al CdS di Chimica anche Fisica, Geologia, Matematica, Informatica, Biologia e Biotecnologie e Scienze Ambientali e Naturali. Referenti PNLS del CdS di Chimica:\u00a0 Prof.ssa Marzia Fantauzzi e\u00a0 Prof.ssa Antonella Rossi<\/p>\n","protected":false},"author":643,"featured_media":0,"parent":0,"menu_order":0,"comment_status":"closed","ping_status":"closed","template":"","meta":{"footnotes":""},"class_list":["post-102","page","type-page","status-publish","hentry","post-seq-1","post-parity-odd","meta-position-corners","fix"],"_links":{"self":[{"href":"https:\/\/sites.unica.it\/plschimica\/wp-json\/wp\/v2\/pages\/102","targetHints":{"allow":["GET"]}}],"collection":[{"href":"https:\/\/sites.unica.it\/plschimica\/wp-json\/wp\/v2\/pages"}],"about":[{"href":"https:\/\/sites.unica.it\/plschimica\/wp-json\/wp\/v2\/types\/page"}],"author":[{"embeddable":true,"href":"https:\/\/sites.unica.it\/plschimica\/wp-json\/wp\/v2\/users\/643"}],"replies":[{"embeddable":true,"href":"https:\/\/sites.unica.it\/plschimica\/wp-json\/wp\/v2\/comments?post=102"}],"version-history":[{"count":7,"href":"https:\/\/sites.unica.it\/plschimica\/wp-json\/wp\/v2\/pages\/102\/revisions"}],"predecessor-version":[{"id":3074,"href":"https:\/\/sites.unica.it\/plschimica\/wp-json\/wp\/v2\/pages\/102\/revisions\/3074"}],"wp:attachment":[{"href":"https:\/\/sites.unica.it\/plschimica\/wp-json\/wp\/v2\/media?parent=102"}],"curies":[{"name":"wp","href":"https:\/\/api.w.org\/{rel}","templated":true}]}}