{"id":656,"date":"2020-02-02T11:48:48","date_gmt":"2020-02-02T10:48:48","guid":{"rendered":"http:\/\/sites.unica.it\/pls\/?page_id=656"},"modified":"2020-06-09T00:47:21","modified_gmt":"2020-06-08T22:47:21","slug":"master-class-women-and-girls-in-science","status":"publish","type":"page","link":"https:\/\/sites.unica.it\/pls\/master-class-women-and-girls-in-science\/","title":{"rendered":"Master Class Women and Girls in Science &#8211; febbraio 2020"},"content":{"rendered":"<p><img loading=\"lazy\" decoding=\"async\" class=\"wp-image-648 size-medium\" src=\"http:\/\/sites.unica.it\/pls\/files\/2018\/12\/Int_Day_of_Women_Girls_in_Science_Logo-433x364-300x252.jpg\" alt=\"\" width=\"300\" height=\"252\" srcset=\"https:\/\/sites.unica.it\/pls\/files\/2018\/12\/Int_Day_of_Women_Girls_in_Science_Logo-433x364-300x252.jpg 300w, https:\/\/sites.unica.it\/pls\/files\/2018\/12\/Int_Day_of_Women_Girls_in_Science_Logo-433x364-357x300.jpg 357w, https:\/\/sites.unica.it\/pls\/files\/2018\/12\/Int_Day_of_Women_Girls_in_Science_Logo-433x364.jpg 433w\" sizes=\"auto, (max-width: 300px) 100vw, 300px\" \/><\/p>\n<p>L\u2019Assemblea Generale delle Nazioni Unite ha istituito l\u201911 Febbraio come la Giornata Internazionale per le donne e le ragazze nella scienza per promuovere l\u2019uguaglianza di genere e a far s\u00ec che donne e ragazze ottengano parit\u00e0 di accesso e partecipazione nella scienza.<br \/>\nIn questa data e nei giorni successivi, in tante citt\u00e0 in Italia e nel mondo, si svolgeranno numerose iniziative volte a ispirare e coinvolgere le donne e le ragazze in campo scientifico. Per questo i corsi di laurea in <strong>Biologia, Biotecnologie, Chimica, Fisica, Gelogia, Informatica, Matematica e Scienze Ambientali e Naturali&nbsp;<\/strong>dell&#8217;Universit\u00e0 di Cagliari,&nbsp;coinvolti nei progetti PLS, hanno aderito all\u2019iniziativa proponendo una serie di attivit\u00e0 comuni e differenziate per ambito disciplinare dedicate alle studentesse pi\u00f9 meritevoli dell\u2019ultimo biennio delle Scuole Secondarie di secondo grado.<\/p>\n<p>L\u2019evento consiste in un\u2019intera giornata in cui le ragazze, dopo un\u2019accoglienza iniziale che le vedr\u00e0 riunite insieme, saranno divise in gruppi e, affiancate dalle ricercatrici, potranno effettuare&nbsp; attivit\u00e0 sperimentali nei diversi ambiti scientifici.&nbsp;<\/p>\n<p>La masterclass si svolger\u00e0 <strong>marted\u00ec 11 febbraio 2020<\/strong>, presso la Cittadella Universitaria di Monserrato e rientrer\u00e0 nelle attivit\u00e0 del Piano Lauree Scientifiche, rendicontabili anche come Alternanza Scuola Lavoro. La partecipazione sar\u00e0 limitata a 10 studentesse per scuola, che potranno essere selezionate dagli insegnanti sulla base dell\u2019interesse.<\/p>\n<p>Le studentesse che avessero partecipato lo scorso anno per una disciplina, potranno partecipare solo per le altre discipline proposte.<\/p>\n<p>Le adesioni dovranno pervenire attraverso l&#8217;apposito modulo on line (<a style=\"font-weight: bold\" href=\"https:\/\/sites.unica.it\/plsunica\/modulo-di-adesione-11-febbraio-2020\/\">Iscrizione Women and Girls in Science<\/a>) entro il <strong>28 gennaio 2020<\/strong>.&nbsp; All\u2019interno del modulo di adesione sar\u00e0 possibile indicare una o pi\u00f9 preferenze sulle discipline scientifiche di interesse e costituir\u00e0 titolo preferenziale l\u2019ordine di presentazione delle iscrizioni.<\/p>\n<p><a href=\"https:\/\/sites.unica.it\/pls\/master-class-women-and-girls-in-science\/programma\/\">Visualizza il PROGRAMMA degli eventi proposti dal PLS GEO<\/a><\/p>\n<p><a href=\"https:\/\/sites.unica.it\/pls\/?page_id=1056&amp;preview=true\">Visualizza alcune foto sulle attivit\u00e0 svolte quest&#8217;anno<\/a><\/p>\n<p>&nbsp;<\/p>\n","protected":false},"excerpt":{"rendered":"<p>L\u2019Assemblea Generale delle Nazioni Unite ha istituito l\u201911 Febbraio come la Giornata Internazionale per le donne e le ragazze nella scienza per promuovere l\u2019uguaglianza di genere e a far s\u00ec che donne e ragazze ottengano parit\u00e0 di accesso e partecipazione &hellip; <a href=\"https:\/\/sites.unica.it\/pls\/master-class-women-and-girls-in-science\/\">Continua a leggere<span class=\"meta-nav\">&rarr;<\/span><\/a><\/p>\n","protected":false},"author":2590,"featured_media":0,"parent":0,"menu_order":0,"comment_status":"closed","ping_status":"closed","template":"","meta":{"ngg_post_thumbnail":0,"footnotes":""},"class_list":["post-656","page","type-page","status-publish","hentry"],"_links":{"self":[{"href":"https:\/\/sites.unica.it\/pls\/wp-json\/wp\/v2\/pages\/656","targetHints":{"allow":["GET"]}}],"collection":[{"href":"https:\/\/sites.unica.it\/pls\/wp-json\/wp\/v2\/pages"}],"about":[{"href":"https:\/\/sites.unica.it\/pls\/wp-json\/wp\/v2\/types\/page"}],"author":[{"embeddable":true,"href":"https:\/\/sites.unica.it\/pls\/wp-json\/wp\/v2\/users\/2590"}],"replies":[{"embeddable":true,"href":"https:\/\/sites.unica.it\/pls\/wp-json\/wp\/v2\/comments?post=656"}],"version-history":[{"count":15,"href":"https:\/\/sites.unica.it\/pls\/wp-json\/wp\/v2\/pages\/656\/revisions"}],"predecessor-version":[{"id":1073,"href":"https:\/\/sites.unica.it\/pls\/wp-json\/wp\/v2\/pages\/656\/revisions\/1073"}],"wp:attachment":[{"href":"https:\/\/sites.unica.it\/pls\/wp-json\/wp\/v2\/media?parent=656"}],"curies":[{"name":"wp","href":"https:\/\/api.w.org\/{rel}","templated":true}]}}