{"id":1723,"date":"2019-09-26T08:23:04","date_gmt":"2019-09-26T08:23:04","guid":{"rendered":"http:\/\/sites.unica.it\/pls-matematica\/?page_id=1723"},"modified":"2019-09-26T08:23:04","modified_gmt":"2019-09-26T08:23:04","slug":"attivita-2018-2019","status":"publish","type":"page","link":"https:\/\/sites.unica.it\/pls-matematica\/attivita-2018-2019\/","title":{"rendered":"Attivit\u00e0 2018-2019"},"content":{"rendered":"<header class=\"entry-header\">\n<h1 class=\"entry-title\">Master Class Women and Girls in Science<\/h1>\n<\/header>\n<div class=\"entry-content\">\n<p><a href=\"http:\/\/sites.unica.it\/pls-matematica\/files\/2019\/02\/Laboratori-2018-19.pdf\">Attivit\u00e0 2018-2019<\/a><\/p>\n<p><a href=\"http:\/\/sites.unica.it\/pls-matematica\/files\/2019\/02\/Laboratori-2018-19.pdf\">Laboratori 2018-19<\/a><\/p>\n<p><a href=\"http:\/\/sites.unica.it\/pls-matematica\/files\/2019\/01\/Int_Day_of_Women_Girls_in_Science_Logo-433x364.jpg\"><img loading=\"lazy\" decoding=\"async\" class=\"alignnone size-medium wp-image-1685\" src=\"http:\/\/sites.unica.it\/pls-matematica\/files\/2019\/01\/Int_Day_of_Women_Girls_in_Science_Logo-433x364-300x252.jpg\" alt=\"\" width=\"300\" height=\"252\" srcset=\"https:\/\/sites.unica.it\/pls-matematica\/files\/2019\/01\/Int_Day_of_Women_Girls_in_Science_Logo-433x364-300x252.jpg 300w, https:\/\/sites.unica.it\/pls-matematica\/files\/2019\/01\/Int_Day_of_Women_Girls_in_Science_Logo-433x364-357x300.jpg 357w, https:\/\/sites.unica.it\/pls-matematica\/files\/2019\/01\/Int_Day_of_Women_Girls_in_Science_Logo-433x364.jpg 433w\" sizes=\"auto, (max-width: 300px) 100vw, 300px\" \/><\/a><\/p>\n<p><strong><a href=\"http:\/\/sites.unica.it\/pls-matematica\/files\/2019\/02\/Programma.pdf\">Programma<\/a><\/strong><\/p>\n<p>L\u2019Assemblea Generale delle Nazioni Unite ha istituito l\u201911 Febbraio come la Giornata Internazionale per le donne e le ragazze nella scienza per promuovere l\u2019uguaglianza di genere e a far s\u00ec che donne e ragazze ottengano parit\u00e0 di accesso e partecipazione nella scienza.<\/p>\n<p>In questa data e nei giorni successivi, in tante citt\u00e0 in Italia e nel mondo, si svolgeranno numerose iniziative volte a ispirare e coinvolgere le donne e le ragazze in campo scientifico. Per questo i corsi di laurea in\u00a0<strong>Biologia, Chimica, Fisica, Gelogia, Informatica, Matematica e Scienze Ambientali e Naturali\u00a0<\/strong>dell\u2019Universit\u00e0 di Cagliari,\u00a0coinvolti nei progetti PLS, hanno aderito all\u2019iniziativa proponendo una serie di attivit\u00e0 comuni e differenziate per ambito disciplinare dedicate alle studentesse pi\u00f9 meritevoli dell\u2019ultimo biennio delle Scuole Secondarie di secondo grado.<\/p>\n<p>L\u2019evento consiste in un\u2019intera giornata in cui le ragazze, dopo un\u2019accoglienza iniziale che le vedr\u00e0 riunite insieme, saranno divise in gruppi e, affiancate dalle ricercatrici, potranno effettuare\u00a0 attivit\u00e0 sperimentali nei diversi ambiti scientifici.<\/p>\n<p>La masterclass si svolger\u00e0\u00a0<strong>luned\u00ec 11 febbraio 2019<\/strong>, presso la Cittadella Universitaria di Monserrato e rientrer\u00e0 nelle attivit\u00e0 del Piano Lauree Scientifiche, rendicontabili anche come Alternanza Scuola Lavoro. La partecipazione sar\u00e0 limitata a 10 studentesse, che potranno essere selezionate dagli insegnanti sulla base dell\u2019interesse.<\/p>\n<p>Le studentesse che avessero partecipato lo scorso anno per una disciplina, potranno partecipare solo per le altre discipline proposte.<\/p>\n<p>Le adesioni dovranno pervenire attraverso l\u2019apposito modulo on line (<a href=\"https:\/\/pls2019.wufoo.com\/forms\/zlzw13x1jna621\/\">Iscrizione Women in Scienc<\/a>e) entro il <strong>21 gennaio 2019<\/strong>.\u00a0 All\u2019interno del modulo di adesione sar\u00e0 possibile indicare una o pi\u00f9 preferenze sulle discipline scientifiche di interesse e costituir\u00e0 titolo preferenziale l\u2019ordine di presentazione delle iscrizioni.<\/p>\n<\/div>\n","protected":false},"excerpt":{"rendered":"<p>Master Class Women and Girls in Science Attivit\u00e0 2018-2019 Laboratori 2018-19 Programma L\u2019Assemblea Generale delle Nazioni Unite ha istituito l\u201911 Febbraio come la Giornata Internazionale per le donne e le ragazze nella scienza per promuovere l\u2019uguaglianza di genere e a &hellip; <a href=\"https:\/\/sites.unica.it\/pls-matematica\/attivita-2018-2019\/\">Continua a leggere<span class=\"meta-nav\">&rarr;<\/span><\/a><\/p>\n","protected":false},"author":1988,"featured_media":0,"parent":0,"menu_order":0,"comment_status":"closed","ping_status":"closed","template":"","meta":{"footnotes":""},"class_list":["post-1723","page","type-page","status-publish","hentry"],"_links":{"self":[{"href":"https:\/\/sites.unica.it\/pls-matematica\/wp-json\/wp\/v2\/pages\/1723","targetHints":{"allow":["GET"]}}],"collection":[{"href":"https:\/\/sites.unica.it\/pls-matematica\/wp-json\/wp\/v2\/pages"}],"about":[{"href":"https:\/\/sites.unica.it\/pls-matematica\/wp-json\/wp\/v2\/types\/page"}],"author":[{"embeddable":true,"href":"https:\/\/sites.unica.it\/pls-matematica\/wp-json\/wp\/v2\/users\/1988"}],"replies":[{"embeddable":true,"href":"https:\/\/sites.unica.it\/pls-matematica\/wp-json\/wp\/v2\/comments?post=1723"}],"version-history":[{"count":1,"href":"https:\/\/sites.unica.it\/pls-matematica\/wp-json\/wp\/v2\/pages\/1723\/revisions"}],"predecessor-version":[{"id":1724,"href":"https:\/\/sites.unica.it\/pls-matematica\/wp-json\/wp\/v2\/pages\/1723\/revisions\/1724"}],"wp:attachment":[{"href":"https:\/\/sites.unica.it\/pls-matematica\/wp-json\/wp\/v2\/media?parent=1723"}],"curies":[{"name":"wp","href":"https:\/\/api.w.org\/{rel}","templated":true}]}}