{"id":102,"date":"2012-04-12T12:03:39","date_gmt":"2012-04-12T11:03:39","guid":{"rendered":"http:\/\/people.unica.it\/basecds\/?page_id=102"},"modified":"2024-11-21T18:54:22","modified_gmt":"2024-11-21T17:54:22","slug":"home","status":"publish","type":"page","link":"https:\/\/sites.unica.it\/pls-informatica\/home\/","title":{"rendered":"PLS Informatica"},"content":{"rendered":"<h1><a href=\"http:\/\/sites.unica.it\/pls-informatica\/files\/2019\/01\/un-logo.png\"><span style=\"font-size: 8pt\"><img loading=\"lazy\" decoding=\"async\" class=\"size-full wp-image-1716 aligncenter\" src=\"http:\/\/sites.unica.it\/pls-informatica\/files\/2019\/01\/un-logo.png\" alt=\"\" width=\"100\" height=\"120\" \/><\/span><\/a> <span style=\"font-size: 14pt\">International Day of Women and Girls in Science\u00a0 <\/span><span class=\"event-date\" style=\"font-size: 14pt\">9 February 2024<\/span><\/h1>\n<h1 class=\"entry-title\" style=\"text-align: left\"><span style=\"font-size: 18pt\">Master Class &#8220;Women and Girls in Science&#8221;<\/span><\/h1>\n<p>L\u2019Assemblea Generale delle Nazioni Unite ha istituito l\u201911 Febbraio come la Giornata Internazionale per le donne e le ragazze nella scienza per promuovere l\u2019uguaglianza di genere e a far s\u00ec che donne e ragazze ottengano parit\u00e0 di accesso e partecipazione nella scienza. In questa data e nei giorni successivi, in tante citt\u00e0 in Italia e nel mondo, si svolgeranno numerose iniziative volte a ispirare e coinvolgere le donne e le ragazze in campo scientifico.<\/p>\n<p>Per questo, il corso di laurea in <strong>Informatica<\/strong>, coinvolto nei progetti PLS, ha aderito all\u2019iniziativa proponendo, insieme al corso di laurea in <strong>Informatica Applicata e Data Analytics<\/strong>, attivit\u00e0 dedicate alle studentesse pi\u00f9 meritevoli dell\u2019ultimo triennio delle Scuole Secondarie di secondo grado. L\u2019evento consiste in un\u2019intera giornata in cui le ragazze, affiancate dalle ricercatrici e dai ricercatori, potranno effettuare\u00a0 attivit\u00e0 sperimentali nell&#8217;ambito dell&#8217;informatica.<\/p>\n<p>La masterclass si svolger\u00e0\u00a0<strong>venerd\u00ec 9 febbraio 2024<\/strong>, in presenza nella <strong>cittadella Universitaria di Monserrato<\/strong>, e sar\u00e0 rendicontabile come PCTO (10 ore).<\/p>\n<p><strong>PROGRAMMA<\/strong><\/p>\n<p>ORE 9.00<br \/>\nRegistrazione (aula D, blocco H-D1, cittadella Universitaria di Monserrato)<\/p>\n<p>ORE 9.20<br \/>\nApertura dei lavori e saluti istituzionali<\/p>\n<p>ORE 9.30<br \/>\nSEMINARIO: \u201cIl mio viaggio dalla matematica alla medicina, passando per l&#8217;informatica, le Hawaii e Tokyo\u201d, dott.ssa Serena Sanna Dirigente di Ricerca presso l\u2019Istituto di Ricerca Genetica e Biomedica (IRGB), del CNR.<\/p>\n<p>ORE 10.45-13.00<br \/>\nATTIVITA\u2019: Intelligenza artificiale: introduzione e laboratorio.<\/p>\n<p>ORE 14.00-15:30<br \/>\nCHALLENGE: Sviluppo di un proprio progetto di intelligenza artificiale.<\/p>\n<p>ORE 15.30-16:00<br \/>\nPRESENTAZIONE PROGETTI E PREMIAZIONE<\/p>\n<p>ORE 16:00<br \/>\nSaluti finali<\/p>\n<p><strong>ISCRIZIONI<\/strong><\/p>\n<p>Le iscrizioni potranno essere fatte <u>da un docente referente<\/u>, compilando il form alla pagina<\/p>\n<p><a href=\"https:\/\/forms.gle\/AUNWVtDD518GAFDh7\">https:\/\/forms.gle\/AUNWVtDD518GAFDh7<\/a><\/p>\n<p><strong>entro il 6 febbraio<\/strong>. Per consentire la partecipazione del maggior numero di scuole, chiediamo di iscrivere al massimo 6 discenti per scuola, di cui al pi\u00f9 uno pu\u00f2 essere un ragazzo.<\/p>\n","protected":false},"excerpt":{"rendered":"<p>International Day of Women and Girls in Science\u00a0 9 February 2024 Master Class &#8220;Women and Girls in Science&#8221; L\u2019Assemblea Generale delle Nazioni Unite ha istituito l\u201911 Febbraio come la Giornata Internazionale per le donne e le [&hellip;]<\/p>\n","protected":false},"author":2758,"featured_media":0,"parent":0,"menu_order":1,"comment_status":"closed","ping_status":"closed","template":"","meta":{"footnotes":""},"class_list":["post-102","page","type-page","status-publish","hentry"],"_links":{"self":[{"href":"https:\/\/sites.unica.it\/pls-informatica\/wp-json\/wp\/v2\/pages\/102","targetHints":{"allow":["GET"]}}],"collection":[{"href":"https:\/\/sites.unica.it\/pls-informatica\/wp-json\/wp\/v2\/pages"}],"about":[{"href":"https:\/\/sites.unica.it\/pls-informatica\/wp-json\/wp\/v2\/types\/page"}],"author":[{"embeddable":true,"href":"https:\/\/sites.unica.it\/pls-informatica\/wp-json\/wp\/v2\/users\/2758"}],"replies":[{"embeddable":true,"href":"https:\/\/sites.unica.it\/pls-informatica\/wp-json\/wp\/v2\/comments?post=102"}],"version-history":[{"count":53,"href":"https:\/\/sites.unica.it\/pls-informatica\/wp-json\/wp\/v2\/pages\/102\/revisions"}],"predecessor-version":[{"id":1851,"href":"https:\/\/sites.unica.it\/pls-informatica\/wp-json\/wp\/v2\/pages\/102\/revisions\/1851"}],"wp:attachment":[{"href":"https:\/\/sites.unica.it\/pls-informatica\/wp-json\/wp\/v2\/media?parent=102"}],"curies":[{"name":"wp","href":"https:\/\/api.w.org\/{rel}","templated":true}]}}