{"id":55,"date":"2020-02-26T11:57:44","date_gmt":"2020-02-26T10:57:44","guid":{"rendered":"http:\/\/sites.unica.it\/pertore\/?page_id=55"},"modified":"2020-02-26T13:34:36","modified_gmt":"2020-02-26T12:34:36","slug":"agenzie-viaggi","status":"publish","type":"page","link":"https:\/\/sites.unica.it\/pertore\/convenzioni\/agenzie-viaggi\/","title":{"rendered":"Agenzie viaggi"},"content":{"rendered":"<div id=\"wrapper\" class=\"fix\">\n<div id=\"container\" class=\"fix\">\n<div id=\"main-col\">\n<div id=\"content\" class=\"hfeed\">\n<article id=\"post-1141\" class=\"full-content post-1141 post type-post status-publish format-standard hentry category-agenzie-viaggi category-convenzioni category-turismo category-29007-id category-3064-id category-28988-id post-seq-1 post-parity-odd meta-position-corners fix\">\n<div class=\"entry-container fix\">\n<div class=\"entry entry-content fix\">\n<p class=\"first-para\">L\u2019<a href=\"http:\/\/www.anciu.it\/\"><strong>Anciu<\/strong><\/a> \u00e8 una libera associazione che nasce per volont\u00e0 dei singoli aderenti e alla quale aderiscono i circoli universitari che successivamente manifestano la volont\u00e0 di farne parte. L\u2019Anciu \u00e8 un\u2019associazione senza scopo di lucro, apolitica, aconfessionale e apartitica, opera senza limiti di durata. Tra le sue finalit\u00e0 c\u2019\u00e8 quella di promuovere attivit\u00e0 di carattere culturale, sportivo \u2013 amatoriale e quelle che permettano un salutare e proficuo impiego del tempo libero. A decorrere dal 1\u00b0 gennaio 2014, Anciu viene riconosciuta dal ministero del Lavoro e iscritta nel registro nazionale delle Associazioni di promozione sociale con il numero 186.<\/p>\n<p><a href=\"http:\/\/people.unica.it\/cruc\/files\/2016\/04\/protocollo-anciu-crui-codau.pdf\"><strong>Protocollo Crui \u2013 Anciu \u2013 Codau<\/strong><\/a><br \/>\nsiglato a Napoli il 25 marzo 2016<strong><br \/>\n<\/strong><\/p>\n<p><strong>Viaggi 2017<\/strong><br \/>\n<strong><a href=\"http:\/\/people.unica.it\/cruc\/files\/2016\/04\/Grecia-ANCIU-28-jun-4-jul-2017.pdf\">Tour della Grecia \u2013<\/a>\u00a0<\/strong>dal 28 giugno al 4 luglio 2017 (prenotazioni entro il 28 febbraio 2017)<\/p>\n<p><strong>Convenzioni<\/strong><br \/>\n<strong><a href=\"http:\/\/people.unica.it\/cruc\/files\/2014\/05\/anciu-padovaassicuratrice-convenzione2014.jpg\">Padova Assicuratrice<\/a>\u00a0\u2013 <a href=\"http:\/\/people.unica.it\/cruc\/files\/2014\/05\/anciu-padovaassicuratrice-convenzione2014-servizi.jpg\">Servizi<\/a><br \/>\n<a href=\"http:\/\/people.unica.it\/cruc\/files\/2014\/05\/anciu-greenenergy-convenzione2014.pdf\">Green Energy<\/a><\/strong><\/p>\n<p><strong>Concorsi<\/strong> (scaduti il 31 marzo 2016)<br \/>\n<a href=\"http:\/\/people.unica.it\/cruc\/files\/2015\/12\/anciu-concorso-poesia2016.pdf\"><strong>VIII concorso nazionale di poesia e di fotografia 2016<\/strong><\/a><br \/>\n<a href=\"http:\/\/people.unica.it\/cruc\/files\/2015\/12\/anciu-concorso-fiabe2016.pdf\"><strong>III concorso nazionale di fiabe per bambini 2016<br \/>\n<\/strong><\/a><\/p>\n<p><a href=\"http:\/\/people.unica.it\/cruc\/files\/2016\/04\/anciu-manifestazioni2016.pdf\"><strong>Calendario manifestazioni 2016<\/strong><\/a><\/p>\n<\/div>\n<\/div>\n<\/article>\n<\/div>\n<\/div>\n<\/div>\n<\/div>\n","protected":false},"excerpt":{"rendered":"<p>L\u2019Anciu \u00e8 una libera associazione che nasce per volont\u00e0 dei singoli aderenti e alla quale aderiscono i circoli universitari che successivamente manifestano la volont\u00e0 di farne parte. L\u2019Anciu \u00e8 un\u2019associazione senza scopo di lucro, apolitica, aconfessionale e apartitica, opera senza limiti di durata. Tra le sue finalit\u00e0 c\u2019\u00e8 quella di promuovere attivit\u00e0 di carattere culturale, [&hellip;]<\/p>\n","protected":false},"author":12,"featured_media":0,"parent":15,"menu_order":0,"comment_status":"closed","ping_status":"closed","template":"","meta":{"footnotes":""},"class_list":["post-55","page","type-page","status-publish","hentry"],"_links":{"self":[{"href":"https:\/\/sites.unica.it\/pertore\/wp-json\/wp\/v2\/pages\/55","targetHints":{"allow":["GET"]}}],"collection":[{"href":"https:\/\/sites.unica.it\/pertore\/wp-json\/wp\/v2\/pages"}],"about":[{"href":"https:\/\/sites.unica.it\/pertore\/wp-json\/wp\/v2\/types\/page"}],"author":[{"embeddable":true,"href":"https:\/\/sites.unica.it\/pertore\/wp-json\/wp\/v2\/users\/12"}],"replies":[{"embeddable":true,"href":"https:\/\/sites.unica.it\/pertore\/wp-json\/wp\/v2\/comments?post=55"}],"version-history":[{"count":2,"href":"https:\/\/sites.unica.it\/pertore\/wp-json\/wp\/v2\/pages\/55\/revisions"}],"predecessor-version":[{"id":91,"href":"https:\/\/sites.unica.it\/pertore\/wp-json\/wp\/v2\/pages\/55\/revisions\/91"}],"up":[{"embeddable":true,"href":"https:\/\/sites.unica.it\/pertore\/wp-json\/wp\/v2\/pages\/15"}],"wp:attachment":[{"href":"https:\/\/sites.unica.it\/pertore\/wp-json\/wp\/v2\/media?parent=55"}],"curies":[{"name":"wp","href":"https:\/\/api.w.org\/{rel}","templated":true}]}}