{"id":18,"date":"2017-03-20T17:32:04","date_gmt":"2017-03-20T16:32:04","guid":{"rendered":"http:\/\/sites.unica.it\/openminds4opendays\/?page_id=18"},"modified":"2018-04-12T13:18:34","modified_gmt":"2018-04-12T11:18:34","slug":"scopri-la-facolta-di-ingegneria-e-architettura-delluniversita-di-cagliari","status":"publish","type":"page","link":"https:\/\/sites.unica.it\/opendays4openminds\/","title":{"rendered":"Scopri le nostre Facolt\u00e0"},"content":{"rendered":"<p><iframe loading=\"lazy\" title=\"OpenDay 2017 Ingegneria e Architettura UniCA\" width=\"525\" height=\"295\" src=\"https:\/\/www.youtube.com\/embed\/QY7RADuQAbs?feature=oembed\" frameborder=\"0\" allow=\"accelerometer; autoplay; clipboard-write; encrypted-media; gyroscope; picture-in-picture; web-share\" referrerpolicy=\"strict-origin-when-cross-origin\" allowfullscreen><\/iframe><\/p>\n<p style=\"text-align: justify\">&#8220;<strong>OpenDays 4 OpenMinds<\/strong>&#8220;, \u00e8 la giornata di orientamento organizzata congiuntamente dalla <strong>Facolt\u00e0 di Ingegneria e Architettura<\/strong> e dalla <strong>Facolt\u00e0 di Studi Umanistici<\/strong> dell&#8217;Universit\u00e0 di Cagliari.<\/p>\n<p style=\"text-align: justify\">Il prossimo appuntamento si terr\u00e0 il giorno <strong><em>gioved\u00ec 19 aprile 2018\u00a0<\/em><\/strong>a partire dalle ore 10:00. L&#8217;evento \u00e8 rivolto sia agli studenti delle scuole superiori che agli studenti delle nostre lauree di base.<\/p>\n<p style=\"text-align: justify\">Cercheremo di farvi vivere un&#8217;<strong>esperienza diversa<\/strong>, a stretto contatto con le attivit\u00e0 tipiche dei nostri settori. Abbiamo l&#8217;ambizione di farci conoscere meglio, comunicando tutta l&#8217;<strong>inventiva<\/strong>, la <strong>creativit\u00e0<\/strong> e la <strong>passione<\/strong> richieste dalle nostre professioni.<\/p>\n<p style=\"text-align: justify\">Studenti, genitori e insegnanti sono quindi invitati a trascorre la mattinata presso le nostre strutture di <strong>Piazza d&#8217;Armi<\/strong>\u00a0a Cagliari, per partecipare ai numerosi eventi e prendere contatto con docenti e studenti delle due Facolt\u00e0.<\/p>\n<p style=\"text-align: justify\">Per sapere qualcosa in pi\u00f9 sulla <em>Facolt\u00e0 di Ingegneria e Architettura<\/em>, guarda cosa ne dicono i nostri studenti:<\/p>\n<p><iframe loading=\"lazy\" title=\"OpenDayCagliari\" width=\"525\" height=\"295\" src=\"https:\/\/www.youtube.com\/embed\/qBNoVfmSNBw?feature=oembed\" frameborder=\"0\" allow=\"accelerometer; autoplay; clipboard-write; encrypted-media; gyroscope; picture-in-picture; web-share\" referrerpolicy=\"strict-origin-when-cross-origin\" allowfullscreen><\/iframe><\/p>\n<p>&nbsp;<\/p>\n<p style=\"text-align: justify\">Con la collaborazione di:<\/p>\n<h1 class=\"col-md-9\"><strong>Ente acque della Sardegna (Enas)<\/strong><\/h1>\n<p style=\"text-align: justify\"><img loading=\"lazy\" decoding=\"async\" class=\"alignnone wp-image-315 size-medium\" src=\"http:\/\/sites.unica.it\/opendays4openminds\/files\/2017\/04\/Telit_Logo_Blue_CMYK-300x173.jpg\" alt=\"\" width=\"300\" height=\"173\" srcset=\"https:\/\/sites.unica.it\/opendays4openminds\/files\/2017\/04\/Telit_Logo_Blue_CMYK-300x173.jpg 300w, https:\/\/sites.unica.it\/opendays4openminds\/files\/2017\/04\/Telit_Logo_Blue_CMYK-768x443.jpg 768w, https:\/\/sites.unica.it\/opendays4openminds\/files\/2017\/04\/Telit_Logo_Blue_CMYK-1024x591.jpg 1024w, https:\/\/sites.unica.it\/opendays4openminds\/files\/2017\/04\/Telit_Logo_Blue_CMYK-250x144.jpg 250w\" sizes=\"auto, (max-width: 300px) 100vw, 300px\" \/><\/p>\n<p style=\"text-align: justify\">\u00a0<img loading=\"lazy\" decoding=\"async\" class=\"alignnone wp-image-479 size-medium\" src=\"http:\/\/sites.unica.it\/opendays4openminds\/files\/2018\/04\/ctm-300x210.png\" alt=\"\" width=\"300\" height=\"210\" srcset=\"https:\/\/sites.unica.it\/opendays4openminds\/files\/2018\/04\/ctm-300x210.png 300w, https:\/\/sites.unica.it\/opendays4openminds\/files\/2018\/04\/ctm-768x538.png 768w, https:\/\/sites.unica.it\/opendays4openminds\/files\/2018\/04\/ctm-250x175.png 250w, https:\/\/sites.unica.it\/opendays4openminds\/files\/2018\/04\/ctm.png 800w\" sizes=\"auto, (max-width: 300px) 100vw, 300px\" \/><\/p>\n<p><img loading=\"lazy\" decoding=\"async\" class=\"alignnone size-full wp-image-475\" src=\"http:\/\/sites.unica.it\/opendays4openminds\/files\/2018\/04\/airliquide.png\" alt=\"\" width=\"376\" height=\"134\" srcset=\"https:\/\/sites.unica.it\/opendays4openminds\/files\/2018\/04\/airliquide.png 376w, https:\/\/sites.unica.it\/opendays4openminds\/files\/2018\/04\/airliquide-300x107.png 300w, https:\/\/sites.unica.it\/opendays4openminds\/files\/2018\/04\/airliquide-250x89.png 250w\" sizes=\"auto, (max-width: 376px) 100vw, 376px\" \/><\/p>\n<p><img loading=\"lazy\" decoding=\"async\" class=\"alignnone size-full wp-image-477\" src=\"http:\/\/sites.unica.it\/opendays4openminds\/files\/2018\/04\/app-logo-color@2x.png\" alt=\"\" width=\"396\" height=\"106\" srcset=\"https:\/\/sites.unica.it\/opendays4openminds\/files\/2018\/04\/app-logo-color@2x.png 396w, https:\/\/sites.unica.it\/opendays4openminds\/files\/2018\/04\/app-logo-color@2x-300x80.png 300w, https:\/\/sites.unica.it\/opendays4openminds\/files\/2018\/04\/app-logo-color@2x-250x67.png 250w\" sizes=\"auto, (max-width: 396px) 100vw, 396px\" \/><\/p>\n<p><img loading=\"lazy\" decoding=\"async\" class=\"alignnone wp-image-478 size-medium\" src=\"http:\/\/sites.unica.it\/opendays4openminds\/files\/2018\/04\/Saras-HiRes-300x225.png\" alt=\"\" width=\"300\" height=\"225\" srcset=\"https:\/\/sites.unica.it\/opendays4openminds\/files\/2018\/04\/Saras-HiRes-300x225.png 300w, https:\/\/sites.unica.it\/opendays4openminds\/files\/2018\/04\/Saras-HiRes-768x576.png 768w, https:\/\/sites.unica.it\/opendays4openminds\/files\/2018\/04\/Saras-HiRes-1024x768.png 1024w, https:\/\/sites.unica.it\/opendays4openminds\/files\/2018\/04\/Saras-HiRes-250x188.png 250w\" sizes=\"auto, (max-width: 300px) 100vw, 300px\" \/><\/p>\n","protected":false},"excerpt":{"rendered":"<p>&#8220;OpenDays 4 OpenMinds&#8220;, \u00e8 la giornata di orientamento organizzata congiuntamente dalla Facolt\u00e0 di Ingegneria e Architettura e dalla Facolt\u00e0 di Studi Umanistici dell&#8217;Universit\u00e0 di Cagliari. Il prossimo appuntamento si terr\u00e0 il giorno gioved\u00ec 19 aprile 2018\u00a0a partire dalle ore 10:00. L&#8217;evento \u00e8 rivolto sia agli studenti delle scuole superiori che agli studenti delle nostre lauree &hellip; <\/p>\n<p class=\"link-more\"><a href=\"https:\/\/sites.unica.it\/opendays4openminds\/\" class=\"more-link\">Leggi tutto<span class=\"screen-reader-text\"> &#8220;Scopri le nostre Facolt\u00e0&#8221;<\/span><\/a><\/p>\n","protected":false},"author":26,"featured_media":404,"parent":0,"menu_order":0,"comment_status":"closed","ping_status":"closed","template":"","meta":{"footnotes":""},"class_list":["post-18","page","type-page","status-publish","has-post-thumbnail","hentry"],"_links":{"self":[{"href":"https:\/\/sites.unica.it\/opendays4openminds\/wp-json\/wp\/v2\/pages\/18","targetHints":{"allow":["GET"]}}],"collection":[{"href":"https:\/\/sites.unica.it\/opendays4openminds\/wp-json\/wp\/v2\/pages"}],"about":[{"href":"https:\/\/sites.unica.it\/opendays4openminds\/wp-json\/wp\/v2\/types\/page"}],"author":[{"embeddable":true,"href":"https:\/\/sites.unica.it\/opendays4openminds\/wp-json\/wp\/v2\/users\/26"}],"replies":[{"embeddable":true,"href":"https:\/\/sites.unica.it\/opendays4openminds\/wp-json\/wp\/v2\/comments?post=18"}],"version-history":[{"count":36,"href":"https:\/\/sites.unica.it\/opendays4openminds\/wp-json\/wp\/v2\/pages\/18\/revisions"}],"predecessor-version":[{"id":486,"href":"https:\/\/sites.unica.it\/opendays4openminds\/wp-json\/wp\/v2\/pages\/18\/revisions\/486"}],"wp:featuredmedia":[{"embeddable":true,"href":"https:\/\/sites.unica.it\/opendays4openminds\/wp-json\/wp\/v2\/media\/404"}],"wp:attachment":[{"href":"https:\/\/sites.unica.it\/opendays4openminds\/wp-json\/wp\/v2\/media?parent=18"}],"curies":[{"name":"wp","href":"https:\/\/api.w.org\/{rel}","templated":true}]}}