{"id":2603,"date":"2019-04-03T14:18:41","date_gmt":"2019-04-03T12:18:41","guid":{"rendered":"http:\/\/sites.unica.it\/metabolomicaclinica\/?page_id=2603"},"modified":"2019-04-03T15:13:53","modified_gmt":"2019-04-03T13:13:53","slug":"scientific-school-2017","status":"publish","type":"page","link":"https:\/\/sites.unica.it\/metabolomicaclinica\/events\/scientific-school-2019\/scientific-school-2017\/","title":{"rendered":"Scientific School 2017"},"content":{"rendered":"<div id=\"page-content\">\n<h4>International Scientific School<\/h4>\n<h4>&#8220;Cloud-based Metabolomics Data Analysis and Collaboration&#8221;<\/h4>\n<h4>11<sup>th<\/sup> &#8211; 15<sup>th<\/sup>, September 2017, Pula, Sardinia, Italy<\/h4>\n<p>&nbsp;<\/p>\n<p>Il CRS4 in collaborazione con le Universit\u00e0 di Cagliari, Jena e Cambridge organizza la <a href=\"http:\/\/cloudmet2017.crs4.it\/\" target=\"_blank\" rel=\"noopener noreferrer\">\u201cScientific School on Cloud-based Metabolomics Data Analysis and Collaboration\u201d<\/a> che si terr\u00e0 nei locali del Parco Scientifico e Tecnologico della Sardegna a Pula (Cagliari) dall&#8217;11 al 15 settembre 2017<\/p>\n<p>La scuola offrir\u00e0 ai partecipanti la possibilit\u00e0 di apprendere i pi\u00f9 recenti sviluppi della metabolomica con particolare riguardo all&#8217;integrazione delle tecnologie di cloud computing che apportano notevoli benefici sull&#8217;efficacia ed efficienza del lavoro di analisi e ricerca.<\/p>\n<p>Il corso includer\u00e0 sessioni teoriche con lezioni tenute da esperti e sessioni pratiche volte ad approfondire le conoscenze teoriche e pratiche, imparando a sfruttare le risorse di cloud computing.<\/p>\n<p>Per ulteriori dettagli e per le registrazioni: <a href=\"http:\/\/cloudmet2017.crs4.it\/\" target=\"_blank\" rel=\"noopener noreferrer\">http:\/\/cloudmet2017.crs4.it\/<\/a>.<\/p>\n<\/div>\n","protected":false},"excerpt":{"rendered":"<p>International Scientific School &#8220;Cloud-based Metabolomics Data Analysis and Collaboration&#8221; 11th &#8211; 15th, September 2017, Pula, Sardinia, Italy &nbsp; Il CRS4 in collaborazione con le Universit\u00e0 di Cagliari, Jena e Cambridge organizza la \u201cScientific School on Cloud-based Metabolomics Data Analysis and Collaboration\u201d che si terr\u00e0 nei locali del Parco Scientifico e Tecnologico della Sardegna a Pula (Cagliari) dall&#8217;11 al 15 settembre 2017 La scuola offrir\u00e0 ai partecipanti la possibilit\u00e0 di apprendere i pi\u00f9 recenti sviluppi della metabolomica con particolare riguardo all&#8217;integrazione delle tecnologie di cloud computing che apportano notevoli benefici sull&#8217;efficacia ed efficienza del lavoro di analisi e ricerca. Il corso <a href='https:\/\/sites.unica.it\/metabolomicaclinica\/events\/scientific-school-2019\/scientific-school-2017\/' class='excerpt-more'>[&#8230;]<\/a><\/p>\n","protected":false},"author":189,"featured_media":0,"parent":1544,"menu_order":0,"comment_status":"closed","ping_status":"closed","template":"","meta":{"footnotes":""},"class_list":["post-2603","page","type-page","status-publish","hentry","post-seq-1","post-parity-odd","meta-position-corners","fix"],"_links":{"self":[{"href":"https:\/\/sites.unica.it\/metabolomicaclinica\/wp-json\/wp\/v2\/pages\/2603","targetHints":{"allow":["GET"]}}],"collection":[{"href":"https:\/\/sites.unica.it\/metabolomicaclinica\/wp-json\/wp\/v2\/pages"}],"about":[{"href":"https:\/\/sites.unica.it\/metabolomicaclinica\/wp-json\/wp\/v2\/types\/page"}],"author":[{"embeddable":true,"href":"https:\/\/sites.unica.it\/metabolomicaclinica\/wp-json\/wp\/v2\/users\/189"}],"replies":[{"embeddable":true,"href":"https:\/\/sites.unica.it\/metabolomicaclinica\/wp-json\/wp\/v2\/comments?post=2603"}],"version-history":[{"count":4,"href":"https:\/\/sites.unica.it\/metabolomicaclinica\/wp-json\/wp\/v2\/pages\/2603\/revisions"}],"predecessor-version":[{"id":2626,"href":"https:\/\/sites.unica.it\/metabolomicaclinica\/wp-json\/wp\/v2\/pages\/2603\/revisions\/2626"}],"up":[{"embeddable":true,"href":"https:\/\/sites.unica.it\/metabolomicaclinica\/wp-json\/wp\/v2\/pages\/1544"}],"wp:attachment":[{"href":"https:\/\/sites.unica.it\/metabolomicaclinica\/wp-json\/wp\/v2\/media?parent=2603"}],"curies":[{"name":"wp","href":"https:\/\/api.w.org\/{rel}","templated":true}]}}