{"id":1703,"date":"2016-07-28T10:02:55","date_gmt":"2016-07-28T10:02:55","guid":{"rendered":"http:\/\/sites.unica.it\/mastercomunicazione\/?page_id=1703"},"modified":"2016-07-28T10:03:25","modified_gmt":"2016-07-28T10:03:25","slug":"come-iscriversi","status":"publish","type":"page","link":"https:\/\/sites.unica.it\/mastercomunicazione\/come-iscriversi\/","title":{"rendered":"Come iscriversi"},"content":{"rendered":"<p>Scarica il Bando di iscrizione 2014\/2015, il documento che contiene tutte le informazioni sulle modalit\u00e0 di iscrizione al master, di partecipazione alla prova selettiva e al conseguente perfezionamento dell\u2019immatricolazione al master.<\/p>\n<p>Allegati:<br \/>\n<a href=\"http:\/\/sites.unica.it\/mastercomunicazione\/files\/2016\/07\/Bando_Master_Management_Comunicazione_14_15.pdf\">Bando di iscrizione per l&#8217;a.a. 2014\/15 (pdf)<\/a><\/p>\n<hr \/>\n<p><strong>27.01.15 AVVISO RIAPERTURA TERMINI ISCRIZIONE PER L&#8217;A.A. 2014\/2015<\/strong><br \/>\nSi comunica che alla pagina http:\/\/www.unica.it\/pub\/3\/show.jsp?id=28415&amp;iso=15&amp;is=3 \u00e8 stato pubblicato un Decreto di riapertura dei termini per permettere l\u2019iscrizione al master ad eventuali ulteriori interessati, che potranno trasmettere la documentazione entro il <strong>nuovo termine del 23 febbraio 2015<\/strong>.<br \/>\nSono fatte salve le domande presentate entro il termine di scadenza del Bando.<br \/>\nL\u2019eventuale selezione, che si svolger\u00e0 solo nel caso in cui il numero delle domande sia superiore al numero massimo di partecipanti previsto, si svolger\u00e0 il 6 marzo alle ore 10:00, presso la Facolt\u00e0 di Studi Umanistici (corpo centrale), stanza 26, Via Is Mirrionis, 1, localit\u00e0 &#8220;Sa Duchessa&#8221;.<\/p>\n<p>&nbsp;<\/p>\n<p>\u00c8 consigliabile consultare periodicamente il nostro sito web e la presente sezione per eventuali aggiornamenti e precisazioni.<\/p>","protected":false},"excerpt":{"rendered":"<p>Scarica il Bando di iscrizione 2014\/2015, il documento che contiene tutte le informazioni sulle modalit\u00e0 di iscrizione al master, di partecipazione alla prova selettiva e al conseguente perfezionamento dell\u2019immatricolazione al master. Allegati: Bando di iscrizione per l&#8217;a.a. 2014\/15 (pdf) 27.01.15 AVVISO RIAPERTURA TERMINI ISCRIZIONE PER L&#8217;A.A. 2014\/2015 Si comunica che alla pagina http:\/\/www.unica.it\/pub\/3\/show.jsp?id=28415&amp;iso=15&amp;is=3 \u00e8 stato pubblicato un Decreto di riapertura dei termini per permettere l\u2019iscrizione al master ad eventuali ulteriori interessati, che potranno trasmettere la documentazione entro il nuovo termine del 23 febbraio 2015. Sono fatte salve le domande presentate entro il termine di scadenza del Bando. L\u2019eventuale selezione, che <a href='https:\/\/sites.unica.it\/mastercomunicazione\/come-iscriversi\/' class='excerpt-more'>[&#8230;]<\/a><\/p>\n","protected":false},"author":442,"featured_media":0,"parent":0,"menu_order":0,"comment_status":"closed","ping_status":"closed","template":"","meta":{"footnotes":""},"class_list":["post-1703","page","type-page","status-publish","hentry","post-seq-1","post-parity-odd","meta-position-corners","fix"],"_links":{"self":[{"href":"https:\/\/sites.unica.it\/mastercomunicazione\/wp-json\/wp\/v2\/pages\/1703","targetHints":{"allow":["GET"]}}],"collection":[{"href":"https:\/\/sites.unica.it\/mastercomunicazione\/wp-json\/wp\/v2\/pages"}],"about":[{"href":"https:\/\/sites.unica.it\/mastercomunicazione\/wp-json\/wp\/v2\/types\/page"}],"author":[{"embeddable":true,"href":"https:\/\/sites.unica.it\/mastercomunicazione\/wp-json\/wp\/v2\/users\/442"}],"replies":[{"embeddable":true,"href":"https:\/\/sites.unica.it\/mastercomunicazione\/wp-json\/wp\/v2\/comments?post=1703"}],"version-history":[{"count":2,"href":"https:\/\/sites.unica.it\/mastercomunicazione\/wp-json\/wp\/v2\/pages\/1703\/revisions"}],"predecessor-version":[{"id":1707,"href":"https:\/\/sites.unica.it\/mastercomunicazione\/wp-json\/wp\/v2\/pages\/1703\/revisions\/1707"}],"wp:attachment":[{"href":"https:\/\/sites.unica.it\/mastercomunicazione\/wp-json\/wp\/v2\/media?parent=1703"}],"curies":[{"name":"wp","href":"https:\/\/api.w.org\/{rel}","templated":true}]}}