{"id":1693,"date":"2016-07-28T09:51:55","date_gmt":"2016-07-28T09:51:55","guid":{"rendered":"http:\/\/sites.unica.it\/mastercomunicazione\/?page_id=1693"},"modified":"2016-07-28T09:51:55","modified_gmt":"2016-07-28T09:51:55","slug":"didattica","status":"publish","type":"page","link":"https:\/\/sites.unica.it\/mastercomunicazione\/chi-siamo\/didattica\/","title":{"rendered":"Didattica"},"content":{"rendered":"<p>Le attivit\u00e0 formative vengono portate avanti con modalit\u00e0 didattiche sia \u201cclassiche\u201d che esperienziali e si avvalgono delle pi\u00f9 efficaci metodologie e-learning.<\/p>\n<p>I corsi sono tenuti da professionisti e accademici di fama sia nazionale che internazionale. In particolare, gli ambiti che saranno oggetto di studio e di attivit\u00e0 didattiche approfondite saranno quelli relativi alla progettazione della comunicazione, alla gestione delle relazioni comunicative, alla conoscenza dei meccanismi comunicativi indotti dall\u2019ingresso delle nuove tecnologie in continua evoluzione, all\u2019organizzazione di eventi di varia natura e portata, alla realizzazione di prodotti e servizi della comunicazione, al management e alla comunicazione d\u2019impresa.<\/p>\n<p>Un\u2019attenzione particolare verr\u00e0 dedicata al ruolo e alla gestione della comunicazione nelle piccole e medie imprese (P.M.I.) che, anche all\u2019interno della normativa europea, con il \u201cProgramma Quadro Competitivit\u00e0 e Innovazione\u201d, stanno attraendo una fascia di mercato sempre pi\u00f9 ampia.<\/p>\n<p>L\u2019attivit\u00e0 \u00e8 organizzata per moduli didattici continuativi, che vengono erogati in modalit\u00e0 e-learning blended, con lezioni in presenza e trasmissione in streaming (mediante l\u2019utilizzo dello strumento di videoconferenza \u201cBlackboard collaborate\u201d), e l\u2019utilizzo, a completamento dell\u2019attivit\u00e0 didattica in presenza, di materiali didattici caricati sull\u2019 LCMS \u201cMoodle\u201d. La frequenza, obbligatoria, verr\u00e0 pertanto verificata, per le attivit\u00e0 in presenza, mediante un registro di raccolta firme, e per le attivit\u00e0 online, tramite tracciamento, nel rispetto delle normative ministeriali in materia di e-learning.<\/p>\n<p>La prova finale consister\u00e0 nella realizzazione di un progetto, da definirsi non oltre la met\u00e0 del percorso formativo, da svilupparsi durante l\u2019erogazione delle lezioni del master in connessione agli argomenti delle lezioni proposte ed eventualmente dello stage. Il progetto andr\u00e0 consegnato al termine del percorso formativo tramite l\u2019inserimento in un apposito spazio attivato nella piattaforma software predisposta come ambiente didattico e verr\u00e0 discusso con una commissione approvata dal collegio dei docenti.<\/p>","protected":false},"excerpt":{"rendered":"<p>Le attivit\u00e0 formative vengono portate avanti con modalit\u00e0 didattiche sia \u201cclassiche\u201d che esperienziali e si avvalgono delle pi\u00f9 efficaci metodologie e-learning. I corsi sono tenuti da professionisti e accademici di fama sia nazionale che internazionale. In particolare, gli ambiti che saranno oggetto di studio e di attivit\u00e0 didattiche approfondite saranno quelli relativi alla progettazione della comunicazione, alla gestione delle relazioni comunicative, alla conoscenza dei meccanismi comunicativi indotti dall\u2019ingresso delle nuove tecnologie in continua evoluzione, all\u2019organizzazione di eventi di varia natura e portata, alla realizzazione di prodotti e servizi della comunicazione, al management e alla comunicazione d\u2019impresa. Un\u2019attenzione particolare verr\u00e0 dedicata <a href='https:\/\/sites.unica.it\/mastercomunicazione\/chi-siamo\/didattica\/' class='excerpt-more'>[&#8230;]<\/a><\/p>\n","protected":false},"author":442,"featured_media":0,"parent":1688,"menu_order":0,"comment_status":"closed","ping_status":"closed","template":"","meta":{"footnotes":""},"class_list":["post-1693","page","type-page","status-publish","hentry","post-seq-1","post-parity-odd","meta-position-corners","fix"],"_links":{"self":[{"href":"https:\/\/sites.unica.it\/mastercomunicazione\/wp-json\/wp\/v2\/pages\/1693","targetHints":{"allow":["GET"]}}],"collection":[{"href":"https:\/\/sites.unica.it\/mastercomunicazione\/wp-json\/wp\/v2\/pages"}],"about":[{"href":"https:\/\/sites.unica.it\/mastercomunicazione\/wp-json\/wp\/v2\/types\/page"}],"author":[{"embeddable":true,"href":"https:\/\/sites.unica.it\/mastercomunicazione\/wp-json\/wp\/v2\/users\/442"}],"replies":[{"embeddable":true,"href":"https:\/\/sites.unica.it\/mastercomunicazione\/wp-json\/wp\/v2\/comments?post=1693"}],"version-history":[{"count":1,"href":"https:\/\/sites.unica.it\/mastercomunicazione\/wp-json\/wp\/v2\/pages\/1693\/revisions"}],"predecessor-version":[{"id":1694,"href":"https:\/\/sites.unica.it\/mastercomunicazione\/wp-json\/wp\/v2\/pages\/1693\/revisions\/1694"}],"up":[{"embeddable":true,"href":"https:\/\/sites.unica.it\/mastercomunicazione\/wp-json\/wp\/v2\/pages\/1688"}],"wp:attachment":[{"href":"https:\/\/sites.unica.it\/mastercomunicazione\/wp-json\/wp\/v2\/media?parent=1693"}],"curies":[{"name":"wp","href":"https:\/\/api.w.org\/{rel}","templated":true}]}}