{"id":1688,"date":"2016-07-28T09:49:32","date_gmt":"2016-07-28T09:49:32","guid":{"rendered":"http:\/\/sites.unica.it\/mastercomunicazione\/?page_id=1688"},"modified":"2016-07-28T09:49:32","modified_gmt":"2016-07-28T09:49:32","slug":"chi-siamo","status":"publish","type":"page","link":"https:\/\/sites.unica.it\/mastercomunicazione\/chi-siamo\/","title":{"rendered":"Chi siamo"},"content":{"rendered":"<p>Il master in Management dei prodotti e servizi della comunicazione, attivo dal 2013, \u00e8 un master di I livello dell\u2019Universit\u00e0 di Cagliari, offerto dal Dipartimento di Pedagogia, Psicologia, Filosofia.<\/p>\n<p>Il background teorico da cui si \u00e8 partiti nella progettazione e delineazione del percorso formativo poggia le basi sulla consapevolezza che la comunicazione \u00e8 diventata la principale industria a livello globale e accompagna ormai qualunque attivit\u00e0 produttiva e culturale.<\/p>\n<p>Con l\u2019avvento dei new media, il potere di penetrazione delle attivit\u00e0 di comunicazione nel tessuto sociale \u00e8 ulteriormente aumentato. La capacit\u00e0 di gestire e operare sui valori intangibili veicolati dai processi comunicativi \u00e8 diventata una necessit\u00e0 in qualunque professione e in qualunque settore economico e sociale, cos\u00ec come sottolineato anche all\u2019interno del quadro normativo europeo. Per operare efficacemente in questi settori sono necessarie competenze di ordine legale, giornalistico, economico, relazionale, pubblicitario e progettuale, avvalendosi dell\u2019ausilio e delle possibilit\u00e0 offerte dai vecchi e nuovi media.<\/p>","protected":false},"excerpt":{"rendered":"<p>Il master in Management dei prodotti e servizi della comunicazione, attivo dal 2013, \u00e8 un master di I livello dell\u2019Universit\u00e0 di Cagliari, offerto dal Dipartimento di Pedagogia, Psicologia, Filosofia. Il background teorico da cui si \u00e8 partiti nella progettazione e delineazione del percorso formativo poggia le basi sulla consapevolezza che la comunicazione \u00e8 diventata la principale industria a livello globale e accompagna ormai qualunque attivit\u00e0 produttiva e culturale. Con l\u2019avvento dei new media, il potere di penetrazione delle attivit\u00e0 di comunicazione nel tessuto sociale \u00e8 ulteriormente aumentato. La capacit\u00e0 di gestire e operare sui valori intangibili veicolati dai processi comunicativi <a href='https:\/\/sites.unica.it\/mastercomunicazione\/chi-siamo\/' class='excerpt-more'>[&#8230;]<\/a><\/p>\n","protected":false},"author":442,"featured_media":0,"parent":0,"menu_order":0,"comment_status":"closed","ping_status":"closed","template":"","meta":{"footnotes":""},"class_list":["post-1688","page","type-page","status-publish","hentry","post-seq-1","post-parity-odd","meta-position-corners","fix"],"_links":{"self":[{"href":"https:\/\/sites.unica.it\/mastercomunicazione\/wp-json\/wp\/v2\/pages\/1688","targetHints":{"allow":["GET"]}}],"collection":[{"href":"https:\/\/sites.unica.it\/mastercomunicazione\/wp-json\/wp\/v2\/pages"}],"about":[{"href":"https:\/\/sites.unica.it\/mastercomunicazione\/wp-json\/wp\/v2\/types\/page"}],"author":[{"embeddable":true,"href":"https:\/\/sites.unica.it\/mastercomunicazione\/wp-json\/wp\/v2\/users\/442"}],"replies":[{"embeddable":true,"href":"https:\/\/sites.unica.it\/mastercomunicazione\/wp-json\/wp\/v2\/comments?post=1688"}],"version-history":[{"count":1,"href":"https:\/\/sites.unica.it\/mastercomunicazione\/wp-json\/wp\/v2\/pages\/1688\/revisions"}],"predecessor-version":[{"id":1690,"href":"https:\/\/sites.unica.it\/mastercomunicazione\/wp-json\/wp\/v2\/pages\/1688\/revisions\/1690"}],"wp:attachment":[{"href":"https:\/\/sites.unica.it\/mastercomunicazione\/wp-json\/wp\/v2\/media?parent=1688"}],"curies":[{"name":"wp","href":"https:\/\/api.w.org\/{rel}","templated":true}]}}