{"id":1236,"date":"2012-11-26T10:30:01","date_gmt":"2012-11-26T10:30:01","guid":{"rendered":"http:\/\/people.unica.it\/provacds2\/?page_id=1236"},"modified":"2016-10-12T11:13:18","modified_gmt":"2016-10-12T11:13:18","slug":"unitaricerca","status":"publish","type":"page","link":"https:\/\/sites.unica.it\/fitogen\/ilprogetto\/unitaricerca\/","title":{"rendered":"Unit\u00e0 di Ricerca"},"content":{"rendered":"<p>Unit\u00e0 1<br \/>\nDIMCM &#8211; Dipartimento di Ingegneria Meccanica, Chimica e dei Materiali &#8211; Universit\u00e0 degli Studi di Cagliari<br \/>\nCoordinatore Prof. Francesco Floris<br \/>\ne-mail floris@dimeca.unica.it<\/p>\n<p>Unit\u00e0 2<br \/>\nNFS-Agraria\u00a0 &#8211; Nuoro Forestry School, Dipartimento di Agraria &#8211; Universit\u00e0 degli Studi di Sassari<br \/>\nCoordinatore Dott. Raffaella Lovreglio<br \/>\nemail <a>rlovreglio@uniss.it<\/a><\/p>","protected":false},"excerpt":{"rendered":"<p>Unit\u00e0 1 DIMCM &#8211; Dipartimento di Ingegneria Meccanica, Chimica e dei Materiali &#8211; Universit\u00e0 degli Studi di Cagliari Coordinatore Prof. Francesco Floris e-mail floris@dimeca.unica.it Unit\u00e0 2 NFS-Agraria\u00a0 &#8211; Nuoro Forestry School, Dipartimento di Agraria &#8211; Universit\u00e0 degli Studi di Sassari Coordinatore Dott. Raffaella Lovreglio email rlovreglio@uniss.it<\/p>\n","protected":false},"author":643,"featured_media":0,"parent":90,"menu_order":1,"comment_status":"closed","ping_status":"closed","template":"","meta":{"footnotes":""},"class_list":["post-1236","page","type-page","status-publish","hentry","post-seq-1","post-parity-odd","meta-position-corners","fix"],"_links":{"self":[{"href":"https:\/\/sites.unica.it\/fitogen\/wp-json\/wp\/v2\/pages\/1236","targetHints":{"allow":["GET"]}}],"collection":[{"href":"https:\/\/sites.unica.it\/fitogen\/wp-json\/wp\/v2\/pages"}],"about":[{"href":"https:\/\/sites.unica.it\/fitogen\/wp-json\/wp\/v2\/types\/page"}],"author":[{"embeddable":true,"href":"https:\/\/sites.unica.it\/fitogen\/wp-json\/wp\/v2\/users\/643"}],"replies":[{"embeddable":true,"href":"https:\/\/sites.unica.it\/fitogen\/wp-json\/wp\/v2\/comments?post=1236"}],"version-history":[{"count":3,"href":"https:\/\/sites.unica.it\/fitogen\/wp-json\/wp\/v2\/pages\/1236\/revisions"}],"predecessor-version":[{"id":1728,"href":"https:\/\/sites.unica.it\/fitogen\/wp-json\/wp\/v2\/pages\/1236\/revisions\/1728"}],"up":[{"embeddable":true,"href":"https:\/\/sites.unica.it\/fitogen\/wp-json\/wp\/v2\/pages\/90"}],"wp:attachment":[{"href":"https:\/\/sites.unica.it\/fitogen\/wp-json\/wp\/v2\/media?parent=1236"}],"curies":[{"name":"wp","href":"https:\/\/api.w.org\/{rel}","templated":true}]}}