{"id":67,"date":"2017-02-13T16:04:42","date_gmt":"2017-02-13T15:04:42","guid":{"rendered":"http:\/\/sites.unica.it\/fir2017\/?page_id=67"},"modified":"2017-04-06T12:06:54","modified_gmt":"2017-04-06T10:06:54","slug":"proponenti","status":"publish","type":"page","link":"https:\/\/sites.unica.it\/fir2017\/proponenti\/","title":{"rendered":"Proponenti"},"content":{"rendered":"<p style=\"text-align: center\"><strong>Universit\u00e0 degli Studi di Cagliari<\/strong><\/p>\n<p><a href=\"http:\/\/www.unica.it\/\" target=\"_blank\"><strong><img decoding=\"async\" class=\"wp-image-61 aligncenter\" src=\"http:\/\/sites.unica.it\/emis2016\/files\/2015\/12\/logo_unica_flat-300x300.jpg\" alt=\"UNICA\" width=\"108\" \/><\/strong><\/a><\/p>\n<p style=\"text-align: justify\">Con oltre 32.500 iscritti, 44 corsi di laurea triennali, 34 magistrali e 7 a ciclo unico, 45 scuole di specializzazione, 34 corsi di dottorato, 7 master attivi, l\u2019ateneo di Cagliari assicura un importante contributo per l\u2019alta formazione dei giovani che scelgono di studiare a Cagliari e per l\u2019intera comunit\u00e0 isolana.<\/p>\n<p style=\"text-align: justify\">I compiti istituzionali fondamentali dell\u2019universit\u00e0 sono la ricerca scientifica e la didattica. Essa \u00e8 sede primaria dell\u2019elaborazione e della diffusione del sapere, concorre allo sviluppo culturale, sociale ed economico attraverso la ricerca, la formazione e il trasferimento delle conoscenze scientifiche. L\u2019universit\u00e0 ha come <em>vision<\/em> quella di realizzare, nel confronto nazionale ed internazionale, qualit\u00e0 nella ricerca, nell\u2019alta formazione e nei servizi al territorio, con l\u2019utilizzo razionale delle risorse.<\/p>\n<p style=\"text-align: justify\"><a href=\"http:\/\/sites.unica.it\/emis2016\/files\/2016\/06\/University-of-Cagliari.pptx\">University of Cagliari<\/a>.pptx<\/p>\n<hr \/>\n<p style=\"text-align: center\"><strong>Dipartimento di Ingegneria Meccanica, Chimica e dei Materiali<\/strong><\/p>\n<p><a href=\"http:\/\/dipartimenti.unica.it\/ingegneriameccanicachimicaedeimateriali\/\" target=\"_blank\"><img decoding=\"async\" class=\"wp-image-67 aligncenter\" src=\"http:\/\/sites.unica.it\/emis2016\/files\/2015\/12\/NuovoLogo_DIMCM-300x121-300x121.jpg\" alt=\"DIMCM\" width=\"204\" \/><\/a><\/p>\n<p style=\"text-align: justify\">Il Dipartimento di Ingegneria Meccanica, Chimica e dei Materiali \u00e8 impegnato con il direttore Prof. Ing. Giacomo Cao e un organico di oltre quaranta docenti e ricercatori nella attivit\u00e0 di ricerca riguardo diversi ambiti che vanno dalle scienze fondamentali, all\u2019ingegneria e alla tecnologia.<\/p>\n<p style=\"text-align: justify\">In ambito tecnico-scientifico, la Facolt\u00e0 di Ingegneria dell\u2019Universit\u00e0 di Cagliari, l\u2019unica in Sardegna, \u00e8 sempre stata la principale sede di formazione di figure tecniche altamente specializzate. Il DIMCM svolge attivit\u00e0 didattica in corsi di laurea triennali (Ingegneria Chimica e Ingegneria Meccanica), magistrali (Ingegneria Chimica e dei Processi Biotecnologici, Ingegneria Meccanica) e di dottorato di ricerca (Ingegneria Biomedica, Progettazione Meccanica, Ingegneria Industriale, Ingegneria e Scienze Ambientali Internazionalizzato, Scienze e Tecnologie per l\u2019innovazione Internazionalizzato).<\/p>\n<hr \/>\n<p style=\"text-align: center\"><b>Sardegna Ricerche<\/b><a href=\"http:\/\/www.alcoa.com\/global\/en\/community\/foundation\/info_page\/about_overview.asp\" target=\"_blank\"><br \/>\n<img decoding=\"async\" class=\"alignnone wp-image-83\" src=\"http:\/\/sites.unica.it\/fir2017\/files\/2017\/02\/sard-ric.png\" alt=\"\" width=\"113\" height=\"113\" srcset=\"https:\/\/sites.unica.it\/fir2017\/files\/2017\/02\/sard-ric.png 833w, https:\/\/sites.unica.it\/fir2017\/files\/2017\/02\/sard-ric-150x150.png 150w, https:\/\/sites.unica.it\/fir2017\/files\/2017\/02\/sard-ric-300x300.png 300w, https:\/\/sites.unica.it\/fir2017\/files\/2017\/02\/sard-ric-768x768.png 768w, https:\/\/sites.unica.it\/fir2017\/files\/2017\/02\/sard-ric-250x250.png 250w, https:\/\/sites.unica.it\/fir2017\/files\/2017\/02\/sard-ric-96x96.png 96w, https:\/\/sites.unica.it\/fir2017\/files\/2017\/02\/sard-ric-24x24.png 24w, https:\/\/sites.unica.it\/fir2017\/files\/2017\/02\/sard-ric-36x36.png 36w, https:\/\/sites.unica.it\/fir2017\/files\/2017\/02\/sard-ric-48x48.png 48w, https:\/\/sites.unica.it\/fir2017\/files\/2017\/02\/sard-ric-64x64.png 64w\" sizes=\"(max-width: 113px) 100vw, 113px\" \/><\/a><\/p>\n<p style=\"text-align: justify\">Sardegna Ricerche \u00e8 stato istituito dalla Regione Sardegna nel 1985, con il nome &#8220;Consorzio Ventuno&#8221; e ha assunto l&#8217;attuale denominazione nel gennaio 2007. Con la Legge Regionale n. 20 del 5 agosto 2015 \u00e8 stata trasformata in agenzia regionale. L&#8217;agenzia persegue le finalit\u00e0 istituzionali di promozione della ricerca, dell&#8217;innovazione e dello sviluppo tecnologico, di assistenza alle imprese e di erogazione di servizi e gli obiettivi di efficacia, efficienza, imparzialit\u00e0, semplificazione, partecipazione e promozione delle imprese e degli organismi di ricerca.<br \/>\nSardegna Ricerche si avvale di una struttura operativa che ha la sede principale nel Parco tecnologico, a Pula, in provincia di Cagliari. Sono inoltre presenti uffici a Cagliari, a Macchiareddu (comune di Uta) e a Nuoro, presso l&#8217;AILUN, Associazione per l&#8217;Istituzione della Libera Universit\u00e0 Nuorese. Il Parco tecnologico ha anche una sede ad Alghero gestita dalla societ\u00e0 Porto Conte Ricerche e una sede a Torregrande (OR) gestita dalla Fondazione IMC Onlus Centro Marino Internazionale.<\/p>\n<hr \/>\n<p style=\"text-align: center\"><strong>Alcoa Foundation<\/strong><\/p>\n<p><a href=\"http:\/\/www.alcoa.com\/global\/en\/community\/foundation\/info_page\/about_overview.asp\" target=\"_blank\"><img decoding=\"async\" class=\"wp-image-80 aligncenter\" src=\"http:\/\/sites.unica.it\/emis2016\/files\/2015\/12\/image-1517-alcoa-foundation-logo-2011-12-00.jpg\" alt=\"Alcoa Foundation\" width=\"114\" \/><\/a><\/p>\n<p class=\"font_7\" style=\"text-align: justify\"><span class=\"color_9\">In Alcoa, la sostenibilit\u00e0 \u00e8 parte integrante della cultura aziendale e della \u201ccore strategy\u201d. Alcoa Foundation investe nei luoghi in cui Alcoa ha una presenza, per portare avanti la sostenibilit\u00e0 e, attraverso la collaborazione con le comunit\u00e0 locali, dedicarsi ai bisogni locali che si adattano ad un mondo che cambia rapidamente.<\/span><\/p>\n<p class=\"font_7\" style=\"text-align: justify\">Alcoa Foundation crede che, in qualit\u00e0 di impresa impegnata nelle attivit\u00e0 mineraria, manifatturiera e di innovazione, Alcoa possa contribuire e fare la differenza in tema di sostenibilit\u00e0, a vantaggio dei suoi tanti stakeholder. Tutte le sue decisioni di finanziamento e le priorit\u00e0 di impegno sono guidate da due temi chiave:<\/p>\n<p class=\"font_7\" style=\"text-align: justify\"><em>Ambiente<\/em>: portare miglioramenti misurabili e sistematici in tema di sostenibilit\u00e0 ambientale attraverso soluzioni innovative che contemplano la prossima generazione di prodotti, pratiche e sistemi.<\/p>\n<p class=\"font_7\" style=\"text-align: justify\"><em>Educazione<\/em>: sostenere l\u2019istruzione nella scienza, tecnologia, ingegneria e matematica nonch\u00e9 attivare iniziative per la formazione in tecnologia avanzata della forza lavoro.<\/p>\n<p class=\"font_7\" style=\"text-align: justify\">\n","protected":false},"excerpt":{"rendered":"<p>Universit\u00e0 degli Studi di Cagliari Con oltre 32.500 iscritti, 44 corsi di laurea triennali, 34 magistrali e 7 a ciclo unico, 45 scuole di specializzazione, 34 corsi di dottorato, 7 master attivi, l\u2019ateneo di Cagliari assicura un importante contributo per l\u2019alta formazione dei giovani che scelgono di studiare a Cagliari e per l\u2019intera comunit\u00e0 isolana. I compiti istituzionali fondamentali dell\u2019universit\u00e0 sono la ricerca scientifica e la didattica. Essa \u00e8 sede primaria dell\u2019elaborazione e della diffusione del sapere, concorre allo sviluppo culturale, sociale ed economico attraverso la ricerca, la formazione e il trasferimento delle conoscenze scientifiche. L\u2019universit\u00e0 ha come vision quella <a href='https:\/\/sites.unica.it\/fir2017\/proponenti\/' class='excerpt-more'>[&#8230;]<\/a><\/p>\n","protected":false},"author":614,"featured_media":0,"parent":0,"menu_order":0,"comment_status":"closed","ping_status":"closed","template":"","meta":{"footnotes":""},"class_list":["post-67","page","type-page","status-publish","hentry","post-seq-1","post-parity-odd","meta-position-corners","fix"],"_links":{"self":[{"href":"https:\/\/sites.unica.it\/fir2017\/wp-json\/wp\/v2\/pages\/67","targetHints":{"allow":["GET"]}}],"collection":[{"href":"https:\/\/sites.unica.it\/fir2017\/wp-json\/wp\/v2\/pages"}],"about":[{"href":"https:\/\/sites.unica.it\/fir2017\/wp-json\/wp\/v2\/types\/page"}],"author":[{"embeddable":true,"href":"https:\/\/sites.unica.it\/fir2017\/wp-json\/wp\/v2\/users\/614"}],"replies":[{"embeddable":true,"href":"https:\/\/sites.unica.it\/fir2017\/wp-json\/wp\/v2\/comments?post=67"}],"version-history":[{"count":8,"href":"https:\/\/sites.unica.it\/fir2017\/wp-json\/wp\/v2\/pages\/67\/revisions"}],"predecessor-version":[{"id":266,"href":"https:\/\/sites.unica.it\/fir2017\/wp-json\/wp\/v2\/pages\/67\/revisions\/266"}],"wp:attachment":[{"href":"https:\/\/sites.unica.it\/fir2017\/wp-json\/wp\/v2\/media?parent=67"}],"curies":[{"name":"wp","href":"https:\/\/api.w.org\/{rel}","templated":true}]}}