{"id":1831,"date":"2026-04-17T09:50:19","date_gmt":"2026-04-17T07:50:19","guid":{"rendered":"https:\/\/sites.unica.it\/fesc\/?page_id=1831"},"modified":"2026-04-17T09:53:25","modified_gmt":"2026-04-17T07:53:25","slug":"horizon-europe-come-ottenere-finanziamenti-per-i-propri-progetti-di-ricerca-e-innovazione","status":"publish","type":"page","link":"https:\/\/sites.unica.it\/fesc\/percorso-formativo\/offerta-formativa-2025-26\/horizon-europe-come-ottenere-finanziamenti-per-i-propri-progetti-di-ricerca-e-innovazione\/","title":{"rendered":"Horizon Europe \u2013 come ottenere finanziamenti per i propri progetti di ricerca e innovazione"},"content":{"rendered":"\n<div style=\"height:50px\" aria-hidden=\"true\" class=\"wp-block-spacer\"><\/div>\n\n\n\n<p>Il corso introduce i dottorandi e le dottorande del secondo e terzo anno alle opportunit\u00e0 di finanziamento dell\u2019Unione Europea per la ricerca e l\u2019innovazione, con particolare riferimento al programma Horizon Europe. Attraverso lezioni e approfondimenti pratici, i partecipanti apprenderanno le basi della progettazione europea: dall\u2019idea progettuale alla costruzione di consorzi internazionali, fino alla preparazione delle proposte secondo i tre criteri di valutazione eccellenza, impatto e implementazione. Sono previste discussioni e testimonianze da parte di ricercatori e ricercatrici che<br>hanno ottenuto finanziamenti progetti europei.<\/p>\n\n\n\n<p>Il corso si svolger\u00e0 il 7, 14, 21, 25, 28 maggio 2026 dalle 9 alle 13 in aula 9, campus ARESU, via San Giorgio. Per i dottorandi e le dottorande impegnate in periodo di studio all\u2019estero sar\u00e0 possibile partecipare online. \u00c8 consentita esclusivamente la partecipazione di dottorandi\/e al secondo o terzo anno di corso. Il materiale del corso sar\u00e0 in lingua inglese, le lezioni saranno in italiano con possibilit\u00e0 di interazione in lingua inglese. \u00c8 previsto un test di valutazione finale.<\/p>\n\n\n\n<p>Si prega di iscriversi al seguente link: <a href=\"https:\/\/forms.office.com\/e\/156qAB1YKS?origin=lprLink\" target=\"_blank\" rel=\"noreferrer noopener\">https:\/\/forms.office.com\/e\/156qAB1YKS?origin=lprLink<\/a><\/p>\n","protected":false},"excerpt":{"rendered":"<p>Il corso introduce i dottorandi e le dottorande del secondo e terzo anno alle opportunit\u00e0 di finanziamento dell\u2019Unione Europea per la ricerca e l\u2019innovazione, con particolare riferimento al programma Horizon Europe. Attraverso lezioni e approfondimenti pratici, [&hellip;]<\/p>\n","protected":false},"author":9406,"featured_media":0,"parent":137,"menu_order":0,"comment_status":"closed","ping_status":"closed","template":"","meta":{"footnotes":""},"class_list":["post-1831","page","type-page","status-publish","hentry"],"_links":{"self":[{"href":"https:\/\/sites.unica.it\/fesc\/wp-json\/wp\/v2\/pages\/1831","targetHints":{"allow":["GET"]}}],"collection":[{"href":"https:\/\/sites.unica.it\/fesc\/wp-json\/wp\/v2\/pages"}],"about":[{"href":"https:\/\/sites.unica.it\/fesc\/wp-json\/wp\/v2\/types\/page"}],"author":[{"embeddable":true,"href":"https:\/\/sites.unica.it\/fesc\/wp-json\/wp\/v2\/users\/9406"}],"replies":[{"embeddable":true,"href":"https:\/\/sites.unica.it\/fesc\/wp-json\/wp\/v2\/comments?post=1831"}],"version-history":[{"count":1,"href":"https:\/\/sites.unica.it\/fesc\/wp-json\/wp\/v2\/pages\/1831\/revisions"}],"predecessor-version":[{"id":1832,"href":"https:\/\/sites.unica.it\/fesc\/wp-json\/wp\/v2\/pages\/1831\/revisions\/1832"}],"up":[{"embeddable":true,"href":"https:\/\/sites.unica.it\/fesc\/wp-json\/wp\/v2\/pages\/137"}],"wp:attachment":[{"href":"https:\/\/sites.unica.it\/fesc\/wp-json\/wp\/v2\/media?parent=1831"}],"curies":[{"name":"wp","href":"https:\/\/api.w.org\/{rel}","templated":true}]}}