{"id":1718,"date":"2026-03-31T16:56:01","date_gmt":"2026-03-31T14:56:01","guid":{"rendered":"https:\/\/sites.unica.it\/fesc\/?page_id=1718"},"modified":"2026-04-09T13:08:07","modified_gmt":"2026-04-09T11:08:07","slug":"il-nostro-tempo-e-le-parole-per-dirlo-demoniaco-dionisiaco-dis-umano","status":"publish","type":"page","link":"https:\/\/sites.unica.it\/fesc\/percorso-formativo\/offerta-formativa-2025-26\/il-nostro-tempo-e-le-parole-per-dirlo-demoniaco-dionisiaco-dis-umano\/","title":{"rendered":"Il nostro tempo e le parole per dirlo: demoniaco, dionisiaco, dis-umano"},"content":{"rendered":"\n<div style=\"height:50px\" aria-hidden=\"true\" class=\"wp-block-spacer\"><\/div>\n\n\n\n<p><strong>Corso di Dottorato in Filosofia, Epistemologia, Scienze Umane<\/strong><\/p>\n\n\n\n<p>Universit\u00e0 di Cagliari, Dipartimento di Pedagogia, Psicologia, Filosofia<\/p>\n\n\n\n<p><strong>Titolo del seminario<\/strong>: Il nostro tempo e le parole per dirlo: demoniaco, dionisiaco, dis-umano<\/p>\n\n\n\n<p><strong>N. ore<\/strong>: 2<\/p>\n\n\n\n<p><strong>Docenti<\/strong> (e-mail e relativo\/i settore\/i s.s.d.): <\/p>\n\n\n\n<ul class=\"wp-block-list\">\n<li>Prof.ssa <strong>Fiorinda Li Vigni<\/strong> (Istituto Italiano di Studi Germanici) <a href=\"mailto:fiorinda.livigni@gmail.com\">fiorinda.livigni@gmail.com<\/a> 14\/GSPS-01 Filosofia politica \/ PHIL-05\/A Storia della filosofia;<\/li>\n\n\n\n<li>Prof.ssa <strong>Gabriella Baptist<\/strong> (UniCa) <a href=\"mailto:baptist@unica.it\">baptist@unica.it<\/a> 11\/PHIL-03 Filosofia morale<\/li>\n<\/ul>\n\n\n\n<p><strong>Breve bio\/bibliografia<\/strong>: <\/p>\n\n\n\n<ul class=\"wp-block-list\">\n<li><strong>Fiorinda Li Vigni<\/strong> (PhD in Filosofia, Universit\u00e0 \u201cLa Sapienza di Roma\u201d, Abilitazione nazionale di seconda fascia in Filosofia politica e in Storia della Filosofia) collabora con l\u2019Istituto Italiano di Studi Germanici, dopo aver ricoperto le funzioni di ricercatrice e di segretaria generale dell\u2019Istituto Italiano per gli Studi Filosofici di Napoli. Le sue ricerche e pubblicazioni si concentrano su questioni e problemi di filosofia classica tedesca e di filosofia antica. Attualmente si occupa del tema del demoniaco e del dionisiaco nella filosofia del Novecento.<\/li>\n\n\n\n<li><strong>Gabriella Baptist<\/strong> insegna discipline dell\u2019ambito di Filosofia morale presso i corsi di area filosofica e pedagogica dell\u2019Universit\u00e0 degli Studi di Cagliari. Ambiti di ricerca: filosofia classica tedesca, fenomenologia, ermeneutica, decostruzione.<\/li>\n<\/ul>\n\n\n\n<p><strong>Modalit\u00e0 di erogazione<\/strong>: In presenza e online<\/p>\n\n\n\n<p><strong>Calendario degli incontri<\/strong>: 15 aprile 2026, ore 8:30-10:00<\/p>\n\n\n\n<p><strong>Aula e\/o Link<\/strong>: Aula 2A. <a href=\"https:\/\/teams.microsoft.com\/meet\/37282063311164?p=pOsBAo1AeTvh2CXNoB\">LINK<\/a><\/p>\n\n\n\n<p><strong>Lingua<\/strong>: Italiano<\/p>\n\n\n\n<p><strong>Conoscenze preliminari richieste<\/strong>: nessuna<\/p>\n\n\n\n<p><strong>Breve descrizione del corso<\/strong>:<\/p>\n\n\n\n<p>L&#8217;idea \u00e8 porre la filosofia in ascolto della percezione che abbiamo del nostro tempo, sulla base di tre distinte e tuttavia interconnesse chiavi di lettura. La tonalit\u00e0 emotiva segnata dalla perdita di s\u00e9 e del mondo pu\u00f2 essere considerata come una delle cifre della contemporaneit\u00e0, conseguenza della sensazione che il nostro mondo sia tornato a essere potentemente abitato da pulsioni distruttive, sorde a ogni ragione che cerchi di farsi valere in maniera argomentativa, da forze che potremmo convenzionalmente definire demoniache. \u00c8 la percezione del venir meno della pretesa di poter condurre razionalmente la storia che costruiamo giorno per giorno, in uno scenario in cui appaiono tramontate le prospettive novecentesche di emancipazione, in un tempo segnato dall&#8217;esclusivo affidarci alle dinamiche cieche dell&#8217;economia e della tecnologia, dall&#8217;incremento della conflittualit\u00e0 negli scenari internazionali, dell&#8217;indebolirsi degli anticorpi contro politiche di sfruttamento, emarginazione, violenza etnica; infine dal riproporsi di un interrogativo antico circa il rapporto dell&#8217;uomo e della tecnica, che l&#8217;accelerazione delle rivoluzioni tecnologiche in atto e la crisi ambientale rivestono di inedita pregnanza.<\/p>\n\n\n\n<p>Il dionisiaco \u00e8 la seconda fra le chiavi di lettura proposte: esso mette l&#8217;accento sulla potenza dirompente (e per questo anche calamitosa) di forze ancora una volta al di fuori del nostro controllo, che rappresentano tuttavia la fonte nascosta e rimossa della vita, delle nostre passioni, dell&#8217;agire, del nostro vivere immersi e spesso inconsapevoli in un mondo ambiente pi\u00f9 vasto e complesso di quello costruito dall&#8217;uomo, dalle sue tecniche e dalle sue regole civili. (Il tema della vita, quello dell&#8217;ebbrezza, dell&#8217;illusione, della trasformazione). Infine il dis-umano fa riferimento a un duplice ordine di problemi. Il primo riguarda il perpetuarsi, l&#8217;acuirsi di tutte le pratiche di disumanizzazione legate allo sfruttamento e all&#8217;annichilimento di altri esseri umani, in diverse forme \u2013 quelle che la storia ci ha consegnato e quello che il nostro&nbsp; tempo sta \u201cinventando\u201d; il secondo concerne invece il fatto che il nostro mondo ambiente si sta de-umanizzando, facendo sempre pi\u00f9 spazio alle macchine (intelligenti o meno), ma anche alla circostanza per cui le grandi trasformazioni in atto stanno mettendo il discussione il paradigma antropocentrico, inducendo a elaborare un punto di vista trans- o post-umano.<\/p>\n\n\n\n<p><strong>Riferimenti bibliografici<\/strong>:<\/p>\n\n\n\n<ul class=\"wp-block-list\">\n<li>Paul Tillich, Il demoniaco. Contributo a un&#8217;interpretazione del senso della storia, ETS, Pisa 2018<\/li>\n\n\n\n<li>Gerhard Ritter, Il volto demoniaco del potere, Pgreco, Milano 2022<\/li>\n\n\n\n<li>Sigmund Freud, Il perturbante, in Opere di Sigmund Freud, vol. IX, Bollati Boringhieri, Torino 1979, pp. 79-114.<\/li>\n\n\n\n<li>Thomas Mann, \u201cLa posizione di Freud nella storia dello spirito moderno\u201d (1929), in Nobilt\u00e0 dello spirito e altri saggi, I Meridiani paperback, Mondadori 2015, pp. 1349-1375; \u201cFreud e l&#8217;avvenire\u201d (1936), ivi, pp. 1378-1404.<\/li>\n\n\n\n<li>Primo Levi, &nbsp;I sommersi e i salvati, Einaudi, Torino 2007<\/li>\n<\/ul>\n\n\n\n<p><strong>Valutazione finale<\/strong>: No<\/p>\n\n\n\n<p><strong>Altre informazioni utili<\/strong>: <a href=\"http:\/\/sites.unica.it\/fesc\/files\/2026\/04\/260415-Seminario-Demoniaco-dionisiacodis-umano-nuovo-QRcode.pdf\">locandina del seminario<\/a><\/p>\n","protected":false},"excerpt":{"rendered":"<p>Corso di Dottorato in Filosofia, Epistemologia, Scienze Umane Universit\u00e0 di Cagliari, Dipartimento di Pedagogia, Psicologia, Filosofia Titolo del seminario: Il nostro tempo e le parole per dirlo: demoniaco, dionisiaco, dis-umano N. ore: 2 Docenti (e-mail e [&hellip;]<\/p>\n","protected":false},"author":9406,"featured_media":0,"parent":137,"menu_order":0,"comment_status":"closed","ping_status":"closed","template":"","meta":{"footnotes":""},"class_list":["post-1718","page","type-page","status-publish","hentry"],"_links":{"self":[{"href":"https:\/\/sites.unica.it\/fesc\/wp-json\/wp\/v2\/pages\/1718","targetHints":{"allow":["GET"]}}],"collection":[{"href":"https:\/\/sites.unica.it\/fesc\/wp-json\/wp\/v2\/pages"}],"about":[{"href":"https:\/\/sites.unica.it\/fesc\/wp-json\/wp\/v2\/types\/page"}],"author":[{"embeddable":true,"href":"https:\/\/sites.unica.it\/fesc\/wp-json\/wp\/v2\/users\/9406"}],"replies":[{"embeddable":true,"href":"https:\/\/sites.unica.it\/fesc\/wp-json\/wp\/v2\/comments?post=1718"}],"version-history":[{"count":6,"href":"https:\/\/sites.unica.it\/fesc\/wp-json\/wp\/v2\/pages\/1718\/revisions"}],"predecessor-version":[{"id":1820,"href":"https:\/\/sites.unica.it\/fesc\/wp-json\/wp\/v2\/pages\/1718\/revisions\/1820"}],"up":[{"embeddable":true,"href":"https:\/\/sites.unica.it\/fesc\/wp-json\/wp\/v2\/pages\/137"}],"wp:attachment":[{"href":"https:\/\/sites.unica.it\/fesc\/wp-json\/wp\/v2\/media?parent=1718"}],"curies":[{"name":"wp","href":"https:\/\/api.w.org\/{rel}","templated":true}]}}

<div style="height:50px" aria-hidden="true" class="wp-block-spacer"></div>



<p><strong>Corso di Dottorato in Filosofia, Epistemologia, Scienze Umane</strong></p>



<p>Università di Cagliari, Dipartimento di Pedagogia, Psicologia, Filosofia</p>



<p><strong>Titolo del seminario</strong>: Il nostro tempo e le parole per dirlo: demoniaco, dionisiaco, dis-umano</p>



<p><strong>N. ore</strong>: 2</p>



<p><strong>Docenti</strong> (e-mail e relativo/i settore/i s.s.d.): </p>



<ul class="wp-block-list">
<li>Prof.ssa <strong>Fiorinda Li Vigni</strong> (Istituto Italiano di Studi Germanici) <a href="mailto:fiorinda.livigni@gmail.com">fiorinda.livigni@gmail.com</a> 14/GSPS-01 Filosofia politica / PHIL-05/A Storia della filosofia;</li>



<li>Prof.ssa <strong>Gabriella Baptist</strong> (UniCa) <a href="mailto:baptist@unica.it">baptist@unica.it</a> 11/PHIL-03 Filosofia morale</li>
</ul>



<p><strong>Breve bio/bibliografia</strong>: </p>



<ul class="wp-block-list">
<li><strong>Fiorinda Li Vigni</strong> (PhD in Filosofia, Università “La Sapienza di Roma”, Abilitazione nazionale di seconda fascia in Filosofia politica e in Storia della Filosofia) collabora con l’Istituto Italiano di Studi Germanici, dopo aver ricoperto le funzioni di ricercatrice e di segretaria generale dell’Istituto Italiano per gli Studi Filosofici di Napoli. Le sue ricerche e pubblicazioni si concentrano su questioni e problemi di filosofia classica tedesca e di filosofia antica. Attualmente si occupa del tema del demoniaco e del dionisiaco nella filosofia del Novecento.</li>



<li><strong>Gabriella Baptist</strong> insegna discipline dell’ambito di Filosofia morale presso i corsi di area filosofica e pedagogica dell’Università degli Studi di Cagliari. Ambiti di ricerca: filosofia classica tedesca, fenomenologia, ermeneutica, decostruzione.</li>
</ul>



<p><strong>Modalità di erogazione</strong>: In presenza e online</p>



<p><strong>Calendario degli incontri</strong>: 15 aprile 2026, ore 8:30-10:00</p>



<p><strong>Aula e/o Link</strong>: Aula 2A. <a href="https://teams.microsoft.com/meet/37282063311164?p=pOsBAo1AeTvh2CXNoB">LINK</a></p>



<p><strong>Lingua</strong>: Italiano</p>



<p><strong>Conoscenze preliminari richieste</strong>: nessuna</p>



<p><strong>Breve descrizione del corso</strong>:</p>



<p>L&#8217;idea è porre la filosofia in ascolto della percezione che abbiamo del nostro tempo, sulla base di tre distinte e tuttavia interconnesse chiavi di lettura. La tonalità emotiva segnata dalla perdita di sé e del mondo può essere considerata come una delle cifre della contemporaneità, conseguenza della sensazione che il nostro mondo sia tornato a essere potentemente abitato da pulsioni distruttive, sorde a ogni ragione che cerchi di farsi valere in maniera argomentativa, da forze che potremmo convenzionalmente definire demoniache. È la percezione del venir meno della pretesa di poter condurre razionalmente la storia che costruiamo giorno per giorno, in uno scenario in cui appaiono tramontate le prospettive novecentesche di emancipazione, in un tempo segnato dall&#8217;esclusivo affidarci alle dinamiche cieche dell&#8217;economia e della tecnologia, dall&#8217;incremento della conflittualità negli scenari internazionali, dell&#8217;indebolirsi degli anticorpi contro politiche di sfruttamento, emarginazione, violenza etnica; infine dal riproporsi di un interrogativo antico circa il rapporto dell&#8217;uomo e della tecnica, che l&#8217;accelerazione delle rivoluzioni tecnologiche in atto e la crisi ambientale rivestono di inedita pregnanza.</p>



<p>Il dionisiaco è la seconda fra le chiavi di lettura proposte: esso mette l&#8217;accento sulla potenza dirompente (e per questo anche calamitosa) di forze ancora una volta al di fuori del nostro controllo, che rappresentano tuttavia la fonte nascosta e rimossa della vita, delle nostre passioni, dell&#8217;agire, del nostro vivere immersi e spesso inconsapevoli in un mondo ambiente più vasto e complesso di quello costruito dall&#8217;uomo, dalle sue tecniche e dalle sue regole civili. (Il tema della vita, quello dell&#8217;ebbrezza, dell&#8217;illusione, della trasformazione). Infine il dis-umano fa riferimento a un duplice ordine di problemi. Il primo riguarda il perpetuarsi, l&#8217;acuirsi di tutte le pratiche di disumanizzazione legate allo sfruttamento e all&#8217;annichilimento di altri esseri umani, in diverse forme – quelle che la storia ci ha consegnato e quello che il nostro&nbsp; tempo sta “inventando”; il secondo concerne invece il fatto che il nostro mondo ambiente si sta de-umanizzando, facendo sempre più spazio alle macchine (intelligenti o meno), ma anche alla circostanza per cui le grandi trasformazioni in atto stanno mettendo il discussione il paradigma antropocentrico, inducendo a elaborare un punto di vista trans- o post-umano.</p>



<p><strong>Riferimenti bibliografici</strong>:</p>



<ul class="wp-block-list">
<li>Paul Tillich, Il demoniaco. Contributo a un&#8217;interpretazione del senso della storia, ETS, Pisa 2018</li>



<li>Gerhard Ritter, Il volto demoniaco del potere, Pgreco, Milano 2022</li>



<li>Sigmund Freud, Il perturbante, in Opere di Sigmund Freud, vol. IX, Bollati Boringhieri, Torino 1979, pp. 79-114.</li>



<li>Thomas Mann, “La posizione di Freud nella storia dello spirito moderno” (1929), in Nobiltà dello spirito e altri saggi, I Meridiani paperback, Mondadori 2015, pp. 1349-1375; “Freud e l&#8217;avvenire” (1936), ivi, pp. 1378-1404.</li>



<li>Primo Levi, &nbsp;I sommersi e i salvati, Einaudi, Torino 2007</li>
</ul>



<p><strong>Valutazione finale</strong>: No</p>



<p><strong>Altre informazioni utili</strong>: <a href="http://sites.unica.it/fesc/files/2026/04/260415-Seminario-Demoniaco-dionisiacodis-umano-nuovo-QRcode.pdf">locandina del seminario</a></p>

<p>Corso di Dottorato in Filosofia, Epistemologia, Scienze Umane Università di Cagliari, Dipartimento di Pedagogia, Psicologia, Filosofia Titolo del seminario: Il nostro tempo e le parole per dirlo: demoniaco, dionisiaco, dis-umano N. ore: 2 Docenti (e-mail e [&hellip;]</p>
