{"id":1275,"date":"2026-01-16T10:39:29","date_gmt":"2026-01-16T09:39:29","guid":{"rendered":"https:\/\/sites.unica.it\/fesc\/?page_id=1275"},"modified":"2026-02-01T22:48:07","modified_gmt":"2026-02-01T21:48:07","slug":"ewelina-bonska","status":"publish","type":"page","link":"https:\/\/sites.unica.it\/fesc\/organizzazione\/dottorandi\/xli-ciclo\/ewelina-bonska\/","title":{"rendered":"Ewelina Bo\u0144ska"},"content":{"rendered":"\n<div style=\"height:25px\" aria-hidden=\"true\" class=\"wp-block-spacer\"><\/div>\n\n\n\n<p><em>(Tutor: Prof. ssa Laura Vismara)<\/em><\/p>\n\n\n\n<p>Sono psicologa, pedagogista specializzata nei bisogni educativi speciali e psicoterapeuta in formazione. Ho conseguito la Laurea in Pedagogia presso la Facolt\u00e0 di Filosofia dell\u2019Universit\u00e0 Jagellonica di Cracovia (Polonia), con specializzazione in pedagogia speciale &#8211; riabilitazione sociale ed educazione scolastica. La mia tesi di laurea ha analizzato lo sviluppo integrale della persona dal punto di vista delle scienze della prevenzione e della psicologia cognitiva.<\/p>\n\n\n\n<p>Nel 2021 ho conseguito la Laurea Magistrale quinquennale in Psicologia (Psicologia Applicata) presso la Facolt\u00e0 di Management e Comunicazione Sociale dell\u2019Universit\u00e0 Jagellonica. La mia tesi magistrale, si \u00e8 concentrata sui correlati psicologici della partecipazione a sport ad alto rischio da parte di persone con disabilit\u00e0 fisiche.<\/p>\n\n\n\n<p>Nel 2022 ho iniziato un percorso quadriennale di formazione in psicoterapia sistemica e psicodinamica per famiglie, coppie e pazienti individuali presso l\u2019Istituto per la Terapia Sistemica e la Formazione (O\u015brodek Szkole\u0144 Systemowych). Ho temporaneamente sospeso tale formazione per intraprendere gli studi di dottorato presso l\u2019Universit\u00e0 di Cagliari. I miei interessi accademici e clinici sono orientati all\u2019integrazione della ricerca empirica con la pratica psicoterapeutica. In particolare, il mio progetto di dottorato si propone di analizzare le coppie internazionali, con un\u2019attenzione specifica alle loro dinamiche relazionali, alle differenze culturali e ai meccanismi psicologici sottostanti, al fine di sviluppare approcci clinici basati sull\u2019evidenza nella psicoterapia di coppia e contribuire al pi\u00f9 ampio ambito della psicologia culturale.<\/p>\n","protected":false},"excerpt":{"rendered":"<p>(Tutor: Prof. ssa Laura Vismara) Sono psicologa, pedagogista specializzata nei bisogni educativi speciali e psicoterapeuta in formazione. Ho conseguito la Laurea in Pedagogia presso la Facolt\u00e0 di Filosofia dell\u2019Universit\u00e0 Jagellonica di Cracovia (Polonia), con specializzazione in [&hellip;]<\/p>\n","protected":false},"author":9406,"featured_media":0,"parent":1172,"menu_order":0,"comment_status":"closed","ping_status":"closed","template":"","meta":{"footnotes":""},"class_list":["post-1275","page","type-page","status-publish","hentry"],"_links":{"self":[{"href":"https:\/\/sites.unica.it\/fesc\/wp-json\/wp\/v2\/pages\/1275","targetHints":{"allow":["GET"]}}],"collection":[{"href":"https:\/\/sites.unica.it\/fesc\/wp-json\/wp\/v2\/pages"}],"about":[{"href":"https:\/\/sites.unica.it\/fesc\/wp-json\/wp\/v2\/types\/page"}],"author":[{"embeddable":true,"href":"https:\/\/sites.unica.it\/fesc\/wp-json\/wp\/v2\/users\/9406"}],"replies":[{"embeddable":true,"href":"https:\/\/sites.unica.it\/fesc\/wp-json\/wp\/v2\/comments?post=1275"}],"version-history":[{"count":2,"href":"https:\/\/sites.unica.it\/fesc\/wp-json\/wp\/v2\/pages\/1275\/revisions"}],"predecessor-version":[{"id":1449,"href":"https:\/\/sites.unica.it\/fesc\/wp-json\/wp\/v2\/pages\/1275\/revisions\/1449"}],"up":[{"embeddable":true,"href":"https:\/\/sites.unica.it\/fesc\/wp-json\/wp\/v2\/pages\/1172"}],"wp:attachment":[{"href":"https:\/\/sites.unica.it\/fesc\/wp-json\/wp\/v2\/media?parent=1275"}],"curies":[{"name":"wp","href":"https:\/\/api.w.org\/{rel}","templated":true}]}}

Ewelina Bońska

<div style="height:25px" aria-hidden="true" class="wp-block-spacer"></div>



<p><em>(Tutor: Prof. ssa Laura Vismara)</em></p>



<p>Sono psicologa, pedagogista specializzata nei bisogni educativi speciali e psicoterapeuta in formazione. Ho conseguito la Laurea in Pedagogia presso la Facoltà di Filosofia dell’Università Jagellonica di Cracovia (Polonia), con specializzazione in pedagogia speciale &#8211; riabilitazione sociale ed educazione scolastica. La mia tesi di laurea ha analizzato lo sviluppo integrale della persona dal punto di vista delle scienze della prevenzione e della psicologia cognitiva.</p>



<p>Nel 2021 ho conseguito la Laurea Magistrale quinquennale in Psicologia (Psicologia Applicata) presso la Facoltà di Management e Comunicazione Sociale dell’Università Jagellonica. La mia tesi magistrale, si è concentrata sui correlati psicologici della partecipazione a sport ad alto rischio da parte di persone con disabilità fisiche.</p>



<p>Nel 2022 ho iniziato un percorso quadriennale di formazione in psicoterapia sistemica e psicodinamica per famiglie, coppie e pazienti individuali presso l’Istituto per la Terapia Sistemica e la Formazione (Ośrodek Szkoleń Systemowych). Ho temporaneamente sospeso tale formazione per intraprendere gli studi di dottorato presso l’Università di Cagliari. I miei interessi accademici e clinici sono orientati all’integrazione della ricerca empirica con la pratica psicoterapeutica. In particolare, il mio progetto di dottorato si propone di analizzare le coppie internazionali, con un’attenzione specifica alle loro dinamiche relazionali, alle differenze culturali e ai meccanismi psicologici sottostanti, al fine di sviluppare approcci clinici basati sull’evidenza nella psicoterapia di coppia e contribuire al più ampio ambito della psicologia culturale.</p>

<p>(Tutor: Prof. ssa Laura Vismara) Sono psicologa, pedagogista specializzata nei bisogni educativi speciali e psicoterapeuta in formazione. Ho conseguito la Laurea in Pedagogia presso la Facoltà di Filosofia dell’Università Jagellonica di Cracovia (Polonia), con specializzazione in [&hellip;]</p>
