{"id":2310,"date":"2021-04-08T13:13:01","date_gmt":"2021-04-08T13:13:01","guid":{"rendered":"https:\/\/sites.unica.it\/conchimica\/?page_id=2310"},"modified":"2021-04-08T13:13:29","modified_gmt":"2021-04-08T13:13:29","slug":"seminari-chimica-supramolecolare-aprile-settembre-2021","status":"publish","type":"page","link":"https:\/\/sites.unica.it\/conchimica\/seminari-e-webinar\/seminari-chimica-supramolecolare-aprile-settembre-2021\/","title":{"rendered":"SEMINARI CHIMICA SUPRAMOLECOLARE Aprile-Settembre 2021"},"content":{"rendered":"<p>La serie di Seminari di Chimica Supramolecolare partir\u00e0 il prossimo 21 Aprile su piattaforma Microsoft Teams e seguir\u00e0 secondo il seguente calendario:<\/p>\n<p><b>21 Aprile h 15:00 Matteo Savastano, Universit\u00e0 degli Studi di Firenze<\/b>: <i>I poliioduri nella chimica supramolecolare: dalle origini<\/i><br \/>\n<i>verso nuove architetture allo stato solido <\/i>https:\/\/teams.microsoft.com\/l\/meetupjoin\/19%3ameeting_MWJiYmY4MzctMjcyZi00YmU4LWI1ZTktNmZlMjYwNzAyYTE0%40thread.v2\/0?context=%7<br \/>\nb%22Tid%22%3a%226bfa74cc-fe34-4d57-97d3-97fd6e0edee1%22%2c%22Oid%22%3a%22e5999687-a0af-<br \/>\n42c5-b202-523532b8ec65%22%7d<\/p>\n<p><b>25 Maggio h 15:00 Silvia Marchesan, Universit\u00e0 degli Studi di Trieste<\/b>: <i>Self-assembling heterochiral peptides: playing the Mirror<\/i><br \/>\n<i>Game<\/i><br \/>\nhttps:\/\/teams.microsoft.com\/l\/meetupjoin\/19%3ameeting_MzJlMWRiOWUtM2I5YS00MGU1LTkwNjYtZTRmNzNmNzFiMzcz%40thread.v2\/0?context=<br \/>\n%7b%22Tid%22%3a%226bfa74cc-fe34-4d57-97d3-97fd6e0edee1%22%2c%22Oid%22%3a%22e5999687-a0af-<br \/>\n42c5-b202-523532b8ec65%22%7d<\/p>\n<p><b>23 Giugno h 15:00 Francesca D\u2019Anna, Universit\u00e0 degli Studi di Palermo<\/b>: <i>Eutecto- e Ionogel: una Panoramica dalle Propriet\u00e0 alle<\/i><br \/>\n<i>Applicazioni<\/i><br \/>\nhttps:\/\/teams.microsoft.com\/l\/meetupjoin\/19%3ameeting_N2IyNzE0OWQtYzkwZS00MWVhLTg4MjAtMmU2MDQyMjAwNzA0%40thread.v2\/0?contex<br \/>\nt=%7b%22Tid%22%3a%226bfa74cc-fe34-4d57-97d3-97fd6e0edee1%22%2c%22Oid%22%3a%22e5999687-<br \/>\na0af-42c5-b202-523532b8ec65%22%7d<\/p>\n<p><b>22 Luglio h 15:00 Beatrice Simonis, Universit\u00e0 di Roma La Sapienza: <\/b><i>Sviluppo di formulazioni liposomiche per la veicolazione di<\/i><br \/>\n<i>principi attivi al Sistema Nervoso Centrale<\/i><br \/>\nhttps:\/\/teams.microsoft.com\/l\/meetupjoin\/19%3ameeting_OTdkODA1ZjQtY2IwMi00YjdjLWE5ZDgtOGJhYTI1NTc2NDFl%40thread.v2\/0?context=%7b%<br \/>\n22Tid%22%3a%226bfa74cc-fe34-4d57-97d3-97fd6e0edee1%22%2c%22Oid%22%3a%22e5999687-a0af-42c5-<br \/>\nb202-523532b8ec65%22%7d<\/p>\n<p><b>To be announced: Cristiano Zonta, Universit\u00e0 degli Studi di Padova<\/b><i>: Metal-Ligand Supramolecular Architectures: From Chirality<\/i><br \/>\n<i>Sensing to Molecular Confinement<\/i><br \/>\n<b><\/b><\/p>\n<p><b>Seminari Virtuali di Chimica Supramolecolare<\/b><br \/>\nPer qualunque informazione contattare: ccaltagirone@unica.it<\/p>\n<p><a href=\"https:\/\/sites.unica.it\/conchimica\/files\/2021\/04\/Locandina-1.pdf\">Locandina-1<\/a><\/p>\n<p>&nbsp;<\/p>","protected":false},"excerpt":{"rendered":"<p>La serie di Seminari di Chimica Supramolecolare partir\u00e0 il prossimo 21 Aprile su piattaforma Microsoft Teams e seguir\u00e0 secondo il seguente calendario: 21 Aprile h 15:00 Matteo Savastano, Universit\u00e0 degli Studi di Firenze: I poliioduri nella chimica supramolecolare: dalle origini verso nuove architetture allo stato solido https:\/\/teams.microsoft.com\/l\/meetupjoin\/19%3ameeting_MWJiYmY4MzctMjcyZi00YmU4LWI1ZTktNmZlMjYwNzAyYTE0%40thread.v2\/0?context=%7 b%22Tid%22%3a%226bfa74cc-fe34-4d57-97d3-97fd6e0edee1%22%2c%22Oid%22%3a%22e5999687-a0af- 42c5-b202-523532b8ec65%22%7d 25 Maggio h 15:00 Silvia Marchesan, &hellip; <a href=\"https:\/\/sites.unica.it\/conchimica\/seminari-e-webinar\/seminari-chimica-supramolecolare-aprile-settembre-2021\/\" class=\"more-link\">Continua la lettura di <span class=\"screen-reader-text\">SEMINARI CHIMICA SUPRAMOLECOLARE Aprile-Settembre 2021<\/span> <span class=\"meta-nav\">&rarr;<\/span><\/a><\/p>\n","protected":false},"author":601,"featured_media":0,"parent":2252,"menu_order":0,"comment_status":"closed","ping_status":"closed","template":"","meta":{"footnotes":""},"class_list":["post-2310","page","type-page","status-publish","hentry"],"_links":{"self":[{"href":"https:\/\/sites.unica.it\/conchimica\/wp-json\/wp\/v2\/pages\/2310","targetHints":{"allow":["GET"]}}],"collection":[{"href":"https:\/\/sites.unica.it\/conchimica\/wp-json\/wp\/v2\/pages"}],"about":[{"href":"https:\/\/sites.unica.it\/conchimica\/wp-json\/wp\/v2\/types\/page"}],"author":[{"embeddable":true,"href":"https:\/\/sites.unica.it\/conchimica\/wp-json\/wp\/v2\/users\/601"}],"replies":[{"embeddable":true,"href":"https:\/\/sites.unica.it\/conchimica\/wp-json\/wp\/v2\/comments?post=2310"}],"version-history":[{"count":1,"href":"https:\/\/sites.unica.it\/conchimica\/wp-json\/wp\/v2\/pages\/2310\/revisions"}],"predecessor-version":[{"id":2312,"href":"https:\/\/sites.unica.it\/conchimica\/wp-json\/wp\/v2\/pages\/2310\/revisions\/2312"}],"up":[{"embeddable":true,"href":"https:\/\/sites.unica.it\/conchimica\/wp-json\/wp\/v2\/pages\/2252"}],"wp:attachment":[{"href":"https:\/\/sites.unica.it\/conchimica\/wp-json\/wp\/v2\/media?parent=2310"}],"curies":[{"name":"wp","href":"https:\/\/api.w.org\/{rel}","templated":true}]}}