{"id":2306,"date":"2021-04-08T13:02:49","date_gmt":"2021-04-08T13:02:49","guid":{"rendered":"https:\/\/sites.unica.it\/conchimica\/?page_id=2306"},"modified":"2021-04-08T13:02:57","modified_gmt":"2021-04-08T13:02:57","slug":"la-chemiometria-come-strumento-per-la-verifica-di-origine-ed-autenticita-degli-alimenti","status":"publish","type":"page","link":"https:\/\/sites.unica.it\/conchimica\/la-chemiometria-come-strumento-per-la-verifica-di-origine-ed-autenticita-degli-alimenti\/","title":{"rendered":"LA CHEMIOMETRIA COME STRUMENTO PER LA VERIFICA DI ORIGINE ED AUTENTICIT\u00c0 DEGLI ALIMENTI"},"content":{"rendered":"<p style=\"text-align: left\" align=\"center\"><span style=\"color: #000000\"><strong>LA CHEMIOMETRIA COME STRUMENTO PER LA VERIFICA DI ORIGINE ED AUTENTICIT\u00c0 DEGLI ALIMENTI<\/strong><\/span><\/p>\n<p class=\"ox-4460d8146d-msonormal\" style=\"text-align: left\" align=\"center\"><span style=\"color: #000000\">Gioved\u00ec 2 Luglio 2020 ore 14.00-18.00 Webinar &#8211; Microsoft Teams.<\/span><\/p>\n<p class=\"ox-4460d8146d-msonormal\"><span style=\"color: #000000\">Per partecipare \u00e8 <b><u>necessario<\/u><\/b> inviare la richiesta al seguente indirizzo: <a style=\"color: #000000\" href=\"mailto:p.carlino@fondazionealmamater.it\">p.carlino@fondazionealmamater.it<\/a><\/span><\/p>\n<p class=\"ox-4460d8146d-msonormal\"><span style=\"color: #000000\">Il seminario, coordinato scientificamente dalla Prof.ssa Dora Melucci, \u00e8 organizzato all\u2019interno delle attivit\u00e0 didattiche previste per il master di II livello in Analisi Chimiche e Chimico-Tossicologiche Forensi a.a. 2019-2020.<\/span><\/p>\n","protected":false},"excerpt":{"rendered":"<p>LA CHEMIOMETRIA COME STRUMENTO PER LA VERIFICA DI ORIGINE ED AUTENTICIT\u00c0 DEGLI ALIMENTI Gioved\u00ec 2 Luglio 2020 ore 14.00-18.00 Webinar &#8211; Microsoft Teams. Per partecipare \u00e8 necessario inviare la richiesta al seguente indirizzo: p.carlino@fondazionealmamater.it Il seminario, coordinato scientificamente dalla Prof.ssa Dora Melucci, \u00e8 organizzato all\u2019interno delle attivit\u00e0 didattiche previste per il master di II livello &hellip; <a href=\"https:\/\/sites.unica.it\/conchimica\/la-chemiometria-come-strumento-per-la-verifica-di-origine-ed-autenticita-degli-alimenti\/\" class=\"more-link\">Continua la lettura di <span class=\"screen-reader-text\">LA CHEMIOMETRIA COME STRUMENTO PER LA VERIFICA DI ORIGINE ED AUTENTICIT\u00c0 DEGLI ALIMENTI<\/span> <span class=\"meta-nav\">&rarr;<\/span><\/a><\/p>\n","protected":false},"author":601,"featured_media":0,"parent":0,"menu_order":0,"comment_status":"closed","ping_status":"closed","template":"","meta":{"footnotes":""},"class_list":["post-2306","page","type-page","status-publish","hentry"],"_links":{"self":[{"href":"https:\/\/sites.unica.it\/conchimica\/wp-json\/wp\/v2\/pages\/2306","targetHints":{"allow":["GET"]}}],"collection":[{"href":"https:\/\/sites.unica.it\/conchimica\/wp-json\/wp\/v2\/pages"}],"about":[{"href":"https:\/\/sites.unica.it\/conchimica\/wp-json\/wp\/v2\/types\/page"}],"author":[{"embeddable":true,"href":"https:\/\/sites.unica.it\/conchimica\/wp-json\/wp\/v2\/users\/601"}],"replies":[{"embeddable":true,"href":"https:\/\/sites.unica.it\/conchimica\/wp-json\/wp\/v2\/comments?post=2306"}],"version-history":[{"count":1,"href":"https:\/\/sites.unica.it\/conchimica\/wp-json\/wp\/v2\/pages\/2306\/revisions"}],"predecessor-version":[{"id":2308,"href":"https:\/\/sites.unica.it\/conchimica\/wp-json\/wp\/v2\/pages\/2306\/revisions\/2308"}],"wp:attachment":[{"href":"https:\/\/sites.unica.it\/conchimica\/wp-json\/wp\/v2\/media?parent=2306"}],"curies":[{"name":"wp","href":"https:\/\/api.w.org\/{rel}","templated":true}]}}