{"id":1780,"date":"2017-03-28T12:48:42","date_gmt":"2017-03-28T12:48:42","guid":{"rendered":"http:\/\/sites.unica.it\/cisap\/?page_id=1780"},"modified":"2017-04-04T13:36:54","modified_gmt":"2017-04-04T13:36:54","slug":"paola-mancosu","status":"publish","type":"page","link":"https:\/\/sites.unica.it\/cisap\/chi-siamo\/paola-mancosu\/","title":{"rendered":"Paola Mancosu"},"content":{"rendered":"<p style=\"text-align: justify\">Paola Mancosu \u00e8 ricercatrice di Lingua e Letterature Ispanoamericane presso l\u2019Universit\u00e0 di Cagliari. Ha conseguito il Dottorato di ricerca in Filolog\u00eda Hisp\u00e1nica e Hispanoamericana presso la Universidad de Barcelona. Le sue principali linee di ricerca riguardano la letteratura coloniale e peruviana del XX secolo, con particolare attenzione all\u2019area andina. \u00c8 collaboratrice della Biblioteca de Traducciones Hispanoamericanas (Biblioteca Virtual Miguel de Cervantes), ha partecipato come relatrice a Convegni internazionali, ha scritto diversi articoli in riviste scientifiche, tra cui i pi\u00f9 recenti riguardano l\u2019opera di Gamaliel Churata, su cui verte il progetto di ricerca relativo allo studio critico e pubblicazione degli inediti di cui \u00e8 membro. Tra i suoi lavori: Petrarca en la Am\u00e9rica virreinal, Universidad de Murcia (2014) e l\u2019edizione critica, introduzione e note della raccolta poetica inedita Khirkhilas de la sirena di Gamaliel Churata, Plural Editores (in pubblicazione).<\/p>\n","protected":false},"excerpt":{"rendered":"<p>Paola Mancosu \u00e8 ricercatrice di Lingua e Letterature Ispanoamericane presso l\u2019Universit\u00e0 di Cagliari. Ha conseguito il Dottorato di ricerca in Filolog\u00eda Hisp\u00e1nica e Hispanoamericana presso la Universidad de Barcelona. Le sue principali linee di ricerca riguardano la letteratura coloniale e &hellip; <a href=\"https:\/\/sites.unica.it\/cisap\/chi-siamo\/paola-mancosu\/\">Continua a leggere<span class=\"meta-nav\">&rarr;<\/span><\/a><\/p>\n","protected":false},"author":462,"featured_media":0,"parent":1679,"menu_order":0,"comment_status":"closed","ping_status":"closed","template":"","meta":{"footnotes":""},"class_list":["post-1780","page","type-page","status-publish","hentry"],"_links":{"self":[{"href":"https:\/\/sites.unica.it\/cisap\/wp-json\/wp\/v2\/pages\/1780","targetHints":{"allow":["GET"]}}],"collection":[{"href":"https:\/\/sites.unica.it\/cisap\/wp-json\/wp\/v2\/pages"}],"about":[{"href":"https:\/\/sites.unica.it\/cisap\/wp-json\/wp\/v2\/types\/page"}],"author":[{"embeddable":true,"href":"https:\/\/sites.unica.it\/cisap\/wp-json\/wp\/v2\/users\/462"}],"replies":[{"embeddable":true,"href":"https:\/\/sites.unica.it\/cisap\/wp-json\/wp\/v2\/comments?post=1780"}],"version-history":[{"count":2,"href":"https:\/\/sites.unica.it\/cisap\/wp-json\/wp\/v2\/pages\/1780\/revisions"}],"predecessor-version":[{"id":1886,"href":"https:\/\/sites.unica.it\/cisap\/wp-json\/wp\/v2\/pages\/1780\/revisions\/1886"}],"up":[{"embeddable":true,"href":"https:\/\/sites.unica.it\/cisap\/wp-json\/wp\/v2\/pages\/1679"}],"wp:attachment":[{"href":"https:\/\/sites.unica.it\/cisap\/wp-json\/wp\/v2\/media?parent=1780"}],"curies":[{"name":"wp","href":"https:\/\/api.w.org\/{rel}","templated":true}]}}