{"id":1583,"date":"2013-12-02T00:15:59","date_gmt":"2013-12-02T00:15:59","guid":{"rendered":"http:\/\/sites.unica.it\/cagliaripersia\/?page_id=1583"},"modified":"2013-12-04T13:11:18","modified_gmt":"2013-12-04T13:11:18","slug":"la-lingua-persiana","status":"publish","type":"page","link":"https:\/\/sites.unica.it\/cagliaripersia\/la-lingua-persiana\/","title":{"rendered":"La lingua persiana"},"content":{"rendered":"<p><a href=\"http:\/\/sites.unica.it\/cagliaripersia\/files\/2013\/12\/Pursuit-Scene-from-the-Battle-of-Badr1.jpg\"><img decoding=\"async\" class=\"size-full wp-image-1610 aligncenter\" alt=\"Pursuit Scene from the Battle of Badr\" src=\"http:\/\/sites.unica.it\/cagliaripersia\/files\/2013\/12\/Pursuit-Scene-from-the-Battle-of-Badr1-e1386162617765.jpg\" width=\"600\" height=\"405\" \/><\/a><\/p>\n<p>La lingua persiana, chiamata <em>farsi<\/em>, fa parte della famiglia della lingue indoeuropee ed \u00e8 la lingua ufficiale del Paese, parlata da pi\u00f9 della met\u00e0 della popolazione. Viene usata e capita da quasi tutti gli Iraniani, nonch\u00e9 da milioni di abitanti dei Paesi vicini come l\u2019Afghanistan, il Pakistan , l\u2019India e il Turkmenistan .<\/p>\n<p>Storicamente la lingua persiana si \u00e8 sviluppata in tre fasi ben distinte: quella antica, quella media e quella moderna. Il persiano antico veniva esclusivamente usato per proclamazioni da parte dei re e ci \u00e8 stato tramandato tramite iscrizioni cuneiformi del periodo del grande Impero Achemenide. Per molti, la lingua utilizzata nell\u2019Avesta, ossia il testo sacro degli Zoroastriani, \u00e8 una forma di persiano antico, mentre per altri \u00e8 una lingua assolutamente a s\u00e9 stante.<\/p>\n<p>Il persiano del periodo intermedio deriva direttamente da quello antico ed \u00e8 anche conosciuto col nome di pahlavi. Veniva parlato durante il periodo del regno sassanide e aveva subito notevoli semplificazioni rispetto a quello antico. Non aveva un solo alfabeto, bens\u0649 due: quello aramaico e quello chiamato huzvaresh. Anche la lingua ufficiale utilizzata dal clero zoroastriano ebbe una sua letteratura, fatta di testi manicheisti e zoroastriani di notevole livello artistico.<\/p>\n<p>Dal periodo medio della lingua persiana a quello moderno poche cose sono cambiate, soprattutto per quanto riguarda la grammatica che \u00e8 rimasta abbastanza semplice. Gli Iraniani fanno uso di un numero assai consistente di parole provenienti dalla lingua araba, entrate nel loro vocabolario come naturale conseguenza della conquista della Persia da parte degli Arabi. La lingua persiana moderna, oltre a essere scritta da destra a sinistra, usa gli stessi caratteri dell\u2019alfabeto arabo, con qualche leggera modifica, in quanto in essa vi sono quattro lettere in pi\u00f9.<\/p>\n<p>La lingua persiana, per chi la sente per la prima volta , riserva una vera e propria sorpresa. Mai e poi mai ci si aspetterebbe tale melodia e dolcezza in una lingua parlata in una zona del mondo in cui prevale la lingua araba che, seppur certamente ricca e bella, certo musicale non \u00e8. Quando due iraniani discorrono tra loro sembra sempre stiano recitando un poema: questo \u00e8 l\u2019effetto che fa il farsi su tutti coloro che hanno il piacere di ascoltarlo per la prima volta. Ovviamente questo \u00e8 dovuto alla sua origine indoeuropea, che fa s\u0649 che il farsi sia strettamente collegato al greco, al latino, alle lingue slave, nonch\u00e9 all\u2019inglese. Queste connessioni si possono notare anche in numerose parole come per esempio baradar, brother in inglese (fratello), madar, mother ossia madre, e pedar, che ovviamente significa padre. \u0628 una lingua che risulta relativamente facile per tutti coloro che gi\u00e0 parlano l\u2019inglese, soprattutto se si considerano le difficolt\u00e0 in cui invece si incappa se si vuole studiare qualsiasi altra lingua del Medio Oriente.<\/p>\n<p>Quasi il 20% della popolazione parla, inoltre l\u2019azari, una lingua molto vicina al turco che viene parlata, appunto, dalla popolazione azari, ossia Iraniani Turchi che formano la pi\u00f9 consistente minoranza presente nel Paese. Anche gli Afshari, come i Qashqai, parlano il turco, mentre i Curdi hanno un loro dialetto con chiare discendenze dal persiano antico.<\/p>\n<p>Nella zona del Golfo Persico, poi, la lingua pi\u00f9 parlata \u00e8 l\u2019arabo, in quanto numerose trib\u00f9 arabe si sono stanziate non solo lungo le coste del Golfo ma anche nella calda pianura del Khuzestan.<\/p>\n<p>La lingua straniera pi\u00f9 parlata in Iran \u00e8, senza ombra di dubbio, l\u2019inglese, e milioni di Iraniani lo studiano a scuola. Purtroppo, come sovente accade quando una lingua viene studiata sui libri e non trova un riscontro reale, le conoscenze si fermano a determinate frasi standard, il che rende ogni conversazione estremamente povera e ardua da portare avanti. In linea di massima, comunque, tutti coloro che per lavoro si devono relazionare con il turista, come per esempio albergatori o impiegati delle compagnie aeree, parlano l\u2019inglese sufficientemente bene per venire a capo di qualsiasi problema.<\/p>\n<p>Le guide turistiche conoscono perfettamente almeno una lingua straniera, anche se non necessariamente l\u2019inglese.<\/p>\n<p><strong>Fonte:<\/strong> <a href=\"http:\/\/rome.icro.ir\/index.aspx?siteid=209&amp;pageid=7644\" target=\"_blank\">http:\/\/rome.icro.ir\/index.aspx?siteid=209&amp;pageid=7644<\/a> (Tratto dalla guida IRAN Ulyssemoizz \u00a9 Ulysse Network srl &#8211; Milano )<\/p>","protected":false},"excerpt":{"rendered":"<p>La lingua persiana, chiamata farsi, fa parte della famiglia della lingue indoeuropee ed \u00e8 la lingua ufficiale del Paese, parlata da pi\u00f9 della met\u00e0 della popolazione. Viene usata e capita da quasi tutti gli Iraniani, nonch\u00e9 da milioni di abitanti dei Paesi vicini come l\u2019Afghanistan, il Pakistan , l\u2019India e il Turkmenistan . Storicamente la lingua persiana si \u00e8 sviluppata in tre fasi ben distinte: quella antica, quella media e quella moderna. Il persiano antico veniva esclusivamente usato per proclamazioni da parte dei re e ci \u00e8 stato tramandato tramite iscrizioni cuneiformi del periodo del grande Impero Achemenide. Per molti, <a href='https:\/\/sites.unica.it\/cagliaripersia\/la-lingua-persiana\/' class='excerpt-more'>[&#8230;]<\/a><\/p>\n","protected":false},"author":2044,"featured_media":0,"parent":0,"menu_order":0,"comment_status":"closed","ping_status":"closed","template":"","meta":{"footnotes":""},"class_list":["post-1583","page","type-page","status-publish","hentry","post-seq-1","post-parity-odd","meta-position-corners","fix"],"_links":{"self":[{"href":"https:\/\/sites.unica.it\/cagliaripersia\/wp-json\/wp\/v2\/pages\/1583","targetHints":{"allow":["GET"]}}],"collection":[{"href":"https:\/\/sites.unica.it\/cagliaripersia\/wp-json\/wp\/v2\/pages"}],"about":[{"href":"https:\/\/sites.unica.it\/cagliaripersia\/wp-json\/wp\/v2\/types\/page"}],"author":[{"embeddable":true,"href":"https:\/\/sites.unica.it\/cagliaripersia\/wp-json\/wp\/v2\/users\/2044"}],"replies":[{"embeddable":true,"href":"https:\/\/sites.unica.it\/cagliaripersia\/wp-json\/wp\/v2\/comments?post=1583"}],"version-history":[{"count":6,"href":"https:\/\/sites.unica.it\/cagliaripersia\/wp-json\/wp\/v2\/pages\/1583\/revisions"}],"predecessor-version":[{"id":1613,"href":"https:\/\/sites.unica.it\/cagliaripersia\/wp-json\/wp\/v2\/pages\/1583\/revisions\/1613"}],"wp:attachment":[{"href":"https:\/\/sites.unica.it\/cagliaripersia\/wp-json\/wp\/v2\/media?parent=1583"}],"curies":[{"name":"wp","href":"https:\/\/api.w.org\/{rel}","templated":true}]}}