{"id":75,"date":"2016-04-23T13:10:57","date_gmt":"2016-04-23T11:10:57","guid":{"rendered":"http:\/\/sites.unica.it\/aulaconfucio\/?page_id=75"},"modified":"2024-04-12T08:18:50","modified_gmt":"2024-04-12T06:18:50","slug":"barbara-onnis","status":"publish","type":"page","link":"https:\/\/sites.unica.it\/aulaconfucio\/staff\/barbara-onnis\/","title":{"rendered":"Barbara Onnis"},"content":{"rendered":"<p><img loading=\"lazy\" decoding=\"async\" class=\" wp-image-76 alignleft\" src=\"http:\/\/sites.unica.it\/aulaconfucio\/files\/2016\/04\/IMG-20140918-WA0003.jpg\" alt=\"Foto Barbara Onnis\" width=\"158\" height=\"158\" srcset=\"https:\/\/sites.unica.it\/aulaconfucio\/files\/2016\/04\/IMG-20140918-WA0003.jpg 268w, https:\/\/sites.unica.it\/aulaconfucio\/files\/2016\/04\/IMG-20140918-WA0003-150x150.jpg 150w\" sizes=\"auto, (max-width: 158px) 100vw, 158px\" \/>Barbara Onnis \u00e8 professore ordinario di Storia e Istituzioni dell\u2019Asia presso il Dipartimento di Scienze Politiche e Sociali dell\u2019Universit\u00e0 degli Studi di Cagliari, dove insegna International Politics of Asia e Contemporary China. Si occupa principalmente di Cina contemporanea, con particolare riferimento alla politica estera e alle relazioni internazionali.<\/p>\n<p>I suoi interessi di ricerca spaziano dalla strategia usata negli ultimi decenni per tentare di recuperare il terreno perduto nell\u2019ambito delle relazioni internazionali durante il cosiddetto secolo di vergogna e umiliazione; all\u2019elaborazione di un soft power con caratteristiche cinesi e la conseguente nascita di un \u201cmodello Cina\u201d; al dibattito accademico e intellettuale relativo al ruolo che una Cina in crescita dovrebbe giocare all\u2019interno della comunit\u00e0 internazionale, con particolare riferimento alla continua valenza della tradizionale dottrina della non interferenza e all&#8217;opportunit\u00e0 di adottare o meno un nuovo approccio pi\u00f9 pro-attivo.<\/p>\n<p>Tra le sue pubblicazioni principali figurano: <em>Shanghai. Da concessione occidentale a metropoli asiatica del terzo millennio<\/em> (Franco Angeli, Milano 2005); <em>La Cina nelle relazioni internazionali. <\/em><em>Dalle guerre dell\u2019oppio a oggi<\/em> (Carocci, Roma 2011); \u201cThe New \u201cSelective Diplomacy\u201d of the People\u2019s Republic of China: towards a \u201cpartial\u201d interference in global affairs?\u201d, in Dominik Mierzejewski (ed.), <em>The Quandaries<\/em><em>&nbsp;<\/em><em>of China&#8217;s Domestic and Foreign Development<\/em> (\u0141\u00f3d\u017a University Press, 2014); \u201cThe PRC\u2019s ideological challenge to the liberal order\u201d, in M. Dian and A. Fiori (eds.), <em>The Chinese Challenge to the Western Order<\/em> (FBK, Trento, 2014); (con F. Congiu) \u201cThe Chinese Model\u201d in E. Baracani and R. Di Quirico (eds.), <em>Alternatives to Democracy. Non-democratic Regimes and the Limits to Democracy Diffusion<\/em> (European Press Academic Publishing, Firenze 2013); \u201cHas China Plans for World Domination?\u201d in <em>Comparative Civilization Review<\/em> (n. 68, Spring 2013); \u201cLa presenza cinese in Africa. Interessi e sfide crescenti\u201d in A. Ceccagno e S. Graziani (a cura di), <em>La<\/em> <em>Cina<\/em> <em>in<\/em> <em>Africa<\/em>,volume monografico su Mondo Cinese, 2016 (in corso di stampa); \u201cChina in Africa: challenges and opportunities\u201d in S. Beretta, A. Berkofsky, L. Zhang (eds.), <em>Understanding<\/em> <em>China<\/em> <em>Today<\/em>. <em>An<\/em> <em>Exploration<\/em> <em>of<\/em> <em>Politics<\/em>, <em>Society<\/em> <em>and<\/em> <em>International<\/em> <em>Relations, <\/em>Springer, 2016 (in corso di stampa), oltre a numerosi saggi dedicati alla penisola coreana pubblicati nella rivista italiana Asia Maior.<\/p>\n","protected":false},"excerpt":{"rendered":"<p>Barbara Onnis \u00e8 professore ordinario di Storia e Istituzioni dell\u2019Asia presso il Dipartimento di Scienze Politiche e Sociali dell\u2019Universit\u00e0 degli Studi di Cagliari, dove insegna International Politics of Asia e Contemporary China. Si occupa principalmente <a class=\"more-link\" href=\"https:\/\/sites.unica.it\/aulaconfucio\/staff\/barbara-onnis\/\">Continue Reading&#8230;<\/a><\/p>\n","protected":false},"author":2835,"featured_media":0,"parent":40,"menu_order":0,"comment_status":"closed","ping_status":"closed","template":"","meta":{"ngg_post_thumbnail":0,"footnotes":""},"class_list":["post-75","page","type-page","status-publish","hentry"],"_links":{"self":[{"href":"https:\/\/sites.unica.it\/aulaconfucio\/wp-json\/wp\/v2\/pages\/75","targetHints":{"allow":["GET"]}}],"collection":[{"href":"https:\/\/sites.unica.it\/aulaconfucio\/wp-json\/wp\/v2\/pages"}],"about":[{"href":"https:\/\/sites.unica.it\/aulaconfucio\/wp-json\/wp\/v2\/types\/page"}],"author":[{"embeddable":true,"href":"https:\/\/sites.unica.it\/aulaconfucio\/wp-json\/wp\/v2\/users\/2835"}],"replies":[{"embeddable":true,"href":"https:\/\/sites.unica.it\/aulaconfucio\/wp-json\/wp\/v2\/comments?post=75"}],"version-history":[{"count":3,"href":"https:\/\/sites.unica.it\/aulaconfucio\/wp-json\/wp\/v2\/pages\/75\/revisions"}],"predecessor-version":[{"id":5676,"href":"https:\/\/sites.unica.it\/aulaconfucio\/wp-json\/wp\/v2\/pages\/75\/revisions\/5676"}],"up":[{"embeddable":true,"href":"https:\/\/sites.unica.it\/aulaconfucio\/wp-json\/wp\/v2\/pages\/40"}],"wp:attachment":[{"href":"https:\/\/sites.unica.it\/aulaconfucio\/wp-json\/wp\/v2\/media?parent=75"}],"curies":[{"name":"wp","href":"https:\/\/api.w.org\/{rel}","templated":true}]}}