{"id":1777,"date":"2012-04-13T08:31:17","date_gmt":"2012-04-13T08:31:17","guid":{"rendered":"http:\/\/webgis.osservatoriocostesardegna.com\/?page_id=1777"},"modified":"2012-04-13T08:31:17","modified_gmt":"2012-04-13T08:31:17","slug":"prefazione","status":"publish","type":"page","link":"https:\/\/sites.unica.it\/atlantedellespiaggedellagallura\/il-progetto\/prefazione\/","title":{"rendered":"Prefazioni"},"content":{"rendered":"<p><strong>Prefazione del Presidente della Provincia Olbia Tempio <\/strong><br \/>\nFedele Sanciu<\/p>\n<p style=\"text-align: justify\">La Provincia Olbia Tempio ha voluto orientare la sua azione politica e amministrativa anche verso la realizzazione di interventi di studio, monitoraggio e programmazione partecipata, con la consapevolezza che migliorare il rapporto dei cittadini con il territorio contribuisce efficacemente al miglioramento della qualit\u00e0 della vita ed alla coesione sociale.<\/p>\n<p style=\"text-align: justify\">Gli ambiti di programmazione, per quanto vari ed eterogenei, non devono essere concepiti come indipendenti e autonomi tra loro, in quanto tutti ugualmente orientati al medesimo fine di garantire lo sviluppo e la coesione della Comunit\u00e0 provinciale. Perci\u00f2, l\u2019idea di governo del territorio non pu\u00f2, infatti, non comprendere il paesaggio interno in senso lato, ai fini anche di una valorizzazione dei beni culturali e ambientali. Ci\u00f2 vale con particolare riferimento alla programmazione in materia di ambiente, la cui tutela deve essere garantita dai soggetti pubblici e privati mediante un\u2019azione adeguata e improntata ai principi di precauzione, prevenzione, responsabilit\u00e0. In tale prospettiva, l\u2019Atlante delle spiagge della Gallura fornisce un esempio concreto dell\u2019azione che l\u2019Amministrazione provinciale compie sul e per il territorio, con la duplice funzione di monitorare l\u2019evoluzione dell\u2019ambiente naturale costiero e trarne tutti gli elementi utili per una futura programmazione di efficaci azioni di tutela attraverso i singoli Piani comunali di utilizzo dei litorali.<\/p>\n<p style=\"text-align: justify\">L\u2019Atlante si presenta come una rassegna delle principali spiagge collocate tra la foce del fiume Coghinas e Budoni, analizzate nelle loro caratteristiche fondamentali corredata da rappresentazioni cartografiche, immagini digitali, annotazioni e legende e valutazioni sulle tendenze evolutive.<\/p>\n<p style=\"text-align: justify\">Le caratteristiche che fanno della Gallura la meta privilegiata del turismo balneare sono prese in considerazione non pi\u00f9 nel loro aspetto ludico e turistico, ma in una prospettiva scientifica di studio e di neutralizzazione dei pericoli che, se non adeguatamente arginati, condurrebbero all\u2019inevitabile degrado di un patrimonio naturale invidiato ed apprezzato in tutto il mondo. Lo stato dei litorali, che qui vengono analizzati esclusivamente nella loro componente fisica, costituisce un necessario punto di partenza delle politiche provinciali, tanto pi\u00f9 se si considera che a fronte di un sistema economico fondato sulla vocazione turistica del territorio ci\u00f2 che ne costituisce il valore aggiunto, ossia le spiagge, rappresenta nello stesso tempo anche l\u2019elemento pi\u00f9 fragile e a rischio di modificazioni irreversibili ad opera dell\u2019uomo.<\/p>\n<p style=\"text-align: justify\">L\u2019adozione di una visione globale del concetto di sviluppo impone di considerare l\u2019Atlante come un preziosissimo strumento in grado di fornire agli operatori le linee guida fondamentali di una gestione sostenibile del territorio, di corretta valorizzazione della vocazione turistica dell\u2019economia locale, nonch\u00e9 di responsabilizzazione della stessa Comunit\u00e0 provinciale. In questo processo risalta la centralit\u00e0 dell\u2019ente territoriale Provincia, specie nella definizione di una insostituibile politica di gestione del territorio in grado di coniugare gli obiettivi che ispirano il comportamento umano con i vincoli suggeriti dalla natura.<\/p>\n<p>&nbsp;<\/p>\n<p><strong>Prefazione dell&#8217;Assessore all&#8217;Ambiente Provincia Olbia Tempio<\/strong><br \/>\nPietro Vittore Carzedda<\/p>\n<p style=\"text-align: justify\">Una delle principali sfide che le istituzioni si trovano ad affrontare oggi \u00e8 quella di predisporre strumenti che consentano di conciliare lo sviluppo economico con la qualit\u00e0 dell\u2019ambiente. Sempre pi\u00f9 spesso la carenza di informazioni, e la pratica intangibilit\u00e0 nel quotidiano dei fenomeni naturali, funge da stimolo allo sviluppo di interventi volti a monitorare e gestire la dimensione fisica dei sistemi umani di sfruttamento del territorio e le loro conseguenze sull\u2019ambiente.<\/p>\n<p style=\"text-align: justify\">La Provincia \u00e8 l\u2019Ente su cui maggiormente gravano gli oneri di gestione dell\u2019ambiente e del territorio, con funzioni di programmazione, sostegno, autorizzazione e controllo, tutela delle risorse energetiche, difesa delle coste e del suolo, protezione della flora e della fauna e tutela dell\u2019ecosistema dalle pressioni antropiche. Tali competenze assumono un rilievo particolare in un territorio, come quello gallurese, in cui lo sviluppo economico presenta connotati fortemente orientati al settore turistico balneare e alle attivit\u00e0 legate allo sfruttamento per fini ricreativi dei litorali. Infatti, se all\u2019intero territorio provinciale si riconosce una qualit\u00e0 ambientale diffusa da tutelare e valorizzare, nel contesto dei litorali galluresi si identificano ulteriori e specifiche concentrazioni di valori identitari ed ambientali cui attribuire il valore di risorsa strategica da salvaguardare in via prioritaria.<\/p>\n<p style=\"text-align: justify\">La consapevolezza dell\u2019esigenza di approntare politiche di preservazione degli ambiti costieri, quali elementi pregiati dell\u2019ecosistema provinciale e connotato fondamentale dell\u2019offerta turistica locale, \u00e8 alla base del lavoro di ricerca e monitoraggio da cui \u00e8 scaturito l\u2019Atlante delle spiagge della Gallura. Partendo dalla constatazione che il concetto di ambiente, e le tematiche a esso connesse, sono estremamente articolate e suscettibili di differenti interpretazioni, sia percettiva che metodologica e culturale, il paesaggio \u00e8 stato qui inteso come manifestazione spaziale e strutturale del territorio cos\u00ec come viene percepito dall\u2019uomo, attraverso la sua manifestazione geomorfologica e di ecosistema.<\/p>\n<p style=\"text-align: justify\">L\u2019Atlante ha innanzitutto il merito di realizzare una prima integrazione delle informazioni, attraverso il monitoraggio delle reciproche influenze tra il sistema economico locale, la societ\u00e0 e l\u2019ambiente costiero, allo scopo di coadiuvare l\u2019attivit\u00e0 di programmazione da parte delle singole realt\u00e0 comunali e orientare la governance del territorio e delle attivit\u00e0 che su di esso vengono svolte. Infatti, un\u2019adeguata conoscenza delle molteplici fenomenologie che caratterizzano i litorali \u00e8 indispensabile per procedere alla programmazione di interventi strutturali in grado di produrre risultati soddisfacenti nella difesa dagli impatti ambientali sostenibili di mediolungo periodo.<\/p>\n<p style=\"text-align: justify\">La ricerca, prendendo in considerazione dieci spiagge del litorale gallurese e la loro evoluzione storico geografica, ha avuto come obiettivo primario quello di strutturare una banca dati sperimentale per la gestione ambientale integrata della fascia costiera e l\u2019individuazione delle principali minacce alla tutela dello stato dei luoghi. Partendo dall\u2019assunto per cui la morfologia di una spiaggia \u00e8 diretta espressione del proprio stato di conservazione, l\u2019analisi continua della sua evoluzione consente di verificare gli effetti su di essa dell\u2019azione dell\u2019uomo e della natura, e la variabilit\u00e0 intrinseca dell\u2019ecosistema. La definizione degli obiettivi finali della ricerca ha determinato l\u2019impiego di procedure collaudate e ampiamente adottate, suscettibili della massima utilizzazione nei processi decisionali, e di comparazione tra esperienze maturate in contesti geografici anche distanti.<\/p>\n<p style=\"text-align: justify\">La portata complessiva del lavoro in pubblicazione va ben oltre la diretta applicazione da parte delle politiche programmatorie di Provincia e Comuni, comprendendo elementi suscettibili di impiego in molteplici ed ulteriori settori della ricerca scientifica, come ad esempio la particolare attenzione prestata all\u2019analisi della struttura sedimentaria che caratterizza le spiagge galluresi rendendole uniche nel loro genere. Appare evidente che l\u2019Atlante si inserisce appieno nella elaborazione di una strategia per pianificare e gestire il futuro del territorio provinciale, che sia compatibile tanto con le sue caratteristiche strutturali che con le risorse di cui ragionevolmente pu\u00f2 disporre, valorizzando le aspettative della Comunit\u00e0 provinciale in termini di miglioramento della qualit\u00e0 della vita.<\/p>\n","protected":false},"excerpt":{"rendered":"<p>Prefazione del Presidente della Provincia Olbia Tempio Fedele Sanciu La Provincia Olbia Tempio ha voluto orientare la sua azione politica e amministrativa anche verso la realizzazione di interventi di studio, monitoraggio e programmazione partecipata, con la consapevolezza che migliorare il &hellip; <a href=\"https:\/\/sites.unica.it\/atlantedellespiaggedellagallura\/il-progetto\/prefazione\/\">Continua a leggere<span class=\"meta-nav\">&rarr;<\/span><\/a><\/p>\n","protected":false},"author":2003,"featured_media":0,"parent":24,"menu_order":0,"comment_status":"closed","ping_status":"open","template":"","meta":{"ngg_post_thumbnail":0,"footnotes":""},"class_list":["post-1777","page","type-page","status-publish","hentry"],"_links":{"self":[{"href":"https:\/\/sites.unica.it\/atlantedellespiaggedellagallura\/wp-json\/wp\/v2\/pages\/1777","targetHints":{"allow":["GET"]}}],"collection":[{"href":"https:\/\/sites.unica.it\/atlantedellespiaggedellagallura\/wp-json\/wp\/v2\/pages"}],"about":[{"href":"https:\/\/sites.unica.it\/atlantedellespiaggedellagallura\/wp-json\/wp\/v2\/types\/page"}],"author":[{"embeddable":true,"href":"https:\/\/sites.unica.it\/atlantedellespiaggedellagallura\/wp-json\/wp\/v2\/users\/2003"}],"replies":[{"embeddable":true,"href":"https:\/\/sites.unica.it\/atlantedellespiaggedellagallura\/wp-json\/wp\/v2\/comments?post=1777"}],"version-history":[{"count":0,"href":"https:\/\/sites.unica.it\/atlantedellespiaggedellagallura\/wp-json\/wp\/v2\/pages\/1777\/revisions"}],"up":[{"embeddable":true,"href":"https:\/\/sites.unica.it\/atlantedellespiaggedellagallura\/wp-json\/wp\/v2\/pages\/24"}],"wp:attachment":[{"href":"https:\/\/sites.unica.it\/atlantedellespiaggedellagallura\/wp-json\/wp\/v2\/media?parent=1777"}],"curies":[{"name":"wp","href":"https:\/\/api.w.org\/{rel}","templated":true}]}}