{"id":162,"date":"2021-09-18T17:11:30","date_gmt":"2021-09-18T15:11:30","guid":{"rendered":"https:\/\/sites.unica.it\/arabistica\/?page_id=162"},"modified":"2021-09-18T17:11:30","modified_gmt":"2021-09-18T15:11:30","slug":"2016-2","status":"publish","type":"page","link":"https:\/\/sites.unica.it\/arabistica\/2016-2\/","title":{"rendered":"2016"},"content":{"rendered":"<p><a href=\"https:\/\/www.academieoutremer.fr\/laureats-par-annee\/prix-2016\/\"><strong>Prix d\u2019Encouragement \u00e0 la Recherche 2016<\/strong><\/a> conferito dall&#8217;Acad\u00e9mie des Sciences d\u2019Outre-Mer di Parigi ad Angela Daiana Langone per il volume <a href=\"https:\/\/www.degruyter.com\/document\/doi\/10.1515\/9783110436846\/html\"><em>Moli\u00e8re et le th\u00e9\u00e2tre arabe. R\u00e9ception moli\u00e9resque et identit\u00e9s nationales arabes<\/em><\/a> (Berlin, De Gruyter, 2016).<\/p>\n<p><a href=\"https:\/\/www.unica.it\/unica\/it\/news_notizie_s1.page?contentId=NTZ45165&amp;fbclid=IwAR2i0tau-1MQj3RDqp8InG0frFQypYRMLNybMzeqqdCMUA0uGekOPaCIN9c\">Notizia sul sito dell&#8217;Universit\u00e0 di Cagliari<\/a><\/p>\n<p><a href=\"https:\/\/fr.wikipedia.org\/wiki\/Prix_d%E2%80%99Encouragement_%C3%A0_la_recherche\">Il premio su Wikipedia<img loading=\"lazy\" decoding=\"async\" class=\"size-medium wp-image-166 alignright\" src=\"https:\/\/sites.unica.it\/arabistica\/files\/2021\/09\/Accademia-Francia-300x200.jpg\" alt=\"\" width=\"300\" height=\"200\" srcset=\"https:\/\/sites.unica.it\/arabistica\/files\/2021\/09\/Accademia-Francia-300x200.jpg 300w, https:\/\/sites.unica.it\/arabistica\/files\/2021\/09\/Accademia-Francia-451x300.jpg 451w, https:\/\/sites.unica.it\/arabistica\/files\/2021\/09\/Accademia-Francia.jpg 720w\" sizes=\"auto, (max-width: 300px) 100vw, 300px\" \/><\/a><\/p>\n","protected":false},"excerpt":{"rendered":"<p>Prix d\u2019Encouragement \u00e0 la Recherche 2016 conferito dall&#8217;Acad\u00e9mie des Sciences d\u2019Outre-Mer di Parigi ad Angela Daiana Langone per il volume Moli\u00e8re et le th\u00e9\u00e2tre arabe. R\u00e9ception moli\u00e9resque et identit\u00e9s nationales arabes (Berlin, De Gruyter, 2016). Notizia sul sito dell&#8217;Universit\u00e0 di &hellip; <a href=\"https:\/\/sites.unica.it\/arabistica\/2016-2\/\">Continua a leggere<span class=\"meta-nav\">&rarr;<\/span><\/a><\/p>\n","protected":false},"author":4054,"featured_media":0,"parent":0,"menu_order":0,"comment_status":"closed","ping_status":"closed","template":"","meta":{"footnotes":""},"class_list":["post-162","page","type-page","status-publish","hentry"],"_links":{"self":[{"href":"https:\/\/sites.unica.it\/arabistica\/wp-json\/wp\/v2\/pages\/162","targetHints":{"allow":["GET"]}}],"collection":[{"href":"https:\/\/sites.unica.it\/arabistica\/wp-json\/wp\/v2\/pages"}],"about":[{"href":"https:\/\/sites.unica.it\/arabistica\/wp-json\/wp\/v2\/types\/page"}],"author":[{"embeddable":true,"href":"https:\/\/sites.unica.it\/arabistica\/wp-json\/wp\/v2\/users\/4054"}],"replies":[{"embeddable":true,"href":"https:\/\/sites.unica.it\/arabistica\/wp-json\/wp\/v2\/comments?post=162"}],"version-history":[{"count":3,"href":"https:\/\/sites.unica.it\/arabistica\/wp-json\/wp\/v2\/pages\/162\/revisions"}],"predecessor-version":[{"id":168,"href":"https:\/\/sites.unica.it\/arabistica\/wp-json\/wp\/v2\/pages\/162\/revisions\/168"}],"wp:attachment":[{"href":"https:\/\/sites.unica.it\/arabistica\/wp-json\/wp\/v2\/media?parent=162"}],"curies":[{"name":"wp","href":"https:\/\/api.w.org\/{rel}","templated":true}]}}