{"id":42,"date":"2025-05-13T09:45:02","date_gmt":"2025-05-13T07:45:02","guid":{"rendered":"https:\/\/sites.unica.it\/alumni\/?page_id=42"},"modified":"2025-06-30T09:56:26","modified_gmt":"2025-06-30T07:56:26","slug":"news-ed-eventi","status":"publish","type":"page","link":"https:\/\/sites.unica.it\/alumni\/news-ed-eventi\/","title":{"rendered":"Evento inaugurale"},"content":{"rendered":"\n<div class=\"wp-block-columns is-layout-flex wp-container-core-columns-is-layout-28f84493 wp-block-columns-is-layout-flex\">\n<div class=\"wp-block-column is-layout-flow wp-block-column-is-layout-flow\" style=\"flex-basis:66.66%\">\n<p><strong>Una nuova storia comincia insieme.<\/strong><br>Il 27 giugno 2025 l\u2019Universit\u00e0 di Cagliari ha inaugurato ufficialmente il progetto&nbsp;<strong>UniCa Alumni<\/strong>&nbsp;con un evento aperto a tutte le persone che, nel tempo, hanno attraversato l\u2019Ateneo: per studio, per lavoro, per passione.<\/p>\n\n\n\n<p>\u00c8 stata un\u2019occasione per presentare la visione e gli obiettivi dell\u2019iniziativa, ma soprattutto un momento per ritrovarsi, conoscersi, confrontarsi. Il programma ha previsto una&nbsp;<strong>tavola rotonda<\/strong>&nbsp;e una serie di&nbsp;<strong>conversazioni con alumnae e alumni<\/strong>&nbsp;che hanno raccontato <strong>percorsi, idee, esperienze<\/strong>. Ad arricchire l&#8217;evento, la mostra \u201c<strong>UniCa tra passato e futuro<\/strong>\u201d e i percorsi storici e fotografici, allestiti all&#8217;interno degli spazi dedicati ad ogni facolt\u00e0 per condividere storie e volti che hanno lasciato un segno.<\/p>\n\n\n\n<p>Durante la serata \u00e8 stato consegnato, per la prima volta, il\u00a0<strong>Premio Lumina<\/strong>: un riconoscimento simbolico dell\u2019Ateneo a una figura che ha dato prestigio e visibilit\u00e0 all\u2019Universit\u00e0 di Cagliari attraverso il proprio impegno, la propria carriera, il proprio esempio. Per la sua prima edizione, il premio \u00e8 stato conferito al <strong>professor Pasquale Mistretta<\/strong>, rettore dell&#8217;Ateneo dal 1991 al 2009.<\/p>\n\n\n\n<p>La serata \u00e8 stata anche un momento di festa, con musica, interventi artistici e un DJ set per concludere la serata in un clima informale e partecipato.<br>Perch\u00e9 l\u2019universit\u00e0 \u00e8 anche comunit\u00e0. E ogni comunit\u00e0 vive di incontri.<\/p>\n\n\n\n<p><strong>Il video di resoconto dell&#8217;evento \u00e8 disponibile al seguente <a href=\"https:\/\/www.youtube.com\/live\/nI4bp-jwOBs?si=vNchcXIRxGeEe6z5\">link sul canale YouTube dell&#8217;Universit\u00e0 di Cagliari.<\/a><\/strong><\/p>\n\n\n\n<p><strong><a href=\"http:\/\/sites.unica.it\/alumni\/files\/2025\/06\/250616_alumni_programma_A5_web-6.pdf\">PROGRAMMA DELL&#8217;EVENTO<\/a><\/strong><\/p>\n<\/div>\n\n\n\n<div class=\"wp-block-column is-layout-flow wp-block-column-is-layout-flow\" style=\"flex-basis:33.33%\"><\/div>\n<\/div>\n\n\n\n<p><\/p>\n","protected":false},"excerpt":{"rendered":"<p>Una nuova storia comincia insieme.Il 27 giugno 2025 l\u2019Universit\u00e0 di Cagliari ha inaugurato ufficialmente il progetto&nbsp;UniCa Alumni&nbsp;con un evento aperto a tutte le persone che, nel tempo, hanno attraversato l\u2019Ateneo: per studio, per lavoro, per passione. [&hellip;]<\/p>\n","protected":false},"author":9408,"featured_media":43,"parent":0,"menu_order":0,"comment_status":"closed","ping_status":"closed","template":"page-templates\/senza-sidebar.php","meta":{"footnotes":""},"class_list":["post-42","page","type-page","status-publish","has-post-thumbnail","hentry"],"_links":{"self":[{"href":"https:\/\/sites.unica.it\/alumni\/wp-json\/wp\/v2\/pages\/42","targetHints":{"allow":["GET"]}}],"collection":[{"href":"https:\/\/sites.unica.it\/alumni\/wp-json\/wp\/v2\/pages"}],"about":[{"href":"https:\/\/sites.unica.it\/alumni\/wp-json\/wp\/v2\/types\/page"}],"author":[{"embeddable":true,"href":"https:\/\/sites.unica.it\/alumni\/wp-json\/wp\/v2\/users\/9408"}],"replies":[{"embeddable":true,"href":"https:\/\/sites.unica.it\/alumni\/wp-json\/wp\/v2\/comments?post=42"}],"version-history":[{"count":13,"href":"https:\/\/sites.unica.it\/alumni\/wp-json\/wp\/v2\/pages\/42\/revisions"}],"predecessor-version":[{"id":121,"href":"https:\/\/sites.unica.it\/alumni\/wp-json\/wp\/v2\/pages\/42\/revisions\/121"}],"wp:featuredmedia":[{"embeddable":true,"href":"https:\/\/sites.unica.it\/alumni\/wp-json\/wp\/v2\/media\/43"}],"wp:attachment":[{"href":"https:\/\/sites.unica.it\/alumni\/wp-json\/wp\/v2\/media?parent=42"}],"curies":[{"name":"wp","href":"https:\/\/api.w.org\/{rel}","templated":true}]}}